{"id":104883,"date":"2026-03-20T14:56:05","date_gmt":"2026-03-20T14:56:05","guid":{"rendered":"https:\/\/soydeaqui.ddns.net\/pachuca\/index.php\/producto\/camara-ip-15mp-antivandalica-panoramica-220-o-180-h-265-wisestream-ii-ip66-ik10-poe-ir-20m\/"},"modified":"2026-03-20T14:56:13","modified_gmt":"2026-03-20T14:56:13","slug":"camara-ip-15mp-antivandalica-panoramica-220-o-180-h-265-wisestream-ii-ip66-ik10-poe-ir-20m","status":"publish","type":"product","link":"https:\/\/soydeaqui.ddns.net\/pachuca\/index.php\/producto\/camara-ip-15mp-antivandalica-panoramica-220-o-180-h-265-wisestream-ii-ip66-ik10-poe-ir-20m\/","title":{"rendered":"C\u00e1mara IP 15MP Antivand\u00e1lica Panor\u00e1mica 220\u00b0 o 180\u00b0 \/ H.265 &#038; WiseStream II \/ IP66 \/ IK10 \/ PoE+ \/ IR 20m"},"content":{"rendered":"<div style='width: 100%; max-width: 1200px; margin: 0 auto; font-family: sans-serif; line-height: 1.6; color: inherit; background-color: transparent;'> <!-- Logo enlace --> <\/p>\n<p style='text-align: center; margin: 0;'><a href='https:\/\/syscom.mx\/principal\/consultarproductosazul?global_search=htasp&#038;ordenar=Relevancia&#038;pag=1' target='_blank' rel='noopener'> <img style='width: 100%; max-width: 483px; height: auto; border: 1px solid rgba(150&comma;150&comma;150&comma;0.3); border-radius: 8px;' src='https:\/\/ftp3.syscom.mx\/usuarios\/fcarrillo\/Imagenes\/wisenet-P.png' alt='Logo Hanwha Vision'> <\/a><\/p>\n<p> <!-- Descripci\u00f3n principal --> <\/p>\n<div style='margin: 30px 0;'>\n<h4 style='text-align: center; font-size: 18px; margin: 0 0 20px; color: inherit;'> <span style='color: #f37934; font-family: Arial&comma; Helvetica&comma; sans-serif;'>C\u00e1mara multi-sensor con 4 lentes&comma; <strong>\u00e1ngulo de visi\u00f3n de 220\u00b0 o 180\u00b0<\/strong> y <strong>15 megap\u00edxel<\/strong> de resoluci\u00f3n.<\/span> <\/h4>\n<p> <!-- Video demostrativo --> <\/p>\n<h3 style='text-align: center; font-size: 18px; margin: 30px 0 15px; color: inherit;'> <strong>Video demostrativo.<\/strong> <\/h3>\n<div style='position: relative; padding-bottom: 56.25%; height: 0; overflow: hidden; margin: 0 auto 30px; max-width: 800px;'>   <\/div>\n<\/p><\/div>\n<p> <!-- Secci\u00f3n WiseStream --> <\/p>\n<div style='display: flex; flex-wrap: wrap; gap: 30px; margin: 40px 0; align-items: center;'>\n<div style='flex: 1 1 300px; min-width: 280px;'> <img style='width: 100%; height: auto; border: 1px solid rgba(150&comma;150&comma;150&comma;0.3); border-radius: 8px;' src='https:\/\/ftp3.syscom.mx\/usuarios\/imendez\/Hanwha\/Serie%20X\/GIF\/WiseStream.gif' alt='WiseStream II'> <\/div>\n<div style='flex: 1 1 300px; min-width: 280px;'>\n<h2 style='font-size: 20px; margin-top: 0; color: inherit;'>H.265 + WiseStream II<\/h2>\n<p style='color: inherit; font-size: 14px; margin: 0 0 15px; text-align: justify;'> Mediante WiseStream II&comma; la tecnolog\u00eda de compresi\u00f3n de v\u00eddeo de Hanwha Techwin&comma; la serie Wisenet X reduce el almacenamiento de datos hasta un 99% en comparaci\u00f3n con la actual tecnolog\u00eda H.264&comma; cuando se combina con la compresi\u00f3n H.265. Los costes del sistema se reducen enormemente sin comprometer la calidad de las im\u00e1genes. <\/p>\n<\/p><\/div>\n<\/p><\/div>\n<p> <!-- Caracter\u00edsticas t\u00e9cnicas --> <\/p>\n<div style='margin: 40px 0;'>\n<h3 style='text-align: center; font-size: 18px; margin: 0 0 30px; color: inherit;'> <strong>Caracter\u00edsticas t\u00e9cnicas.<\/strong> <\/h3>\n<div style='display: flex; flex-wrap: wrap; gap: 20px; margin-bottom: 30px;'> <!-- Caracter\u00edsticas de video --> <\/p>\n<div style='flex: 1 1 300px; min-width: 280px;'>\n<div style='border: 1px solid rgba(243&comma; 115&comma; 36&comma; 0.5); border-radius: 8px; overflow: hidden;'>\n<div style='padding: 15px; border-bottom: 1px solid rgba(150&comma; 150&comma; 150&comma; 0.2); font-weight: bold; font-size: 16px; background-color: rgba(243&comma; 115&comma; 36&comma; 0.1); color: inherit;'>Video<\/div>\n<div style='padding: 15px; color: inherit;'>\n<ul style='padding-left: 20px; margin: 0; font-size: 14px; list-style-type: disc;'>\n<li style='margin-bottom: 5px;'><strong>Compresi\u00f3n:<\/strong> H.265 &#038; WiseStream \/ H.264 \/ High Profile \/ MJPEG.<\/li>\n<li style='margin-bottom: 5px;'><strong>Resoluci\u00f3n m\u00e1xima:<\/strong> 15MP (6096&#215;2540 @180\u00b0 \/ 7744&#215;1936@220\u00b0) @ 30IPS.<\/li>\n<li style='margin-bottom: 5px;'><strong>IR:<\/strong> 20m<\/li>\n<li style='margin-bottom: 5px;'><strong>Dual Stream \/ Dual Codec Simult\u00e1neos<\/strong> con configuraciones diferentes.<\/li>\n<\/ul>\n<p style='margin: 15px 0 5px 0; font-weight: bold; font-size: 14px; color: inherit;'><strong>Lente<\/strong><\/p>\n<ul style='padding-left: 20px; margin: 0; font-size: 14px; list-style-type: disc;'>\n<li style='margin-bottom: 5px;'>4 lentes de 4.3m&comma; <strong>vista de 220\u00b0 o 180\u00b0<\/strong>.<\/li>\n<li style='margin-bottom: 5px;'><strong>Distancia m\u00ednima para visualizaci\u00f3n de objetos:<\/strong> 3m.<\/li>\n<\/ul>\n<p style='margin: 15px 0 5px 0; font-weight: bold; font-size: 14px; color: inherit;'><strong>Funciones<\/strong><\/p>\n<ul style='padding-left: 20px; margin: 0; font-size: 14px; list-style-type: disc;'>\n<li style='margin-bottom: 5px;'>Compensaci\u00f3n de luz: <strong>WDR 120dB<\/strong>&comma; BLC.<\/li>\n<\/ul><\/div>\n<\/p><\/div>\n<\/p><\/div>\n<p> <!-- Interfaces y caracter\u00edsticas f\u00edsicas --> <\/p>\n<div style='flex: 1 1 300px; min-width: 280px;'>\n<div style='border: 1px solid rgba(243&comma; 115&comma; 36&comma; 0.5); border-radius: 8px; overflow: hidden;'>\n<div style='padding: 15px; border-bottom: 1px solid rgba(150&comma; 150&comma; 150&comma; 0.2); font-weight: bold; font-size: 16px; background-color: rgba(243&comma; 115&comma; 36&comma; 0.1); color: inherit;'>Interfaces<\/div>\n<div style='padding: 15px; color: inherit;'>\n<ul style='padding-left: 20px; margin: 0; font-size: 14px; list-style-type: disc;'>\n<li style='margin-bottom: 5px;'>1 Puerto Ethernet RJ45 10\/100 Base-T.<\/li>\n<li style='margin-bottom: 5px;'>1 Entrada \/ Salida Audio.<\/li>\n<li style='margin-bottom: 5px;'>1 Entrada \/ Salida Alarma.<\/li>\n<li style='margin-bottom: 5px;'><strong>2 ranuras para tarjeta SD<\/strong> de 256GB cada una (<strong>512GB en total<\/strong>).<\/li>\n<\/ul><\/div>\n<\/p><\/div>\n<div style='margin-top: 20px; border: 1px solid rgba(243&comma; 115&comma; 36&comma; 0.5); border-radius: 8px; overflow: hidden;'>\n<div style='padding: 15px; border-bottom: 1px solid rgba(150&comma; 150&comma; 150&comma; 0.2); font-weight: bold; font-size: 16px; background-color: rgba(243&comma; 115&comma; 36&comma; 0.1); color: inherit;'>Caracter\u00edsticas F\u00edsicas y El\u00e9ctricas<\/div>\n<div style='padding: 15px; color: inherit;'>\n<ul style='padding-left: 20px; margin: 0; font-size: 14px; list-style-type: disc;'>\n<li style='margin-bottom: 5px;'>Certificaciones: CE&comma; FCC.<\/li>\n<li style='margin-bottom: 5px;'>Temperatura de Operaci\u00f3n: -40 a 55\u00b0C.<\/li>\n<li style='margin-bottom: 5px;'>Alimentaci\u00f3n: 12Vcc\/PoE 802.03at.<\/li>\n<li style='margin-bottom: 5px;'>Consumo: M\u00e1x. 25.5 W.<\/li>\n<li style='margin-bottom: 5px;'>Dimensiones: \u00d8253 x H165mm.<\/li>\n<li style='margin-bottom: 5px;'>Peso: 3.2 kg.<\/li>\n<\/ul><\/div>\n<\/p><\/div>\n<\/p><\/div>\n<p> <!-- Anal\u00edticos --> <\/p>\n<div style='flex: 1 1 300px; min-width: 280px;'>\n<div style='border: 1px solid rgba(243&comma; 115&comma; 36&comma; 0.5); border-radius: 8px; overflow: hidden;'>\n<div style='padding: 15px; border-bottom: 1px solid rgba(150&comma; 150&comma; 150&comma; 0.2); font-weight: bold; font-size: 16px; background-color: rgba(243&comma; 115&comma; 36&comma; 0.1); color: inherit;'>Video Anal\u00edticos Avanzados<\/div>\n<div style='padding: 15px; color: inherit;'>\n<ul style='padding-left: 20px; margin: 0; font-size: 14px; list-style-type: disc;'>\n<li style='margin-bottom: 5px;'>Manipulaci\u00f3n.<\/li>\n<li style='margin-bottom: 5px;'>Merodeo.<\/li>\n<li style='margin-bottom: 5px;'>Detecci\u00f3n de direcci\u00f3n.<\/li>\n<li style='margin-bottom: 5px;'><strong>Cruce de l\u00ednea.<\/strong><\/li>\n<li style='margin-bottom: 5px;'>Entrada \/ Salida.<\/li>\n<li style='margin-bottom: 5px;'>Aparici\u00f3n \/ Desaparici\u00f3n.<\/li>\n<li style='margin-bottom: 5px;'>Detecci\u00f3n de Audio.<\/li>\n<li style='margin-bottom: 5px;'>Detecci\u00f3n de Movimiento.<\/li>\n<li style='margin-bottom: 5px;'><strong>Clasificaci\u00f3n de Sonido.<\/strong><\/li>\n<li style='margin-bottom: 5px;'>Detecci\u00f3n de Audio.<\/li>\n<li style='margin-bottom: 5px;'><strong>Mapa de Calor.<\/strong><\/li>\n<\/ul><\/div>\n<\/p><\/div>\n<\/p><\/div>\n<\/p><\/div>\n<\/p><\/div>\n<p> <!-- Secci\u00f3n de iconos --> <\/p>\n<div style='display: flex; flex-wrap: wrap; gap: 20px; margin: 40px 0; justify-content: center;'>\n<div style='flex: 1 1 200px; min-width: 180px; border: 1px solid rgba(243&comma; 115&comma; 36&comma; 0.5); border-radius: 8px; padding: 15px; text-align: center; background-color: rgba(243&comma; 115&comma; 36&comma; 0.05); color: inherit;'> <strong>H.265 &#038; WiseStream II:<\/strong> <\/div>\n<div style='flex: 1 1 200px; min-width: 180px; border: 1px solid rgba(243&comma; 115&comma; 36&comma; 0.5); border-radius: 8px; padding: 15px; text-align: center; background-color: rgba(243&comma; 115&comma; 36&comma; 0.05); color: inherit;'> <strong>Anal\u00edticos de Audio:<\/strong> <\/div>\n<div style='flex: 1 1 200px; min-width: 180px; border: 1px solid rgba(243&comma; 115&comma; 36&comma; 0.5); border-radius: 8px; padding: 15px; text-align: center; background-color: rgba(243&comma; 115&comma; 36&comma; 0.05); color: inherit;'> <strong>Mapa de calor:<\/strong> <\/div>\n<\/p><\/div>\n<p> <!-- Videos adicionales --> <\/p>\n<div style='display: flex; flex-wrap: wrap; gap: 30px; margin: 40px 0; justify-content: center;'>\n<div style='flex: 1 1 300px; min-width: 280px;'>\n<div style='position: relative; padding-bottom: 56.25%; height: 0; overflow: hidden;'>   <\/div>\n<\/p><\/div>\n<div style='flex: 1 1 300px; min-width: 280px;'>\n<div style='position: relative; padding-bottom: 56.25%; height: 0; overflow: hidden;'>   <\/div>\n<\/p><\/div>\n<div style='flex: 1 1 300px; min-width: 280px;'>\n<div style='position: relative; padding-bottom: 56.25%; height: 0; overflow: hidden;'>   <\/div>\n<\/p><\/div>\n<\/p><\/div>\n<p> <!-- Enlace a soporte --> <\/p>\n<p style='text-align: center; margin: 40px 0 0 0;'> <a href='http:\/\/soporte.syscom.mx\/videovigilancia\/hanwha-lista-de-tips-tecnicos' target='_blank' rel='noopener'> <img style='width: 100%; max-width: 432px; height: auto; border: 1px solid rgba(150&comma;150&comma;150&comma;0.3); border-radius: 8px;' src='https:\/\/ftp3.syscom.mx\/usuarios\/gmagos\/Hanwha\/fotos\/basede1.png' alt='Base de conocimientos Hanwha'> <\/a> <\/p>\n<\/p><\/div>\n","protected":false},"excerpt":{"rendered":"<p>C\u00e1mara IP 15MP Antivand\u00e1lica Panor\u00e1mica 220\u00b0 o 180\u00b0 \/ H.265 &#038; WiseStream II \/ IP66 \/ IK10 \/ PoE+ \/ IR 20m<\/p>\n","protected":false},"featured_media":104882,"comment_status":"open","ping_status":"closed","template":"","meta":[],"product_brand":[],"product_cat":[2248],"product_tag":[122,2249,1055],"class_list":{"0":"post-104883","1":"product","2":"type-product","3":"status-publish","4":"has-post-thumbnail","6":"product_cat-fisheye-y-hemisfericas","7":"product_tag-camaras-ip-y-nvrs","8":"product_tag-fisheye-y-hemisfericas","9":"product_tag-hanwha-vision","11":"first","12":"outofstock","13":"sale","14":"shipping-taxable","15":"purchasable","16":"product-type-simple"},"_links":{"self":[{"href":"https:\/\/soydeaqui.ddns.net\/pachuca\/index.php\/wp-json\/wp\/v2\/product\/104883","targetHints":{"allow":["GET"]}}],"collection":[{"href":"https:\/\/soydeaqui.ddns.net\/pachuca\/index.php\/wp-json\/wp\/v2\/product"}],"about":[{"href":"https:\/\/soydeaqui.ddns.net\/pachuca\/index.php\/wp-json\/wp\/v2\/types\/product"}],"replies":[{"embeddable":true,"href":"https:\/\/soydeaqui.ddns.net\/pachuca\/index.php\/wp-json\/wp\/v2\/comments?post=104883"}],"wp:featuredmedia":[{"embeddable":true,"href":"https:\/\/soydeaqui.ddns.net\/pachuca\/index.php\/wp-json\/wp\/v2\/media\/104882"}],"wp:attachment":[{"href":"https:\/\/soydeaqui.ddns.net\/pachuca\/index.php\/wp-json\/wp\/v2\/media?parent=104883"}],"wp:term":[{"taxonomy":"product_brand","embeddable":true,"href":"https:\/\/soydeaqui.ddns.net\/pachuca\/index.php\/wp-json\/wp\/v2\/product_brand?post=104883"},{"taxonomy":"product_cat","embeddable":true,"href":"https:\/\/soydeaqui.ddns.net\/pachuca\/index.php\/wp-json\/wp\/v2\/product_cat?post=104883"},{"taxonomy":"product_tag","embeddable":true,"href":"https:\/\/soydeaqui.ddns.net\/pachuca\/index.php\/wp-json\/wp\/v2\/product_tag?post=104883"}],"curies":[{"name":"wp","href":"https:\/\/api.w.org\/{rel}","templated":true}]}}