{"id":104691,"date":"2026-03-20T14:46:02","date_gmt":"2026-03-20T14:46:02","guid":{"rendered":"https:\/\/soydeaqui.ddns.net\/pachuca\/index.php\/producto\/juego-de-repuesto-de-cables-para-multimetro-y-amperimetro\/"},"modified":"2026-03-20T14:46:02","modified_gmt":"2026-03-20T14:46:02","slug":"juego-de-repuesto-de-cables-para-multimetro-y-amperimetro","status":"publish","type":"product","link":"https:\/\/soydeaqui.ddns.net\/pachuca\/index.php\/producto\/juego-de-repuesto-de-cables-para-multimetro-y-amperimetro\/","title":{"rendered":"Juego de Repuesto de Cables para Mult\u00edmetro y Amper\u00edmetro."},"content":{"rendered":"<div style='width: 100%; max-width: 1200px; margin: 0 auto; font-family: sans-serif; line-height: 1.6; color: inherit; background-color: transparent;'>\n<div style='display: flex; flex-wrap: wrap; gap: 30px; margin-bottom: 30px;'>\n<div style='flex: 1 1 300px; min-width: 280px;'>\n<h3 style='font-size: 22px; border-bottom: 2px solid currentColor; padding-bottom: 5px; margin-top: 0; color: inherit; opacity: 0.8;'>Caracter\u00edsticas<\/h3>\n<ul style='padding-left: 20px; font-size: 15px; color: inherit;'>\n<li style='margin-bottom: 5px; font-size: 14px;'>Conectores de entrada est\u00e1ndar tipo banana compatibles con la mayor\u00eda de los mult\u00edmetros y de los mult\u00edmetros de gancho<\/li>\n<li style='margin-bottom: 5px; font-size: 14px;'>Pinzas tipo cocodrilo extra\u00edbles que se enganchan a los cables y a otros conductores<\/li>\n<li style='margin-bottom: 5px; font-size: 14px;'>Incluye un par de cables de prueba universales y un conjunto de pinzas tipo cocodrilo. Los cables miden 41&#8221; (1041 mm) de largo<\/li>\n<li style='margin-bottom: 5px; font-size: 14px;'>Clasificaci\u00f3n de seguridad: Categor\u00eda III 1000 V y categor\u00eda IV 600 V<\/li>\n<li style='margin-bottom: 5px; font-size: 14px;'>Cables compatibles que se adaptan al compartimiento de almacenamiento de la mayor\u00eda de los productos Klein de prueba y medici\u00f3n<\/li>\n<\/ul><\/div>\n<\/p><\/div>\n<div style='position: relative; padding-bottom: 56.25%; height: 0; overflow: hidden; margin-bottom: 30px;'>   <\/div>\n<\/p><\/div>\n","protected":false},"excerpt":{"rendered":"<p>Juego de Repuesto de Cables para Mult\u00edmetro y Amper\u00edmetro.<\/p>\n","protected":false},"featured_media":104690,"comment_status":"open","ping_status":"closed","template":"","meta":[],"product_brand":[],"product_cat":[1149,1148],"product_tag":[1151,1150,1058,432],"class_list":{"0":"post-104691","1":"product","2":"type-product","3":"status-publish","4":"has-post-thumbnail","6":"product_cat-cintas-y-consumibles","7":"product_cat-corbatas","8":"product_tag-cintas-y-consumibles","9":"product_tag-corbatas","10":"product_tag-ferreteria","11":"product_tag-klein-tools","13":"first","14":"instock","15":"sale","16":"shipping-taxable","17":"purchasable","18":"product-type-simple"},"_links":{"self":[{"href":"https:\/\/soydeaqui.ddns.net\/pachuca\/index.php\/wp-json\/wp\/v2\/product\/104691","targetHints":{"allow":["GET"]}}],"collection":[{"href":"https:\/\/soydeaqui.ddns.net\/pachuca\/index.php\/wp-json\/wp\/v2\/product"}],"about":[{"href":"https:\/\/soydeaqui.ddns.net\/pachuca\/index.php\/wp-json\/wp\/v2\/types\/product"}],"replies":[{"embeddable":true,"href":"https:\/\/soydeaqui.ddns.net\/pachuca\/index.php\/wp-json\/wp\/v2\/comments?post=104691"}],"wp:featuredmedia":[{"embeddable":true,"href":"https:\/\/soydeaqui.ddns.net\/pachuca\/index.php\/wp-json\/wp\/v2\/media\/104690"}],"wp:attachment":[{"href":"https:\/\/soydeaqui.ddns.net\/pachuca\/index.php\/wp-json\/wp\/v2\/media?parent=104691"}],"wp:term":[{"taxonomy":"product_brand","embeddable":true,"href":"https:\/\/soydeaqui.ddns.net\/pachuca\/index.php\/wp-json\/wp\/v2\/product_brand?post=104691"},{"taxonomy":"product_cat","embeddable":true,"href":"https:\/\/soydeaqui.ddns.net\/pachuca\/index.php\/wp-json\/wp\/v2\/product_cat?post=104691"},{"taxonomy":"product_tag","embeddable":true,"href":"https:\/\/soydeaqui.ddns.net\/pachuca\/index.php\/wp-json\/wp\/v2\/product_tag?post=104691"}],"curies":[{"name":"wp","href":"https:\/\/api.w.org\/{rel}","templated":true}]}}