{"id":104467,"date":"2026-03-20T14:34:15","date_gmt":"2026-03-20T14:34:15","guid":{"rendered":"https:\/\/soydeaqui.ddns.net\/pachuca\/index.php\/producto\/kit-inalambrico-de-carpinteria-sierra-circular-router-inalambrico-lijadora-orbital\/"},"modified":"2026-03-20T14:34:37","modified_gmt":"2026-03-20T14:34:37","slug":"kit-inalambrico-de-carpinteria-sierra-circular-router-inalambrico-lijadora-orbital","status":"publish","type":"product","link":"https:\/\/soydeaqui.ddns.net\/pachuca\/index.php\/producto\/kit-inalambrico-de-carpinteria-sierra-circular-router-inalambrico-lijadora-orbital\/","title":{"rendered":"Kit Inal\u00e1mbrico De Carpinter\u00eda, Sierra Circular + Router Inal\u00e1mbrico + Lijadora Orbital"},"content":{"rendered":"<div style='width: 100%; max-width: 1200px; margin: 0 auto; font-family: sans-serif; line-height: 1.6; color: inherit; background-color: transparent;'>\n<div style='display: flex; flex-wrap: wrap; gap: 30px; margin-bottom: 30px;'>\n<div style='flex: 1 1 300px; min-width: 280px;'>\n<h3 style='font-size: 22px; border-bottom: 2px solid currentColor; padding-bottom: 5px; margin-top: 0; color: inherit; opacity: 0.8;'>Sobre MAKITA<\/h3>\n<p style='font-size: 15px; color: inherit;'> Con presencia internacional en m\u00e1s de 50 pa\u00edses&comma; Makita es l\u00edder en innovaci\u00f3n al producir herramientas de alto rendimiento&comma; durabilidad y amigables para cada uno de sus usuarios y para el medioambiente. La calidad de los productos Makita est\u00e1 dirigida por una fuerte capacidad de investigaci\u00f3n y desarrollo que se ha ganado la confianza del usuario profesional a nivel mundial. <\/p>\n<\/p><\/div>\n<\/p><\/div>\n<div style='display: flex; flex-wrap: wrap; gap: 30px; margin-bottom: 30px;'>\n<div style='flex: 1 1 300px; min-width: 280px;'>\n<h3 style='font-size: 22px; border-bottom: 2px solid currentColor; padding-bottom: 5px; margin-top: 0; color: inherit; opacity: 0.8;'>Sierra circular DSS611Z<\/h3>\n<ul style='padding-left: 20px; font-size: 15px; color: inherit;'>\n<li style='margin-bottom: 5px;'>Corte limpio y poderoso&comma; gracias a sus 3.700 r.p.m.<\/li>\n<li style='margin-bottom: 5px;'>Visibilidad en la l\u00ednea de corte&comma; gracias al chorro de aire dirigido y la toma de aspiraci\u00f3n.<\/li>\n<li style='margin-bottom: 5px;'>Empu\u00f1adura antideslizante&comma; mayor control sobre la herramienta.<\/li>\n<li style='margin-bottom: 5px;'>Luz incorporada&comma; sin necesidad de encender la m\u00e1quina&comma; se apaga 10 \u00f3 12 segundos despu\u00e9s de soltar el interruptor.<\/li>\n<\/ul><\/div>\n<\/p><\/div>\n<div style='display: flex; flex-wrap: wrap; gap: 20px; margin-bottom: 30px;'>\n<div style='flex: 1 1 250px; border: 1px solid rgba(150&comma; 150&comma; 150&comma; 0.4); border-radius: 8px; overflow: hidden; display: flex; flex-direction: column;'>\n<div style='padding: 15px; border-bottom: 1px solid rgba(150&comma; 150&comma; 150&comma; 0.2); font-weight: bold; font-size: 18px; color: inherit;'>Informaci\u00f3n t\u00e9cnica &#8211; Sierra circular<\/div>\n<div style='padding: 15px; color: inherit;'>\n<ul style='padding-left: 20px; margin: 0; font-size: 14px; list-style-type: disc;'>\n<li style='margin-bottom: 5px;'><strong>Peso seg\u00fan EPTA:<\/strong> 3&comma;5 Kg<\/li>\n<li style='margin-bottom: 5px;'><strong>Dimensiones (LxAnxAl):<\/strong> 347 x 202 x 228 mm<\/li>\n<li style='margin-bottom: 5px;'><strong>Tensi\u00f3n de la bater\u00eda:<\/strong> 18V<\/li>\n<li style='margin-bottom: 5px;'><strong>Tipo de bater\u00eda:<\/strong> LXT<\/li>\n<li style='margin-bottom: 5px;'><strong>Amperaje de la bater\u00eda:<\/strong> 5&comma;0 Ah<\/li>\n<li style='margin-bottom: 5px;'><strong>R.p.m:<\/strong> 3.700 Rpm<\/li>\n<li style='margin-bottom: 5px;'><strong>Emisi\u00f3n de vibraci\u00f3n:<\/strong> 2&comma;50 m\/seg\u00b2<\/li>\n<li style='margin-bottom: 5px;'><strong>Incertidumbre (K) de vibraci\u00f3n:<\/strong> 1&comma;50 m\/seg\u00b2<\/li>\n<li style='margin-bottom: 5px;'><strong>Presi\u00f3n sonora:<\/strong> 78&comma;00 dB(A)<\/li>\n<li style='margin-bottom: 5px;'><strong>Potencia sonora:<\/strong> 101&comma;00 dB(A)<\/li>\n<li style='margin-bottom: 5px;'><strong>Incertidumbre (K) sonora:<\/strong> 3&comma;00 dB(A)<\/li>\n<li style='margin-bottom: 5px;'><strong>Di\u00e1metro exterior del disco:<\/strong> 165 mm<\/li>\n<li style='margin-bottom: 5px;'><strong>Di\u00e1metro interior de disco:<\/strong> 20&comma;0 mm<\/li>\n<li style='margin-bottom: 5px;'><strong>Capacidad m\u00e1x. 90 (rect\u00e1ngulo):<\/strong> 57 mm<\/li>\n<li style='margin-bottom: 5px;'><strong>Capacidad de corte 45:<\/strong> 40 mm<\/li>\n<li style='margin-bottom: 5px;'><strong>Capacidad m\u00e1x. 50:<\/strong> 36 mm<\/li>\n<\/ul><\/div>\n<\/p><\/div>\n<div style='flex: 1 1 250px; border: 1px solid rgba(150&comma; 150&comma; 150&comma; 0.4); border-radius: 8px; overflow: hidden; display: flex; flex-direction: column;'>\n<div style='padding: 15px; border-bottom: 1px solid rgba(150&comma; 150&comma; 150&comma; 0.2); font-weight: bold; font-size: 18px; color: inherit;'>Fresadora multifuncional<\/div>\n<div style='padding: 15px; color: inherit;'>\n<ul style='padding-left: 20px; margin: 0; font-size: 14px; list-style-type: disc;'>\n<li style='margin-bottom: 5px;'>Regula tus tiempos: Con sus diferentes velocidades&comma; ser\u00e1s capaz de regular los niveles para lograr la precisi\u00f3n y la potencia necesaria para cada trabajo.<\/li>\n<li style='margin-bottom: 5px;'>Precisi\u00f3n en cada corte: Como cuenta con un sistema de velocidad constante&comma; tu fresadora Makita regular\u00e1 la velocidad de manera electr\u00f3nica bajo carga. Esta funci\u00f3n te ayudar\u00e1 a usar la herramienta&comma; bajo un mejor control.<\/li>\n<li style='margin-bottom: 5px;'>Libre de cables para su f\u00e1cil manejo: Al no contar con cables&comma; podr\u00e1s trasladar y manipular con mayor facilidad el aparato&comma; adem\u00e1s de brindarte un control preciso para bordes y detalles limpios.<\/li>\n<\/ul><\/div>\n<\/p><\/div>\n<div style='flex: 1 1 250px; border: 1px solid rgba(150&comma; 150&comma; 150&comma; 0.4); border-radius: 8px; overflow: hidden; display: flex; flex-direction: column;'>\n<div style='padding: 15px; border-bottom: 1px solid rgba(150&comma; 150&comma; 150&comma; 0.2); font-weight: bold; font-size: 18px; color: inherit;'>Informaci\u00f3n t\u00e9cnica &#8211; FRESADORA MULTIFUNCIONAL<\/div>\n<div style='padding: 15px; color: inherit;'>\n<ul style='padding-left: 20px; margin: 0; font-size: 14px; list-style-type: disc;'>\n<li style='margin-bottom: 5px;'><strong>Tensi\u00f3n de la bater\u00eda:<\/strong> 18V<\/li>\n<li style='margin-bottom: 5px;'><strong>Tipo de bater\u00eda:<\/strong> LXT<\/li>\n<li style='margin-bottom: 5px;'><strong>R.p.m:<\/strong> 10.000 &#8211; 30.000 Rpm<\/li>\n<li style='margin-bottom: 5px;'><strong>Di\u00e1metro de pinza:<\/strong> 6&comma; 8 mm<\/li>\n<li style='margin-bottom: 5px;'><strong>Profundidad m\u00e1x. de corte:<\/strong> 0 &#8211; 35 mm<\/li>\n<li style='margin-bottom: 5px;'><strong>Peso seg\u00fan EPTA:<\/strong> 2&comma;1 Kg<\/li>\n<li style='margin-bottom: 5px;'><strong>Dimensiones (LxAnxAl):<\/strong> 134 x 89 x 226 mm<\/li>\n<li style='margin-bottom: 5px;'><strong>Conectable a un aspirador:<\/strong> S\u00ed<\/li>\n<li style='margin-bottom: 5px;'><strong>Emisi\u00f3n de vibraci\u00f3n:<\/strong> 2&comma;5 m\/seg\u00b2<\/li>\n<\/ul><\/div>\n<\/p><\/div>\n<\/p><\/div>\n<hr style='border: 0; border-top: 1px solid rgba(150&comma; 150&comma; 150&comma; 0.3); margin: 30px 0;'> <\/div>\n","protected":false},"excerpt":{"rendered":"<p>Kit Inal\u00e1mbrico De Carpinter\u00eda, Sierra Circular + Router Inal\u00e1mbrico + Lijadora Orbital<\/p>\n","protected":false},"featured_media":104466,"comment_status":"open","ping_status":"closed","template":"","meta":[],"product_brand":[],"product_cat":[1227],"product_tag":[1058,1228,252],"class_list":{"0":"post-104467","1":"product","2":"type-product","3":"status-publish","4":"has-post-thumbnail","6":"product_cat-herramienta-electrica-a-bateria","7":"product_tag-ferreteria","8":"product_tag-herramienta-electrica-a-bateria","9":"product_tag-makita","11":"first","12":"outofstock","13":"sale","14":"shipping-taxable","15":"purchasable","16":"product-type-simple"},"_links":{"self":[{"href":"https:\/\/soydeaqui.ddns.net\/pachuca\/index.php\/wp-json\/wp\/v2\/product\/104467","targetHints":{"allow":["GET"]}}],"collection":[{"href":"https:\/\/soydeaqui.ddns.net\/pachuca\/index.php\/wp-json\/wp\/v2\/product"}],"about":[{"href":"https:\/\/soydeaqui.ddns.net\/pachuca\/index.php\/wp-json\/wp\/v2\/types\/product"}],"replies":[{"embeddable":true,"href":"https:\/\/soydeaqui.ddns.net\/pachuca\/index.php\/wp-json\/wp\/v2\/comments?post=104467"}],"wp:featuredmedia":[{"embeddable":true,"href":"https:\/\/soydeaqui.ddns.net\/pachuca\/index.php\/wp-json\/wp\/v2\/media\/104466"}],"wp:attachment":[{"href":"https:\/\/soydeaqui.ddns.net\/pachuca\/index.php\/wp-json\/wp\/v2\/media?parent=104467"}],"wp:term":[{"taxonomy":"product_brand","embeddable":true,"href":"https:\/\/soydeaqui.ddns.net\/pachuca\/index.php\/wp-json\/wp\/v2\/product_brand?post=104467"},{"taxonomy":"product_cat","embeddable":true,"href":"https:\/\/soydeaqui.ddns.net\/pachuca\/index.php\/wp-json\/wp\/v2\/product_cat?post=104467"},{"taxonomy":"product_tag","embeddable":true,"href":"https:\/\/soydeaqui.ddns.net\/pachuca\/index.php\/wp-json\/wp\/v2\/product_tag?post=104467"}],"curies":[{"name":"wp","href":"https:\/\/api.w.org\/{rel}","templated":true}]}}