{"id":104257,"date":"2026-03-20T14:24:02","date_gmt":"2026-03-20T14:24:02","guid":{"rendered":"https:\/\/soydeaqui.ddns.net\/pachuca\/index.php\/producto\/hub-usb-c-docking-revodok-pro-12-en-1-2-usb-a-3-0-1-usb-c-pd-carga-100w-1-usb-a-3-1-1-usb-c-3-1-hdmi-4k-hdmi-8k-ultra-hd-display-port-4k-rj45-gigabit-lector-tarjeta-sd-micro-sd\/"},"modified":"2026-03-20T14:24:15","modified_gmt":"2026-03-20T14:24:15","slug":"hub-usb-c-docking-revodok-pro-12-en-1-2-usb-a-3-0-1-usb-c-pd-carga-100w-1-usb-a-3-1-1-usb-c-3-1-hdmi-4k-hdmi-8k-ultra-hd-display-port-4k-rj45-gigabit-lector-tarjeta-sd-micro-sd","status":"publish","type":"product","link":"https:\/\/soydeaqui.ddns.net\/pachuca\/index.php\/producto\/hub-usb-c-docking-revodok-pro-12-en-1-2-usb-a-3-0-1-usb-c-pd-carga-100w-1-usb-a-3-1-1-usb-c-3-1-hdmi-4k-hdmi-8k-ultra-hd-display-port-4k-rj45-gigabit-lector-tarjeta-sd-micro-sd\/","title":{"rendered":"HUB USB-C (Docking Revodok Pro) 12 en 1 | 2 USB-A 3.0 | 1 USB-C PD Carga 100W | 1 USB-A 3.1 | 1 USB-C 3.1 | HDMI 4K | HDMI 8K Ultra HD | Display Port 4K | RJ45 (Gigabit) | Lector Tarjeta SD + Micro SD (TF) | Jack Audio 3.5mm."},"content":{"rendered":"<div style='width: 100%; max-width: 1200px; margin: 0 auto; font-family: sans-serif; line-height: 1.6; color: inherit; background-color: transparent;'> <!-- Im\u00e1genes --> <\/p>\n<div style='display: flex; flex-wrap: wrap; gap: 15px; margin-bottom: 30px;'>\n<div style='flex: 1 1 300px; min-width: 280px;'> <img style='width: 100%; height: auto; border: 1px solid rgba(150&comma;150&comma;150&comma;0.3); border-radius: 8px;' src='http:\/\/ftp3.syscom.mx\/usuarios\/hallende\/UGREEN2\/HUB-DOCKING\/90325\/90325-20.jpg' alt=''> <\/div>\n<div style='flex: 1 1 300px; min-width: 280px;'> <img style='width: 100%; height: auto; border: 1px solid rgba(150&comma;150&comma;150&comma;0.3); border-radius: 8px;' src='http:\/\/ftp3.syscom.mx\/usuarios\/hallende\/UGREEN2\/HUB-DOCKING\/90325\/90325-21.jpg' alt=''> <\/div>\n<div style='flex: 1 1 300px; min-width: 280px;'> <img style='width: 100%; height: auto; border: 1px solid rgba(150&comma;150&comma;150&comma;0.3); border-radius: 8px;' src='http:\/\/ftp3.syscom.mx\/usuarios\/hallende\/UGREEN2\/HUB-DOCKING\/90325\/90325-22.jpg' alt=''> <\/div>\n<div style='flex: 1 1 300px; min-width: 280px;'> <img style='width: 100%; height: auto; border: 1px solid rgba(150&comma;150&comma;150&comma;0.3); border-radius: 8px;' src='http:\/\/ftp3.syscom.mx\/usuarios\/hallende\/UGREEN2\/HUB-DOCKING\/90325\/90325-23.jpg' alt=''> <\/div>\n<div style='flex: 1 1 300px; min-width: 280px;'> <img style='width: 100%; height: auto; border: 1px solid rgba(150&comma;150&comma;150&comma;0.3); border-radius: 8px;' src='http:\/\/ftp3.syscom.mx\/usuarios\/hallende\/UGREEN2\/HUB-DOCKING\/90325\/90325-24.jpg' alt=''> <\/div>\n<div style='flex: 1 1 300px; min-width: 280px;'> <img style='width: 100%; height: auto; border: 1px solid rgba(150&comma;150&comma;150&comma;0.3); border-radius: 8px;' src='http:\/\/ftp3.syscom.mx\/usuarios\/hallende\/UGREEN2\/HUB-DOCKING\/90325\/90325-25.jpg' alt=''> <\/div>\n<div style='flex: 1 1 300px; min-width: 280px;'> <img style='width: 100%; height: auto; border: 1px solid rgba(150&comma;150&comma;150&comma;0.3); border-radius: 8px;' src='http:\/\/ftp3.syscom.mx\/usuarios\/hallende\/UGREEN2\/HUB-DOCKING\/90325\/90325-26.jpg' alt=''> <\/div>\n<\/p><\/div>\n<p> <!-- Notas --> <\/p>\n<div style='margin-bottom: 30px;'>\n<h1 style='font-size: 24px; border-bottom: 2px solid currentColor; padding-bottom: 8px; margin-top: 0; color: inherit; opacity: 0.8;'>Notas<\/h1>\n<ul style='padding-left: 20px; font-size: 15px; color: inherit; list-style-type: disc;'>\n<li style='margin-bottom: 10px;'><strong>El equipo contiene un cable USB-C a USB-C 3.1&comma; para evitar que no se pueda usar alguna funci\u00f3n o alcanzar la velocidad&comma; se recomienda utilizar el cable original contenido en el producto.<\/strong><\/li>\n<li style='margin-bottom: 10px;'><strong>Los accesorios del producto incluyen un CD de instalaci\u00f3n el cual contiene los controladores para instalar DisplayLink y controladores de tarjetas de red. Tambi\u00e9n pueden descargarlo a trav\u00e9s del sitio web <a href='https:\/\/www.synaptics.com\/products\/displaylink-graphics\/downloads' style='color: inherit; text-decoration: underline;' target='_blank'>https:\/\/www.synaptics.com\/products\/displaylink-graphics\/downloads<\/a><\/strong><\/li>\n<\/ul><\/div>\n<\/p><\/div>\n","protected":false},"excerpt":{"rendered":"<p>HUB USB-C (Docking Revodok Pro) 12 en 1 | 2 USB-A 3.0 | 1 USB-C PD Carga 100W | 1 USB-A 3.1 | 1 USB-C 3.1 | HDMI 4K | HDMI 8K Ultra HD | Display Port 4K | RJ45 (Gigabit) | Lector Tarjeta SD + Micro SD (TF) | Jack Audio 3.5mm.<\/p>\n","protected":false},"featured_media":104256,"comment_status":"open","ping_status":"closed","template":"","meta":[],"product_brand":[],"product_cat":[1235],"product_tag":[417,1236,650],"class_list":{"0":"post-104257","1":"product","2":"type-product","3":"status-publish","4":"has-post-thumbnail","6":"product_cat-accesorios-para-computadora-y-smartphones","7":"product_tag-accesorios-generales","8":"product_tag-accesorios-para-computadora-y-smartphones","9":"product_tag-ugreen","11":"first","12":"instock","13":"sale","14":"shipping-taxable","15":"purchasable","16":"product-type-simple"},"_links":{"self":[{"href":"https:\/\/soydeaqui.ddns.net\/pachuca\/index.php\/wp-json\/wp\/v2\/product\/104257","targetHints":{"allow":["GET"]}}],"collection":[{"href":"https:\/\/soydeaqui.ddns.net\/pachuca\/index.php\/wp-json\/wp\/v2\/product"}],"about":[{"href":"https:\/\/soydeaqui.ddns.net\/pachuca\/index.php\/wp-json\/wp\/v2\/types\/product"}],"replies":[{"embeddable":true,"href":"https:\/\/soydeaqui.ddns.net\/pachuca\/index.php\/wp-json\/wp\/v2\/comments?post=104257"}],"wp:featuredmedia":[{"embeddable":true,"href":"https:\/\/soydeaqui.ddns.net\/pachuca\/index.php\/wp-json\/wp\/v2\/media\/104256"}],"wp:attachment":[{"href":"https:\/\/soydeaqui.ddns.net\/pachuca\/index.php\/wp-json\/wp\/v2\/media?parent=104257"}],"wp:term":[{"taxonomy":"product_brand","embeddable":true,"href":"https:\/\/soydeaqui.ddns.net\/pachuca\/index.php\/wp-json\/wp\/v2\/product_brand?post=104257"},{"taxonomy":"product_cat","embeddable":true,"href":"https:\/\/soydeaqui.ddns.net\/pachuca\/index.php\/wp-json\/wp\/v2\/product_cat?post=104257"},{"taxonomy":"product_tag","embeddable":true,"href":"https:\/\/soydeaqui.ddns.net\/pachuca\/index.php\/wp-json\/wp\/v2\/product_tag?post=104257"}],"curies":[{"name":"wp","href":"https:\/\/api.w.org\/{rel}","templated":true}]}}