{"id":104215,"date":"2026-03-20T14:21:53","date_gmt":"2026-03-20T14:21:53","guid":{"rendered":"https:\/\/soydeaqui.ddns.net\/pachuca\/index.php\/producto\/multimetro-digital-esbelto-de-rango-automatico-con-trms-600v-y-medicion-de-temperatura\/"},"modified":"2026-03-20T14:22:25","modified_gmt":"2026-03-20T14:22:25","slug":"multimetro-digital-esbelto-de-rango-automatico-con-trms-600v-y-medicion-de-temperatura","status":"publish","type":"product","link":"https:\/\/soydeaqui.ddns.net\/pachuca\/index.php\/producto\/multimetro-digital-esbelto-de-rango-automatico-con-trms-600v-y-medicion-de-temperatura\/","title":{"rendered":"Mult\u00edmetro Digital Esbelto de Rango Autom\u00e1tico con TRMS 600V y Medici\u00f3n de Temperatura"},"content":{"rendered":"<div style='width: 100%; max-width: 1200px; margin: 0 auto; font-family: sans-serif; line-height: 1.6; color: inherit; background-color: transparent;'>\n<div style='display: flex; flex-wrap: wrap; gap: 30px; margin-bottom: 30px;'>\n<div style='flex: 1 1 300px; min-width: 280px;'>\n<h3 style='font-size: 22px; border-bottom: 2px solid currentColor; padding-bottom: 5px; margin-top: 0; color: inherit; opacity: 0.8;'>Especificaciones Principales<\/h3>\n<ul style='padding-left: 20px; font-size: 15px; color: inherit;'>\n<li style='margin-bottom: 5px;'>Mult\u00edmetro con tecnolog\u00eda de rango autom\u00e1tico con media cuadr\u00e1tica real (TRMS) que ofrece mayor precisi\u00f3n<\/li>\n<li style='margin-bottom: 5px;'>Mide voltaje de hasta 600 V CA\/CD&comma; corriente de hasta 10 A CA\/CD&comma; resistencia de hasta 50 M\u03a9&comma; continuidad&comma; temperatura&comma; capacitancia&comma; frecuencia&comma; ciclo de servicio y diodos de prueba<\/li>\n<li style='margin-bottom: 5px;'>Pantalla de alta visibilidad y contraste invertido con ajuste autom\u00e1tico de retroiluminaci\u00f3n<\/li>\n<li style='margin-bottom: 5px;'>Protecci\u00f3n de alerta del cable de prueba con LED para la colocaci\u00f3n del cable de prueba<\/li>\n<li style='margin-bottom: 5px;'>El perfil delgado permite que el mult\u00edmetro se adapte de manera pr\u00e1ctica a la mayor\u00eda de los bolsillos<\/li>\n<li style='margin-bottom: 5px;'>Indicador de bater\u00eda baja y compartimiento de fusibles y bater\u00eda de f\u00e1cil acceso<\/li>\n<li style='margin-bottom: 5px;'>Mult\u00edmetro duradero construido para resistir una ca\u00edda desde 6&comma;6&#8242; (2 m) de altura<\/li>\n<li style='margin-bottom: 5px;'>Incluye una bolsa de transporte&comma; cables de prueba con clasificaci\u00f3n de seguridad CAT III 1000 V\/CAT IV 600 V&comma; termopar con adaptador y 2 bater\u00edas AAA<\/li>\n<li style='margin-bottom: 5px;'>Clasificaci\u00f3n de seguridad CAT III&comma; 600 V<\/li>\n<li style='margin-bottom: 5px;'>Para utilizar en entornos electromagn\u00e9ticos b\u00e1sicos y controlados&comma; como propiedades residenciales&comma; establecimientos comerciales e instalaciones de industria ligera<\/li>\n<\/ul><\/div>\n<\/p><\/div>\n<div style='display: flex; flex-wrap: wrap; gap: 20px; margin-bottom: 30px;'>\n<div style='flex: 1 1 250px; border: 1px solid rgba(150&comma; 150&comma; 150&comma; 0.4); border-radius: 8px; overflow: hidden; display: flex; flex-direction: column;'>\n<div style='padding: 15px; border-bottom: 1px solid rgba(150&comma; 150&comma; 150&comma; 0.2); font-weight: bold; font-size: 18px; color: inherit;'>Dimensiones y Especificaciones<\/div>\n<div style='padding: 15px; color: inherit;'>\n<ul style='padding-left: 20px; margin: 0; font-size: 14px; list-style-type: disc;'>\n<li style='margin-bottom: 5px;'><strong style='color: inherit;'>Bater\u00edas:<\/strong> 2 x AAA<\/li>\n<li style='margin-bottom: 5px;'><strong style='color: inherit;'>Protecci\u00f3n ante ca\u00eddas:<\/strong> 6.6&#8242; (2 m)<\/li>\n<li style='margin-bottom: 5px;'><strong style='color: inherit;'>Ohmios (resistencia):<\/strong> 50 M\u03a9<\/li>\n<li style='margin-bottom: 5px;'><strong style='color: inherit;'>Longitud total:<\/strong> 6.5&#8242; (165 mm)<\/li>\n<li style='margin-bottom: 5px;'><strong style='color: inherit;'>Altura total:<\/strong> 1.09&#8242; (28 mm)<\/li>\n<li style='margin-bottom: 5px;'><strong style='color: inherit;'>Ancho total:<\/strong> 3.14&#8242; (80 mm)<\/li>\n<li style='margin-bottom: 5px;'><strong style='color: inherit;'>Peso:<\/strong> 258 g (9.1 oz)<\/li>\n<\/ul><\/div>\n<\/p><\/div>\n<\/p><\/div>\n<div style='display: flex; flex-wrap: wrap; gap: 30px; margin-bottom: 30px;'>\n<div style='flex: 1 1 300px; min-width: 280px;'>\n<h3 style='font-size: 22px; border-bottom: 2px solid currentColor; padding-bottom: 5px; margin-top: 0; color: inherit; opacity: 0.8;'>Contenido del Paquete<\/h3>\n<ul style='padding-left: 20px; font-size: 15px; color: inherit;'>\n<li style='margin-bottom: 5px;'>Bolsa de transporte<\/li>\n<li style='margin-bottom: 5px;'>Cables de prueba con clasificaci\u00f3n de seguridad CAT III 1000 V\/CAT IV 600 V<\/li>\n<li style='margin-bottom: 5px;'>Termopar con adaptador<\/li>\n<li style='margin-bottom: 5px;'>2 bater\u00edas AAA<\/li>\n<\/ul><\/div>\n<\/p><\/div>\n<hr style='border: 0; border-top: 1px solid rgba(150&comma; 150&comma; 150&comma; 0.3); margin: 30px 0;'>\n<div style='display: flex; flex-wrap: wrap; gap: 30px; justify-content: center;'> <img style='width: 100%; max-width: 600px; height: auto; border: 1px solid rgba(150&comma;150&comma;150&comma;0.3); border-radius: 8px;' src='https:\/\/ftp3.syscom.mx\/usuarios\/fotos\/MM450\/213677-mm450_callout2_sp.jpg' alt=''> <\/div>\n<\/p><\/div>\n","protected":false},"excerpt":{"rendered":"<p>Mult\u00edmetro Digital Esbelto de Rango Autom\u00e1tico con TRMS 600V y Medici\u00f3n de Temperatura<\/p>\n","protected":false},"featured_media":104214,"comment_status":"open","ping_status":"closed","template":"","meta":[],"product_brand":[],"product_cat":[130],"product_tag":[25,131,432],"class_list":{"0":"post-104215","1":"product","2":"type-product","3":"status-publish","4":"has-post-thumbnail","6":"product_cat-herramientas-electricas","7":"product_tag-herramientas","8":"product_tag-herramientas-electricas","9":"product_tag-klein-tools","11":"first","12":"instock","13":"sale","14":"shipping-taxable","15":"purchasable","16":"product-type-simple"},"_links":{"self":[{"href":"https:\/\/soydeaqui.ddns.net\/pachuca\/index.php\/wp-json\/wp\/v2\/product\/104215","targetHints":{"allow":["GET"]}}],"collection":[{"href":"https:\/\/soydeaqui.ddns.net\/pachuca\/index.php\/wp-json\/wp\/v2\/product"}],"about":[{"href":"https:\/\/soydeaqui.ddns.net\/pachuca\/index.php\/wp-json\/wp\/v2\/types\/product"}],"replies":[{"embeddable":true,"href":"https:\/\/soydeaqui.ddns.net\/pachuca\/index.php\/wp-json\/wp\/v2\/comments?post=104215"}],"wp:featuredmedia":[{"embeddable":true,"href":"https:\/\/soydeaqui.ddns.net\/pachuca\/index.php\/wp-json\/wp\/v2\/media\/104214"}],"wp:attachment":[{"href":"https:\/\/soydeaqui.ddns.net\/pachuca\/index.php\/wp-json\/wp\/v2\/media?parent=104215"}],"wp:term":[{"taxonomy":"product_brand","embeddable":true,"href":"https:\/\/soydeaqui.ddns.net\/pachuca\/index.php\/wp-json\/wp\/v2\/product_brand?post=104215"},{"taxonomy":"product_cat","embeddable":true,"href":"https:\/\/soydeaqui.ddns.net\/pachuca\/index.php\/wp-json\/wp\/v2\/product_cat?post=104215"},{"taxonomy":"product_tag","embeddable":true,"href":"https:\/\/soydeaqui.ddns.net\/pachuca\/index.php\/wp-json\/wp\/v2\/product_tag?post=104215"}],"curies":[{"name":"wp","href":"https:\/\/api.w.org\/{rel}","templated":true}]}}