{"id":104206,"date":"2026-03-20T14:21:26","date_gmt":"2026-03-20T14:21:26","guid":{"rendered":"https:\/\/soydeaqui.ddns.net\/pachuca\/index.php\/producto\/cable-hdmi-de-15-metros-por-fibra-optica-4k60hz-compatible-con-hdmi-2-0-alta-velocidad-18-gbps\/"},"modified":"2026-03-20T14:21:28","modified_gmt":"2026-03-20T14:21:28","slug":"cable-hdmi-de-15-metros-por-fibra-optica-4k60hz-compatible-con-hdmi-2-0-alta-velocidad-18-gbps","status":"publish","type":"product","link":"https:\/\/soydeaqui.ddns.net\/pachuca\/index.php\/producto\/cable-hdmi-de-15-metros-por-fibra-optica-4k60hz-compatible-con-hdmi-2-0-alta-velocidad-18-gbps\/","title":{"rendered":"Cable HDMI de 15 Metros por Fibra \u00d3ptica 4K@60Hz \/ Compatible con HDMI 2.0 \/ Alta velocidad 18 Gbps"},"content":{"rendered":"<div style='width: 100%; max-width: 1200px; margin: 0 auto; font-family: sans-serif; line-height: 1.6; color: inherit; background-color: transparent;'>\n<div style='display: flex; flex-wrap: wrap; gap: 30px; margin-bottom: 30px;'>\n<div style='flex: 1 1 300px; min-width: 280px;'>\n<h3 style='font-size: 22px; border-bottom: 2px solid currentColor; padding-bottom: 5px; margin-top: 0; color: inherit; opacity: 0.8;'>Especificaciones<\/h3>\n<ul style='padding-left: 20px; font-size: 15px; color: inherit;'>\n<li style='margin-bottom: 5px;'>Longitud 15 metros<\/li>\n<li style='margin-bottom: 5px;'>Este cable HDMI de fibra \u00f3ptica es de transmisi\u00f3n unidireccional&comma; no bidireccional. Aseg\u00farese de que el conector &#8216;Source&#8217; y &#8216;Display&#8217; se conecten al dispositivo correspondiente antes de realizar el cableado.<\/li>\n<li style='margin-bottom: 5px;'>Sujete de la CAJA del conector cuando enchufe y desconecte el cable.<\/li>\n<li style='margin-bottom: 5px;'>Resoluci\u00f3n de 4Kx2K @ 60 Hz<\/li>\n<li style='margin-bottom: 5px;'>Ancho de Banda 18G<\/li>\n<li style='margin-bottom: 5px;'>Medio de transmisi\u00f3n por Fibra \u00d3ptica<\/li>\n<li style='margin-bottom: 5px;'>1 A\u00f1o de Garant\u00eda por defectos de fabricaci\u00f3n<\/li>\n<\/ul><\/div>\n<\/p><\/div>\n<hr style='border: 0; border-top: 1px solid rgba(150&comma; 150&comma; 150&comma; 0.3); margin: 30px 0;'> <\/div>\n","protected":false},"excerpt":{"rendered":"<p>Cable HDMI de 15 Metros por Fibra \u00d3ptica 4K@60Hz \/ Compatible con HDMI 2.0 \/ Alta velocidad 18 Gbps<\/p>\n","protected":false},"featured_media":104205,"comment_status":"open","ping_status":"closed","template":"","meta":[],"product_brand":[],"product_cat":[2130],"product_tag":[488,454,2131],"class_list":{"0":"post-104206","1":"product","2":"type-product","3":"status-publish","4":"has-post-thumbnail","6":"product_cat-vga-dvi-hdmi","7":"product_tag-cables-y-conectores","8":"product_tag-epcom-powerline","9":"product_tag-vga-dvi-hdmi","11":"first","12":"outofstock","13":"sale","14":"shipping-taxable","15":"purchasable","16":"product-type-simple"},"_links":{"self":[{"href":"https:\/\/soydeaqui.ddns.net\/pachuca\/index.php\/wp-json\/wp\/v2\/product\/104206","targetHints":{"allow":["GET"]}}],"collection":[{"href":"https:\/\/soydeaqui.ddns.net\/pachuca\/index.php\/wp-json\/wp\/v2\/product"}],"about":[{"href":"https:\/\/soydeaqui.ddns.net\/pachuca\/index.php\/wp-json\/wp\/v2\/types\/product"}],"replies":[{"embeddable":true,"href":"https:\/\/soydeaqui.ddns.net\/pachuca\/index.php\/wp-json\/wp\/v2\/comments?post=104206"}],"wp:featuredmedia":[{"embeddable":true,"href":"https:\/\/soydeaqui.ddns.net\/pachuca\/index.php\/wp-json\/wp\/v2\/media\/104205"}],"wp:attachment":[{"href":"https:\/\/soydeaqui.ddns.net\/pachuca\/index.php\/wp-json\/wp\/v2\/media?parent=104206"}],"wp:term":[{"taxonomy":"product_brand","embeddable":true,"href":"https:\/\/soydeaqui.ddns.net\/pachuca\/index.php\/wp-json\/wp\/v2\/product_brand?post=104206"},{"taxonomy":"product_cat","embeddable":true,"href":"https:\/\/soydeaqui.ddns.net\/pachuca\/index.php\/wp-json\/wp\/v2\/product_cat?post=104206"},{"taxonomy":"product_tag","embeddable":true,"href":"https:\/\/soydeaqui.ddns.net\/pachuca\/index.php\/wp-json\/wp\/v2\/product_tag?post=104206"}],"curies":[{"name":"wp","href":"https:\/\/api.w.org\/{rel}","templated":true}]}}