{"id":104145,"date":"2026-03-20T14:18:21","date_gmt":"2026-03-20T14:18:21","guid":{"rendered":"https:\/\/soydeaqui.ddns.net\/pachuca\/index.php\/producto\/camara-de-deteccion-de-espacios-de-estacionamiento-imagen-hd-2-mp-lente-vari-focal-3-1-6-mm-deteccion-inteligente-hasta-40-espacios-exterior-ip67\/"},"modified":"2026-03-20T14:18:22","modified_gmt":"2026-03-20T14:18:22","slug":"camara-de-deteccion-de-espacios-de-estacionamiento-imagen-hd-2-mp-lente-vari-focal-3-1-6-mm-deteccion-inteligente-hasta-40-espacios-exterior-ip67","status":"publish","type":"product","link":"https:\/\/soydeaqui.ddns.net\/pachuca\/index.php\/producto\/camara-de-deteccion-de-espacios-de-estacionamiento-imagen-hd-2-mp-lente-vari-focal-3-1-6-mm-deteccion-inteligente-hasta-40-espacios-exterior-ip67\/","title":{"rendered":"C\u00e1mara de Detecci\u00f3n de Espacios de Estacionamiento \/ Imagen HD 2 MP \/ Lente Vari-focal 3.1-6 mm \/ Detecci\u00f3n Inteligente hasta 40 Espacios \/ Exterior IP67"},"content":{"rendered":"<div style='width: 100%; max-width: 1200px; margin: 0 auto; font-family: sans-serif; line-height: 1.6; color: inherit; background-color: transparent;'> <!-- Banner inicio --> <\/p>\n<div style='display: flex; justify-content: center; margin: 20px 0;'> <img style='width: 45%; height: auto; border: 1px solid rgba(150&comma;150&comma;150&comma;0.3); border-radius: 8px;' src='https:\/\/ftp3.syscom.mx\/usuarios\/jsosa\/HIKVISION\/imagenes\/logo\/hikvision%20see%20far.png' alt='Banner Hikvision'> <\/div>\n<p> <!-- Video --> <\/p>\n<div style='position: relative; padding-bottom: 56.25%; height: 0; overflow: hidden; margin: 30px 0;'>   <\/div>\n<p> <!-- Caracter\u00edsticas Generales --> <\/p>\n<div style='display: flex; flex-wrap: wrap; gap: 20px; margin-bottom: 30px;'>\n<div style='flex: 1 1 300px; min-width: 280px;'>\n<h3 style='font-size: 22px; border-bottom: 2px solid currentColor; padding-bottom: 5px; margin-top: 0; color: inherit; opacity: 0.8;'>Caracter\u00edsticas Generales<\/h3>\n<ul style='padding-left: 20px; font-size: 15px; color: inherit;'>\n<li style='margin-bottom: 5px;'>C\u00e1mara HD 2 MP&comma; resoluci\u00f3n m\u00e1xima 1920 \u00d7 1200<\/li>\n<li style='margin-bottom: 5px;'>Algoritmo de deep learning para detecci\u00f3n de espacios<\/li>\n<li style='margin-bottom: 5px;'>CMOS 1\/3&#8242; Scan Progresivo.<\/li>\n<li style='margin-bottom: 5px;'>Lente varifocal motorizado de 3.1 a 6 mm<\/li>\n<li style='margin-bottom: 5px;'>Velocidad del shutter: 1\/30 a 1\/100 000.<\/li>\n<li style='margin-bottom: 5px;'>Iluminaci\u00f3n m\u00ednima a color:0.019 Lux @(F1.9&comma;AGC OFF).<\/li>\n<\/ul><\/div>\n<p> <!-- Caracter\u00edsticas F\u00edsicas y El\u00e9ctricas --> <\/p>\n<div style='flex: 1 1 300px; min-width: 280px;'>\n<h3 style='font-size: 22px; border-bottom: 2px solid currentColor; padding-bottom: 5px; margin-top: 0; color: inherit; opacity: 0.8;'>Caracter\u00edsticas F\u00edsicas y El\u00e9ctricas<\/h3>\n<ul style='padding-left: 20px; font-size: 15px; color: inherit;'>\n<li style='margin-bottom: 5px;'>Consumo \/ alimentaci\u00f3n: 10 a 14 VCD \/ 5.4 Watts.<\/li>\n<li style='margin-bottom: 5px;'>Protecci\u00f3n IP67&comma; adecuada para exteriores<\/li>\n<li style='margin-bottom: 5px;'>Temperatura de funcionamiento: -20 \u00b0C a 70 \u00b0C (-4 \u00b0F a 158 \u00b0F)<\/li>\n<li style='margin-bottom: 5px;'>Tipo de luz suplementaria: Warm White Light<\/li>\n<li style='margin-bottom: 5px;'>Rango de luz suplementaria: 20m<\/li>\n<\/ul><\/div>\n<\/p><\/div>\n<p> <!-- Caracter\u00edsticas de Instalaci\u00f3n --> <\/p>\n<div style='display: flex; flex-wrap: wrap; gap: 20px; margin-bottom: 30px;'>\n<div style='flex: 1 1 300px; min-width: 280px;'>\n<h3 style='font-size: 22px; border-bottom: 2px solid currentColor; padding-bottom: 5px; margin-top: 0; color: inherit; opacity: 0.8;'>Caracter\u00edsticas de instalaci\u00f3n<\/h3>\n<ul style='padding-left: 20px; font-size: 15px; color: inherit;'>\n<li style='margin-bottom: 5px;'>N\u00famero de espacios de estacionamiento detectados seg\u00fan la instalaci\u00f3n:<\/li>\n<li style='margin-bottom: 5px;'>Altura de instalaci\u00f3n: 12 m M\u00e1ximo 40 Espacios<\/li>\n<li style='margin-bottom: 5px;'>Altura de instalaci\u00f3n: 9 m M\u00e1ximo 25 Espacios<\/li>\n<li style='margin-bottom: 5px;'>Altura de instalaci\u00f3n: 6 m M\u00e1ximo 15 Espacios<\/li>\n<li style='margin-bottom: 5px;'>Altura de instalaci\u00f3n: 3 m M\u00e1ximo 5 Espacios<\/li>\n<\/ul><\/div>\n<\/p><\/div>\n<p> <!-- Banner final --> <\/p>\n<div style='display: flex; justify-content: center; margin: 30px 0;'> <img style='width: 100%; height: auto; border: 1px solid rgba(150&comma;150&comma;150&comma;0.3); border-radius: 8px;' src='https:\/\/ftp3.syscom.mx\/usuarios\/jsosa\/HIKVISION\/imagenes\/banners\/solution%20complete.png' alt='Banner soluci\u00f3n completa'> <\/div>\n<\/p><\/div>\n","protected":false},"excerpt":{"rendered":"<p>C\u00e1mara de Detecci\u00f3n de Espacios de Estacionamiento \/ Imagen HD 2 MP \/ Lente Vari-focal 3.1-6 mm \/ Detecci\u00f3n Inteligente hasta 40 Espacios \/ Exterior IP67<\/p>\n","protected":false},"featured_media":104144,"comment_status":"open","ping_status":"closed","template":"","meta":[],"product_brand":[],"product_cat":[438],"product_tag":[439,122,54],"class_list":{"0":"post-104145","1":"product","2":"type-product","3":"status-publish","4":"has-post-thumbnail","6":"product_cat-bala","7":"product_tag-bala","8":"product_tag-camaras-ip-y-nvrs","9":"product_tag-hikvision","11":"first","12":"instock","13":"sale","14":"shipping-taxable","15":"purchasable","16":"product-type-simple"},"_links":{"self":[{"href":"https:\/\/soydeaqui.ddns.net\/pachuca\/index.php\/wp-json\/wp\/v2\/product\/104145","targetHints":{"allow":["GET"]}}],"collection":[{"href":"https:\/\/soydeaqui.ddns.net\/pachuca\/index.php\/wp-json\/wp\/v2\/product"}],"about":[{"href":"https:\/\/soydeaqui.ddns.net\/pachuca\/index.php\/wp-json\/wp\/v2\/types\/product"}],"replies":[{"embeddable":true,"href":"https:\/\/soydeaqui.ddns.net\/pachuca\/index.php\/wp-json\/wp\/v2\/comments?post=104145"}],"wp:featuredmedia":[{"embeddable":true,"href":"https:\/\/soydeaqui.ddns.net\/pachuca\/index.php\/wp-json\/wp\/v2\/media\/104144"}],"wp:attachment":[{"href":"https:\/\/soydeaqui.ddns.net\/pachuca\/index.php\/wp-json\/wp\/v2\/media?parent=104145"}],"wp:term":[{"taxonomy":"product_brand","embeddable":true,"href":"https:\/\/soydeaqui.ddns.net\/pachuca\/index.php\/wp-json\/wp\/v2\/product_brand?post=104145"},{"taxonomy":"product_cat","embeddable":true,"href":"https:\/\/soydeaqui.ddns.net\/pachuca\/index.php\/wp-json\/wp\/v2\/product_cat?post=104145"},{"taxonomy":"product_tag","embeddable":true,"href":"https:\/\/soydeaqui.ddns.net\/pachuca\/index.php\/wp-json\/wp\/v2\/product_tag?post=104145"}],"curies":[{"name":"wp","href":"https:\/\/api.w.org\/{rel}","templated":true}]}}