{"id":103806,"date":"2026-03-20T14:01:47","date_gmt":"2026-03-20T14:01:47","guid":{"rendered":"https:\/\/soydeaqui.ddns.net\/pachuca\/index.php\/producto\/cable-coaxial-armado-de-50-metros-para-video-y-energia-optimizado-para-camaras-4k-conector-bnc-video-y-plug-de-alimentacion-siames-uso-interior-cable-de-video-100-cobre-de-alta-pureza\/"},"modified":"2026-03-20T14:01:48","modified_gmt":"2026-03-20T14:01:48","slug":"cable-coaxial-armado-de-50-metros-para-video-y-energia-optimizado-para-camaras-4k-conector-bnc-video-y-plug-de-alimentacion-siames-uso-interior-cable-de-video-100-cobre-de-alta-pureza","status":"publish","type":"product","link":"https:\/\/soydeaqui.ddns.net\/pachuca\/index.php\/producto\/cable-coaxial-armado-de-50-metros-para-video-y-energia-optimizado-para-camaras-4k-conector-bnc-video-y-plug-de-alimentacion-siames-uso-interior-cable-de-video-100-cobre-de-alta-pureza\/","title":{"rendered":"Cable Coaxial Armado de 50 Metros para Video y Energ\u00eda \/ Optimizado para C\u00e1maras 4K  \/ Conector BNC (Video) y PLUG de Alimentaci\u00f3n (Siam\u00e9s) \/ Uso interior \/ Cable de Video 100% Cobre de Alta Pureza ."},"content":{"rendered":"<div style='width: 100%; max-width: 1200px; margin: 0 auto; font-family: sans-serif; line-height: 1.6; color: inherit; background-color: transparent;'>\n<div style='width: 100%; margin-bottom: 30px;'>\n<h1 style='color: inherit; text-align: center; font-size: 26px; margin: 0 0 10px 0;'><strong>VP-BD40-50M<\/strong><\/h1>\n<h3 style='color: inherit; text-align: center; font-size: 18px; margin: 0 0 20px 0;'>Cable Coaxial armado con conector BNC y Alimentaci\u00f3n&comma; longitud de 50m&comma; Optimizado para HD (TurboHD&comma; HD-SDI&comma; AHD)<\/h3>\n<p style='text-align: center; margin: 0 auto; font-size: 15px; max-width: 800px;'>Cable Coaxial armado con conector BNC y Alimentaci\u00f3n&comma; longitud de 50m&comma; Optimizado para HD (TurboHD&comma; HD-SDI&comma; AHD) excelente calidad de transmisi\u00f3n&comma; sin p\u00e9rdida de se\u00f1al. Clasificado para su uso en sistemas de circuito cerrado de televisi\u00f3n. Por supuesto que funciona bien en anal\u00f3gico (CVBS)&#8230;<\/p>\n<\/p><\/div>\n<div style='display: flex; flex-wrap: wrap; gap: 30px; margin-bottom: 30px;'>\n<div style='flex: 1 1 300px; min-width: 280px;'>\n<div style='border: 1px solid rgba(150&comma; 150&comma; 150&comma; 0.4); border-radius: 8px; overflow: hidden; height: 100%; display: flex; flex-direction: column;'>\n<div style='padding: 15px; border-bottom: 1px solid rgba(150&comma; 150&comma; 150&comma; 0.2); font-weight: bold; font-size: 18px; color: inherit; background-color: rgba(150&comma; 150&comma; 150&comma; 0.1);'>Caracter\u00edsticas Principales:<\/div>\n<div style='padding: 15px; color: inherit; flex: 1;'>\n<ul style='padding-left: 20px; margin: 0; font-size: 14px; list-style-type: disc;'>\n<li style='margin-bottom: 5px;'>Cable en HD de video y alimentaci\u00f3n 50 metros.<\/li>\n<li style='margin-bottom: 5px;'>Cable de alta calidad para aplicaciones en CCTV siam\u00e9s.<\/li>\n<li style='margin-bottom: 5px;'>Cobre s\u00f3lido n\u00facleo para HD CCTV anal\u00f3gico&comma; CVI&comma; TVI&comma; AHD y SDI.<\/li>\n<li style='margin-bottom: 5px;'>Preparado de antemano por cable 100% de clase premium de cobre para una f\u00e1cil instalaci\u00f3n.<\/li>\n<li style='margin-bottom: 5px;'>Sin ninguna disminuci\u00f3n en la calidad.<\/li>\n<li style='margin-bottom: 5px;'>2 cables conductores de energ\u00eda con conectores barril de potencia prefabricados.<\/li>\n<\/ul><\/div>\n<\/p><\/div>\n<\/p><\/div>\n<div style='flex: 1 1 300px; min-width: 280px;'>\n<div style='border: 1px solid rgba(150&comma; 150&comma; 150&comma; 0.4); border-radius: 8px; overflow: hidden; height: 100%; display: flex; flex-direction: column;'>\n<div style='padding: 15px; border-bottom: 1px solid rgba(150&comma; 150&comma; 150&comma; 0.2); font-weight: bold; font-size: 18px; color: inherit; background-color: rgba(150&comma; 150&comma; 150&comma; 0.1);'>Caracter\u00edsticas F\u00edsicas:<\/div>\n<div style='padding: 15px; color: inherit; flex: 1;'>\n<ul style='padding-left: 20px; margin: 0; font-size: 14px; list-style-type: disc;'>\n<li style='margin-bottom: 5px;'>Extensi\u00f3n de cable para HD en video y alimentaci\u00f3n a 20 metros.<\/li>\n<li style='margin-bottom: 5px;'>Aplicaci\u00f3n para interior; excelente calidad de transmisi\u00f3n&comma; sin p\u00e9rdida de se\u00f1al.<\/li>\n<li style='margin-bottom: 5px;'>Plug and Play listo para 4K o c\u00e1mara de circuito cerrado de televisi\u00f3n (IDE&comma; TVI&comma; TVI&comma; AHD).<\/li>\n<li style='margin-bottom: 5px;'>CCTV de v\u00eddeo SDI y cable de alimentaci\u00f3n&comma; tambi\u00e9n son compatibles con HDSDI&comma; HDTVI&comma; HDCVI&comma; AHD y las c\u00e1maras anal\u00f3gicas.<\/li>\n<li style='margin-bottom: 5px;'>Compatible con todos los dispositivos de circuito cerrado de televisi\u00f3n con BNC &#038; Alimentaci\u00f3n.<\/li>\n<\/ul><\/div>\n<\/p><\/div>\n<\/p><\/div>\n<div style='flex: 1 1 300px; min-width: 280px;'>\n<div style='border: 1px solid rgba(150&comma; 150&comma; 150&comma; 0.4); border-radius: 8px; overflow: hidden; height: 100%; display: flex; flex-direction: column;'>\n<div style='padding: 15px; border-bottom: 1px solid rgba(150&comma; 150&comma; 150&comma; 0.2); font-weight: bold; font-size: 18px; color: inherit; background-color: rgba(150&comma; 150&comma; 150&comma; 0.1);'>Productos relacionados:<\/div>\n<div style='padding: 15px; color: inherit; flex: 1;'>\n<ul style='padding-left: 20px; margin: 0; font-size: 14px; list-style-type: disc;'>\n<li style='margin-bottom: 5px;'>5 Metros &#8211; <a style='color: #005cb9; text-decoration: none; font-weight: 600;' href='https:\/\/www.syscom.mx\/principal\/searchcont?route=DIY5MHD-EPCOM-TITANIUM-142283&#038;autodetect=diy'>DIY5MHD<\/a><\/li>\n<li style='margin-bottom: 5px;'>10 Metros &#8211; <a style='color: #005cb9; text-decoration: none; font-weight: 600;' href='https:\/\/www.syscom.mx\/principal\/searchcont?route=DIY10MHD-EPCOM-TITANIUM-142279&#038;autodetect=diy'>DIY10MHD<\/a><\/li>\n<li style='margin-bottom: 5px;'>30 Metros &#8211; <a style='color: #005cb9; text-decoration: none; font-weight: 600;' href='https:\/\/www.syscom.mx\/principal\/searchcont?route=DIY-30M-HD-EPCOM-TITANIUM-88119&#038;autodetect=diy'>DIY-30M-HD<\/a><\/li>\n<li style='margin-bottom: 5px;'>40 Metros &#8211; <a style='color: #005cb9; text-decoration: none; font-weight: 600;' href='https:\/\/www.syscom.mx\/principal\/searchcont?route=DIY-40M-HD-EPCOM-TITANIUM-88120&#038;autodetect=diy'>DIY-40M-HD<\/a><\/li>\n<li style='margin-bottom: 5px;'>50 Metros &#8211; <a style='color: #005cb9; text-decoration: none; font-weight: 600;' href='https:\/\/www.syscom.mx\/principal\/searchcont?route=DIY50MHD-EPCOM-TITANIUM-154689&#038;autodetect=diy'>DIY50MHD<\/a><\/li>\n<\/ul><\/div>\n<\/p><\/div>\n<\/p><\/div>\n<\/p><\/div>\n<\/p><\/div>\n","protected":false},"excerpt":{"rendered":"<p>Cable Coaxial Armado de 50 Metros para Video y Energ\u00eda \/ Optimizado para C\u00e1maras 4K  \/ Conector BNC (Video) y PLUG de Alimentaci\u00f3n (Siam\u00e9s) \/ Uso interior \/ Cable de Video 100% Cobre de Alta Pureza .<\/p>\n","protected":false},"featured_media":32,"comment_status":"open","ping_status":"closed","template":"","meta":[],"product_brand":[],"product_cat":[2277],"product_tag":[2278,488,507],"class_list":{"0":"post-103806","1":"product","2":"type-product","3":"status-publish","4":"has-post-thumbnail","6":"product_cat-cables-armados-coaxial","7":"product_tag-cables-armados-coaxial","8":"product_tag-cables-y-conectores","9":"product_tag-epcom-titanium","11":"first","12":"instock","13":"sale","14":"shipping-taxable","15":"purchasable","16":"product-type-simple"},"_links":{"self":[{"href":"https:\/\/soydeaqui.ddns.net\/pachuca\/index.php\/wp-json\/wp\/v2\/product\/103806","targetHints":{"allow":["GET"]}}],"collection":[{"href":"https:\/\/soydeaqui.ddns.net\/pachuca\/index.php\/wp-json\/wp\/v2\/product"}],"about":[{"href":"https:\/\/soydeaqui.ddns.net\/pachuca\/index.php\/wp-json\/wp\/v2\/types\/product"}],"replies":[{"embeddable":true,"href":"https:\/\/soydeaqui.ddns.net\/pachuca\/index.php\/wp-json\/wp\/v2\/comments?post=103806"}],"wp:featuredmedia":[{"embeddable":true,"href":"https:\/\/soydeaqui.ddns.net\/pachuca\/index.php\/wp-json\/wp\/v2\/media\/32"}],"wp:attachment":[{"href":"https:\/\/soydeaqui.ddns.net\/pachuca\/index.php\/wp-json\/wp\/v2\/media?parent=103806"}],"wp:term":[{"taxonomy":"product_brand","embeddable":true,"href":"https:\/\/soydeaqui.ddns.net\/pachuca\/index.php\/wp-json\/wp\/v2\/product_brand?post=103806"},{"taxonomy":"product_cat","embeddable":true,"href":"https:\/\/soydeaqui.ddns.net\/pachuca\/index.php\/wp-json\/wp\/v2\/product_cat?post=103806"},{"taxonomy":"product_tag","embeddable":true,"href":"https:\/\/soydeaqui.ddns.net\/pachuca\/index.php\/wp-json\/wp\/v2\/product_tag?post=103806"}],"curies":[{"name":"wp","href":"https:\/\/api.w.org\/{rel}","templated":true}]}}