{"id":103780,"date":"2026-03-20T14:00:26","date_gmt":"2026-03-20T14:00:26","guid":{"rendered":"https:\/\/soydeaqui.ddns.net\/pachuca\/index.php\/producto\/conector-hermetico-15-a-125-v-ca-2-polos-3-hilos-nema-5-15-r-color-amarillo\/"},"modified":"2026-03-20T14:00:28","modified_gmt":"2026-03-20T14:00:28","slug":"conector-hermetico-15-a-125-v-ca-2-polos-3-hilos-nema-5-15-r-color-amarillo","status":"publish","type":"product","link":"https:\/\/soydeaqui.ddns.net\/pachuca\/index.php\/producto\/conector-hermetico-15-a-125-v-ca-2-polos-3-hilos-nema-5-15-r-color-amarillo\/","title":{"rendered":"Conector Herm\u00e9tico \/ 15 A 125 V CA \/ 2 Polos 3 Hilos\/ NEMA 5-15 R\/ Color Amarillo."},"content":{"rendered":"<div style='width: 100%; max-width: 1200px; margin: 0 auto; font-family: sans-serif; line-height: 1.6; color: inherit; background-color: transparent;'> <!-- Secci\u00f3n de especificaciones --> <\/p>\n<div style='display: flex; flex-wrap: wrap; gap: 30px; margin-bottom: 30px;'>\n<div style='flex: 1 1 300px; min-width: 280px;'>\n<h3 style='font-size: 22px; border-bottom: 2px solid currentColor; padding-bottom: 5px; margin-top: 0; color: inherit; opacity: 0.8;'>Especificaciones<\/h3>\n<ul style='padding-left: 20px; font-size: 15px; color: inherit;'>\n<li style='margin-bottom: 5px;'><strong>Grado:<\/strong> Industrial\/Comercial<\/li>\n<li style='margin-bottom: 5px;'><strong>Color:<\/strong> Amarillo<\/li>\n<li style='margin-bottom: 5px;'><strong>Serie:<\/strong> Dispositivo herm\u00e9tico<\/li>\n<li style='margin-bottom: 5px;'><strong>Tipo de art\u00edculo:<\/strong> Conector<\/li>\n<li style='margin-bottom: 5px;'><strong>N\u00famero de Polos:<\/strong> 2 Polos<\/li>\n<li style='margin-bottom: 5px;'><strong>Temperatura de Funcionamiento:<\/strong> -40 \u00b0C (sin impactos) hasta +60 \u00b0C continuo<\/li>\n<li style='margin-bottom: 5px;'><strong>Altura:<\/strong> 3.16 in (80.26 mm)<\/li>\n<li style='margin-bottom: 5px;'><strong>Peso:<\/strong> 0.2 lb (0.09 kg)<\/li>\n<li style='margin-bottom: 5px;'><strong>Amperaje:<\/strong> 15 A<\/li>\n<li style='margin-bottom: 5px;'><strong>Voltaje:<\/strong> 125 V<\/li>\n<li style='margin-bottom: 5px;'><strong>Certificado:<\/strong> Listado por UL&comma; Certificado por CSA para tipo 4&comma; 4X&comma;12&comma; 6&comma; 6P.<\/li>\n<li style='margin-bottom: 5px;'><strong>N\u00famero de Cables:<\/strong> 3<\/li>\n<li style='margin-bottom: 5px;'><strong>Nema:<\/strong> 5 &#8211; 15 R<\/li>\n<\/ul><\/div>\n<\/p><\/div>\n<p> <!-- Secci\u00f3n de caracter\u00edsticas --> <\/p>\n<div style='display: flex; flex-wrap: wrap; gap: 20px; margin-bottom: 30px;'>\n<div style='flex: 1 1 250px; border: 1px solid rgba(150&comma; 150&comma; 150&comma; 0.4); border-radius: 8px; overflow: hidden; display: flex; flex-direction: column;'>\n<div style='padding: 15px; border-bottom: 1px solid rgba(150&comma; 150&comma; 150&comma; 0.2); font-weight: bold; font-size: 18px; color: inherit;'>Caracter\u00edsticas<\/div>\n<div style='padding: 15px; color: inherit;'>\n<ul style='padding-left: 20px; margin: 0; font-size: 14px; list-style-type: disc;'>\n<li style='margin-bottom: 5px;'>El\u00e9ctrico &#8211; Interrupci\u00f3n de corriente- Clasificado para interrupci\u00f3n de corriente seg\u00fan UL498<\/li>\n<li style='margin-bottom: 5px;'>Voltaje diel\u00e9ctrico- 2 500 V CA<\/li>\n<li style='margin-bottom: 5px;'>M\u00e1ximo Voltaje de trabajo &#8211; seg\u00fan lo marcado<\/li>\n<li style='margin-bottom: 5px;'>Aumento de Temperatura &#8211; 30 \u00b0C m\u00e1x. seg\u00fan UL498 a corriente nominal<\/li>\n<li style='margin-bottom: 5px;'>Mec\u00e1nica- Alojamiento del cable &#8211; 0.375&#8242; &#8211; 0.625&#8242; (9.5 &#8211; 15.9)<\/li>\n<li style='margin-bottom: 5px;'>Ambiental &#8211; Resistencia a la humedad &#8211; UL listado 4&comma; 4X&comma; 12&comma; 6&comma; 6P<\/li>\n<li style='margin-bottom: 5px;'>Temperaturas de funcionamiento: -40 \u00b0C (sin impactos) hasta +60 \u00b0C continuo<\/li>\n<li style='margin-bottom: 5px;'>Resistencia a los rayos UV &#8211; todos los materiales expuestos est\u00e1n estabilizados a los rayos UV<\/li>\n<\/ul><\/div>\n<\/p><\/div>\n<\/p><\/div>\n<p> <!-- Secci\u00f3n de est\u00e1ndares --> <\/p>\n<div style='display: flex; flex-wrap: wrap; gap: 20px; margin-bottom: 30px;'>\n<div style='flex: 1 1 250px; border: 1px solid rgba(150&comma; 150&comma; 150&comma; 0.4); border-radius: 8px; overflow: hidden; display: flex; flex-direction: column;'>\n<div style='padding: 15px; border-bottom: 1px solid rgba(150&comma; 150&comma; 150&comma; 0.2); font-weight: bold; font-size: 18px; color: inherit;'>Est\u00e1ndares<\/div>\n<div style='padding: 15px; color: inherit;'>\n<ul style='padding-left: 20px; margin: 0; font-size: 14px; list-style-type: disc;'>\n<li style='margin-bottom: 5px;'>Clasificaci\u00f3n IP69K<\/li>\n<li style='margin-bottom: 5px;'>Listado en UL498<\/li>\n<li style='margin-bottom: 5px;'>Certificado a CSA C22.2 No. 42<\/li>\n<li style='margin-bottom: 5px;'>Cumple con las normas NEMA WD-1&comma; WD-6 y ANSI<\/li>\n<\/ul><\/div>\n<\/p><\/div>\n<\/p><\/div>\n<p> <!-- Separador --> <\/p>\n<hr style='border: 0; border-top: 1px solid rgba(150&comma; 150&comma; 150&comma; 0.3); margin: 30px 0;'> <\/div>\n","protected":false},"excerpt":{"rendered":"<p>Conector Herm\u00e9tico \/ 15 A 125 V CA \/ 2 Polos 3 Hilos\/ NEMA 5-15 R\/ Color Amarillo.<\/p>\n","protected":false},"featured_media":103779,"comment_status":"open","ping_status":"closed","template":"","meta":[],"product_brand":[],"product_cat":[24],"product_tag":[26,25,705],"class_list":{"0":"post-103780","1":"product","2":"type-product","3":"status-publish","4":"has-post-thumbnail","6":"product_cat-accesorios-de-instalacion","7":"product_tag-accesorios-de-instalacion","8":"product_tag-herramientas","9":"product_tag-hubbell","11":"first","12":"outofstock","13":"sale","14":"shipping-taxable","15":"purchasable","16":"product-type-simple"},"_links":{"self":[{"href":"https:\/\/soydeaqui.ddns.net\/pachuca\/index.php\/wp-json\/wp\/v2\/product\/103780","targetHints":{"allow":["GET"]}}],"collection":[{"href":"https:\/\/soydeaqui.ddns.net\/pachuca\/index.php\/wp-json\/wp\/v2\/product"}],"about":[{"href":"https:\/\/soydeaqui.ddns.net\/pachuca\/index.php\/wp-json\/wp\/v2\/types\/product"}],"replies":[{"embeddable":true,"href":"https:\/\/soydeaqui.ddns.net\/pachuca\/index.php\/wp-json\/wp\/v2\/comments?post=103780"}],"wp:featuredmedia":[{"embeddable":true,"href":"https:\/\/soydeaqui.ddns.net\/pachuca\/index.php\/wp-json\/wp\/v2\/media\/103779"}],"wp:attachment":[{"href":"https:\/\/soydeaqui.ddns.net\/pachuca\/index.php\/wp-json\/wp\/v2\/media?parent=103780"}],"wp:term":[{"taxonomy":"product_brand","embeddable":true,"href":"https:\/\/soydeaqui.ddns.net\/pachuca\/index.php\/wp-json\/wp\/v2\/product_brand?post=103780"},{"taxonomy":"product_cat","embeddable":true,"href":"https:\/\/soydeaqui.ddns.net\/pachuca\/index.php\/wp-json\/wp\/v2\/product_cat?post=103780"},{"taxonomy":"product_tag","embeddable":true,"href":"https:\/\/soydeaqui.ddns.net\/pachuca\/index.php\/wp-json\/wp\/v2\/product_tag?post=103780"}],"curies":[{"name":"wp","href":"https:\/\/api.w.org\/{rel}","templated":true}]}}