{"id":103768,"date":"2026-03-20T13:59:50","date_gmt":"2026-03-20T13:59:50","guid":{"rendered":"https:\/\/soydeaqui.ddns.net\/pachuca\/index.php\/producto\/servidor-de-almacenamiento-en-red-soporta-16-discos-duros-incluye-16-discos-de-8-tb-soporta-hasta-320-canales-ip-controlador-simple\/"},"modified":"2026-03-20T13:59:52","modified_gmt":"2026-03-20T13:59:52","slug":"servidor-de-almacenamiento-en-red-soporta-16-discos-duros-incluye-16-discos-de-8-tb-soporta-hasta-320-canales-ip-controlador-simple","status":"publish","type":"product","link":"https:\/\/soydeaqui.ddns.net\/pachuca\/index.php\/producto\/servidor-de-almacenamiento-en-red-soporta-16-discos-duros-incluye-16-discos-de-8-tb-soporta-hasta-320-canales-ip-controlador-simple\/","title":{"rendered":"Servidor de Almacenamiento en Red \/ Soporta 16 Discos Duros (Incluye 16 Discos de 8 TB) \/ Soporta Hasta 320 Canales IP \/ Controlador Simple"},"content":{"rendered":"<div style='width: 100%; max-width: 1200px; margin: 0 auto; font-family: sans-serif; line-height: 1.6; color: inherit; background-color: transparent;'>\n<p style='margin: 0 0 10px; text-align: center;'> <img style='width: 45%; height: auto; border: 1px solid rgba(150&comma;150&comma;150&comma;0.3); border-radius: 8px;' src='https:\/\/ftp3.syscom.mx\/usuarios\/jsosa\/HIKVISION\/imagenes\/logo\/hikvision%20see%20far.png' alt='Logo Hikvision'> <\/p>\n<p> <!-- Secci\u00f3n de caracter\u00edsticas en dos columnas --> <\/p>\n<div style='display: flex; flex-wrap: wrap; gap: 30px; margin: 30px 0;'>\n<div style='flex: 1 1 400px; min-width: 280px;'>\n<div style='border-left: 5px solid #ff0000; border-radius: 8px; overflow: hidden; box-shadow: 2px 2px 10px rgba(150&comma;150&comma;150&comma;0.3);'>\n<div style='padding: 15px; background: rgba(255&comma;0&comma;0&comma;0.05); font-weight: bold; font-size: 18px; color: inherit; border-bottom: 1px solid rgba(150&comma;150&comma;150&comma;0.2);'>Caracter\u00edsticas principales:<\/div>\n<div style='padding: 15px; color: inherit;'>\n<ul style='padding-left: 20px; margin: 0; font-size: 14px; list-style-position: outside;'>\n<li style='margin-bottom: 8px;'>Compatible con DVR \/ NVR Epcom y HIKVISION.<\/li>\n<li style='margin-bottom: 8px;'>Compatible con sistemas de Hik-Central Professional (no requiere licencias adicionales para grabar solo las de video).<\/li>\n<li style='margin-bottom: 8px;'>Soporta hasta 16 HDD internos de hasta 16 TB c\/u (Incluye 16 HDD de 8TB c\/u)<\/li>\n<li style='margin-bottom: 8px;'>Soporta compresi\u00f3n H.265+ \/ H.265 \/ H.264.<\/li>\n<li style='margin-bottom: 8px;'>Soporta Hot Swap.<\/li>\n<li style='margin-bottom: 8px;'>Soporta 1 controlador (64 bit procesador multi-core).<\/li>\n<li style='margin-bottom: 8px;'>Cuenta con 3 tarjetas de red 10\/100\/1000.<\/li>\n<li style='margin-bottom: 8px;'>Cuenta con fuente de alimentaci\u00f3n redundante.<\/li>\n<li style='margin-bottom: 8px;'>Puede grabar hasta 320 c\u00e1maras IP (usando 2 Mbps por c\u00e1mara).<\/li>\n<li style='margin-bottom: 8px;'>Maneja protocolos iSCSI \/ RTSP \/ ONVIF \/ PSIA.<\/li>\n<li style='margin-bottom: 8px;'>Soporta arreglo RAID 0 \/ 1 \/ 3 \/ 5 \/ 6 \/ 10 \/ 50 \/ JBOD \/ Hot-Spare.<\/li>\n<\/ul><\/div>\n<\/p><\/div>\n<\/p><\/div>\n<div style='flex: 1 1 400px; min-width: 280px;'>\n<div style='border-left: 5px solid #ff0000; border-radius: 8px; overflow: hidden; box-shadow: 2px 2px 10px rgba(150&comma;150&comma;150&comma;0.3);'>\n<div style='padding: 15px; background: rgba(255&comma;0&comma;0&comma;0.05); font-weight: bold; font-size: 18px; color: inherit; border-bottom: 1px solid rgba(150&comma;150&comma;150&comma;0.2);'>Caracter\u00edsticas F\u00edsicas y El\u00e9ctricas:<\/div>\n<div style='padding: 15px; color: inherit;'>\n<ul style='padding-left: 20px; margin: 0; font-size: 14px; list-style-position: outside;'>\n<li style='margin-bottom: 8px;'>Dimensiones: 486 x 535 x 134 mm<\/li>\n<li style='margin-bottom: 8px;'>Peso: 20 Kg (sin HDD).<\/li>\n<li style='margin-bottom: 8px;'>Ocupa 3 unidades de rack (19&#8242;).<\/li>\n<li style='margin-bottom: 8px;'>Alimentaci\u00f3n: 550 W.<\/li>\n<li style='margin-bottom: 8px;'>Garant\u00eda: 3 a\u00f1os.<\/li>\n<\/ul><\/div>\n<\/p><\/div>\n<\/p><\/div>\n<\/p><\/div>\n<p> <!-- Descripci\u00f3n general --> <\/p>\n<div style='margin: 30px 0;'>\n<p style='text-align: justify; font-size: 15px; margin: 0 0 15px; color: inherit;'> <strong>La serie DS-A81 es una estructura controladora de almacenamiento en red para proyectos a gran escala con altas demandas de seguridad de los datos.<\/strong> <\/p>\n<p style='text-align: justify; font-size: 15px; margin: 0 0 15px; color: inherit;'> <strong>El Hybrid SAN crea una red con acceso a servidores de almacenamiento de datos e integra la tecnolog\u00eda \u00fanica de trasnmision directa de video de Hikvsion&comma; asi como tambi\u00e9n es compatible con IPSAN.<\/strong> <\/p>\n<p style='text-align: justify; font-size: 15px; margin: 0; color: inherit;'> <strong>Los sistemas Hybird SAN de Hikvision realmente hace que las aplicaciones sean simples&comma; flexibles y econ\u00f3micas.<\/strong> <\/p>\n<\/p><\/div>\n<p> <!-- Imagen final --> <\/p>\n<div style='margin: 30px 0;'> <img style='width: 100%; height: auto; border: 1px solid rgba(150&comma;150&comma;150&comma;0.3); border-radius: 8px;' src='http:\/\/ftp3.syscom.mx\/usuarios\/yalvarado\/hikvision\/CVR\/CVR.PNG' alt='Diagrama del sistema'> <\/div>\n<p> <!-- Separador final --> <\/p>\n<hr style='border: 0; border-top: 1px solid rgba(150&comma; 150&comma; 150&comma; 0.3); margin: 30px 0;'> <\/div>\n","protected":false},"excerpt":{"rendered":"<p>Servidor de Almacenamiento en Red \/ Soporta 16 Discos Duros (Incluye 16 Discos de 8 TB) \/ Soporta Hasta 320 Canales IP \/ Controlador Simple<\/p>\n","protected":false},"featured_media":103767,"comment_status":"open","ping_status":"closed","template":"","meta":[],"product_brand":[],"product_cat":[2064],"product_tag":[2066,54,2065],"class_list":{"0":"post-103768","1":"product","2":"type-product","3":"status-publish","4":"has-post-thumbnail","6":"product_cat-almacenamiento-nas-san-esata","7":"product_tag-almacenamiento-nas-san-esata","8":"product_tag-hikvision","9":"product_tag-servidores-almacenamiento","11":"first","12":"outofstock","13":"sale","14":"shipping-taxable","15":"purchasable","16":"product-type-simple"},"_links":{"self":[{"href":"https:\/\/soydeaqui.ddns.net\/pachuca\/index.php\/wp-json\/wp\/v2\/product\/103768","targetHints":{"allow":["GET"]}}],"collection":[{"href":"https:\/\/soydeaqui.ddns.net\/pachuca\/index.php\/wp-json\/wp\/v2\/product"}],"about":[{"href":"https:\/\/soydeaqui.ddns.net\/pachuca\/index.php\/wp-json\/wp\/v2\/types\/product"}],"replies":[{"embeddable":true,"href":"https:\/\/soydeaqui.ddns.net\/pachuca\/index.php\/wp-json\/wp\/v2\/comments?post=103768"}],"wp:featuredmedia":[{"embeddable":true,"href":"https:\/\/soydeaqui.ddns.net\/pachuca\/index.php\/wp-json\/wp\/v2\/media\/103767"}],"wp:attachment":[{"href":"https:\/\/soydeaqui.ddns.net\/pachuca\/index.php\/wp-json\/wp\/v2\/media?parent=103768"}],"wp:term":[{"taxonomy":"product_brand","embeddable":true,"href":"https:\/\/soydeaqui.ddns.net\/pachuca\/index.php\/wp-json\/wp\/v2\/product_brand?post=103768"},{"taxonomy":"product_cat","embeddable":true,"href":"https:\/\/soydeaqui.ddns.net\/pachuca\/index.php\/wp-json\/wp\/v2\/product_cat?post=103768"},{"taxonomy":"product_tag","embeddable":true,"href":"https:\/\/soydeaqui.ddns.net\/pachuca\/index.php\/wp-json\/wp\/v2\/product_tag?post=103768"}],"curies":[{"name":"wp","href":"https:\/\/api.w.org\/{rel}","templated":true}]}}