{"id":103737,"date":"2026-03-20T13:58:14","date_gmt":"2026-03-20T13:58:14","guid":{"rendered":"https:\/\/soydeaqui.ddns.net\/pachuca\/index.php\/producto\/silicon-sellador-transparente-de-uso-general-280-ml\/"},"modified":"2026-03-20T13:58:16","modified_gmt":"2026-03-20T13:58:16","slug":"silicon-sellador-transparente-de-uso-general-280-ml","status":"publish","type":"product","link":"https:\/\/soydeaqui.ddns.net\/pachuca\/index.php\/producto\/silicon-sellador-transparente-de-uso-general-280-ml\/","title":{"rendered":"Silic\u00f3n Sellador Transparente de Uso General (280 ml)."},"content":{"rendered":"<div style='width: 100%; max-width: 1200px; margin: 0 auto; font-family: sans-serif; line-height: 1.6; color: inherit; background-color: transparent;'>\n<div style='display: flex; flex-wrap: wrap; gap: 30px; margin-bottom: 30px;'>\n<div style='flex: 1 1 300px; min-width: 280px;'>\n<h3 style='font-size: 22px; border-bottom: 2px solid currentColor; padding-bottom: 5px; margin-top: 0; color: inherit; opacity: 0.8;'>Silic\u00f3n de uso general<\/h3>\n<ul style='padding-left: 20px; font-size: 15px; color: inherit;'>\n<li style='margin-bottom: 5px;'>Para evitar fugas y filtraciones<\/li>\n<li style='margin-bottom: 5px;'>Para todo tipo de juntas en zonas h\u00famedas (canceles de ba\u00f1o&comma; cocinas&comma; sauna&comma; etc.)<\/li>\n<li style='margin-bottom: 5px;'>Se mantiene flexible desde temperaturas de -40 \u00b0C hasta m\u00e1s de 100 \u00b0C<\/li>\n<li style='margin-bottom: 5px;'>Se recomienda el uso con calafateadora <a style='color: #005cb9; text-decoration: underline; font-weight: 600;' href='https:\/\/www.syscom.mx\/principal\/searchcont?route=SYS-PSF4-SURTEK-211730&#038;autodetect=SYS-PSF4_SURTEK'>SYS-PSF4<\/a> (se vende por separado)<\/li>\n<\/ul><\/div>\n<\/p><\/div>\n<div style='display: flex; flex-wrap: wrap; gap: 30px; margin-bottom: 30px;'>\n<div style='flex: 1 1 300px; min-width: 280px;'>\n<h3 style='font-size: 22px; border-bottom: 2px solid currentColor; padding-bottom: 5px; margin-top: 0; color: inherit; opacity: 0.8;'>Forma de uso<\/h3>\n<ul style='padding-left: 20px; font-size: 15px; color: inherit;'>\n<li style='margin-bottom: 5px;'>Se destapa el borde del empaque con ayuda de una navaja<\/li>\n<li style='margin-bottom: 5px;'>Se coloca en la pistola de aplicaci\u00f3n (calafateadora no incluida)<\/li>\n<li style='margin-bottom: 5px;'>Se deposita el contenido sobre la superficie deseada<\/li>\n<li style='margin-bottom: 5px;'>El silic\u00f3n forma una pel\u00edcula superficial a los 5 minutos&comma; a los 15 ya se presenta seco al tacto y en 24 horas estar\u00e1 completamente seco<\/li>\n<\/ul><\/div>\n<\/p><\/div>\n<hr style='border: 0; border-top: 1px solid rgba(150&comma; 150&comma; 150&comma; 0.3); margin: 30px 0;'> <\/div>\n","protected":false},"excerpt":{"rendered":"<p>Silic\u00f3n Sellador Transparente de Uso General (280 ml).<\/p>\n","protected":false},"featured_media":103736,"comment_status":"open","ping_status":"closed","template":"","meta":[],"product_brand":[],"product_cat":[24],"product_tag":[26,25,446],"class_list":{"0":"post-103737","1":"product","2":"type-product","3":"status-publish","4":"has-post-thumbnail","6":"product_cat-accesorios-de-instalacion","7":"product_tag-accesorios-de-instalacion","8":"product_tag-herramientas","9":"product_tag-surtek","11":"first","12":"instock","13":"sale","14":"shipping-taxable","15":"purchasable","16":"product-type-simple"},"_links":{"self":[{"href":"https:\/\/soydeaqui.ddns.net\/pachuca\/index.php\/wp-json\/wp\/v2\/product\/103737","targetHints":{"allow":["GET"]}}],"collection":[{"href":"https:\/\/soydeaqui.ddns.net\/pachuca\/index.php\/wp-json\/wp\/v2\/product"}],"about":[{"href":"https:\/\/soydeaqui.ddns.net\/pachuca\/index.php\/wp-json\/wp\/v2\/types\/product"}],"replies":[{"embeddable":true,"href":"https:\/\/soydeaqui.ddns.net\/pachuca\/index.php\/wp-json\/wp\/v2\/comments?post=103737"}],"wp:featuredmedia":[{"embeddable":true,"href":"https:\/\/soydeaqui.ddns.net\/pachuca\/index.php\/wp-json\/wp\/v2\/media\/103736"}],"wp:attachment":[{"href":"https:\/\/soydeaqui.ddns.net\/pachuca\/index.php\/wp-json\/wp\/v2\/media?parent=103737"}],"wp:term":[{"taxonomy":"product_brand","embeddable":true,"href":"https:\/\/soydeaqui.ddns.net\/pachuca\/index.php\/wp-json\/wp\/v2\/product_brand?post=103737"},{"taxonomy":"product_cat","embeddable":true,"href":"https:\/\/soydeaqui.ddns.net\/pachuca\/index.php\/wp-json\/wp\/v2\/product_cat?post=103737"},{"taxonomy":"product_tag","embeddable":true,"href":"https:\/\/soydeaqui.ddns.net\/pachuca\/index.php\/wp-json\/wp\/v2\/product_tag?post=103737"}],"curies":[{"name":"wp","href":"https:\/\/api.w.org\/{rel}","templated":true}]}}