{"id":103609,"date":"2026-03-20T13:52:06","date_gmt":"2026-03-20T13:52:06","guid":{"rendered":"https:\/\/soydeaqui.ddns.net\/pachuca\/index.php\/producto\/doble-poder-de-decodificacion-nvr-32-megapixel-8k-32-canales-ip-acusense-anpr-conteo-de-personas-heat-map-16-bahias-de-disco-duro-soporta-raid-con-hot-swap-2-hdmi-en-8k-soporta-p\/"},"modified":"2026-03-20T13:52:07","modified_gmt":"2026-03-20T13:52:07","slug":"doble-poder-de-decodificacion-nvr-32-megapixel-8k-32-canales-ip-acusense-anpr-conteo-de-personas-heat-map-16-bahias-de-disco-duro-soporta-raid-con-hot-swap-2-hdmi-en-8k-soporta-p","status":"publish","type":"product","link":"https:\/\/soydeaqui.ddns.net\/pachuca\/index.php\/producto\/doble-poder-de-decodificacion-nvr-32-megapixel-8k-32-canales-ip-acusense-anpr-conteo-de-personas-heat-map-16-bahias-de-disco-duro-soporta-raid-con-hot-swap-2-hdmi-en-8k-soporta-p\/","title":{"rendered":"[Doble Poder de Decodificaci\u00f3n] NVR 32 Megapixel (8K) \/ 32 Canales IP \/ AcuSense \/ ANPR \/ Conteo de Personas \/ Heat Map \/ 16 Bah\u00edas de Disco Duro \/ Soporta RAID con Hot Swap \/ 2 HDMI en 8K \/ Soporta POS \/ Alarmas I\/O \/ Smart Search"},"content":{"rendered":"<div style='width: 100%; max-width: 1200px; margin: 0 auto; font-family: sans-serif; line-height: 1.6; color: inherit; background-color: transparent;'>\n<p style='text-align: center; margin: 0; padding: 15px 0;'> <img style='width: 100%; max-width: 400px; height: auto; border: 1px solid rgba(150&comma;150&comma;150&comma;0.3); border-radius: 8px;' src='https:\/\/ftp3.syscom.mx\/usuarios\/jsosa\/HIKVISION\/imagenes\/logo\/hikvision%20see%20far.png' alt='Logo Hikvision'> <\/p>\n<div style='display: flex; flex-wrap: wrap; gap: 30px; margin-top: 30px;'> <!-- Columna 1 --> <\/p>\n<div style='flex: 1 1 300px; min-width: 280px;'>\n<div style='border: 1px solid rgba(150&comma; 150&comma; 150&comma; 0.4); border-radius: 8px; overflow: hidden; margin-bottom: 20px;'>\n<div style='padding: 15px; background: #df001e; color: #ffffff; font-weight: bold; font-size: 16px; border-bottom: 1px solid #a80000;'>Caracter\u00edsticas Principales:<\/div>\n<div style='padding: 15px;'>\n<ul style='padding-left: 20px; margin: 0; font-size: 14px; list-style-type: disc; color: inherit;'>\n<li style='margin-bottom: 8px;'>Compresi\u00f3n de video: H.265+ \/ H.265 \/ H.264+ \/ H.264<\/li>\n<li style='margin-bottom: 8px;'>Soporta mouse USB para operar (incluido)<\/li>\n<li style='margin-bottom: 8px;'>Soporta 16 HDD\u00b4s de hasta 16 TB (no incluidos)<\/li>\n<li style='margin-bottom: 8px;'>Soporta Hot Swap con arreglo RAID 0&comma;1&comma;5&comma;6&comma;10<\/li>\n<li style='margin-bottom: 8px;'>Soporta b\u00fasqueda de agenda en forma local o remota<\/li>\n<li style='margin-bottom: 8px;'>Soporta Hot Spare para que nunca se pierda la grabaci\u00f3n (requiere otro NVR compatible)<\/li>\n<li style='margin-bottom: 8px;'>Soporta DDNS (Hik-Connect&comma; DynDNS&comma; No-IP&comma; etc)<\/li>\n<li style='margin-bottom: 8px;'>Soporta Hik-Connect (P2P) <a style='color: inherit; text-decoration: underline;' href='https:\/\/appstore.hikvision.com\/' target='_blank' rel='noopener'>https:\/\/appstore.hikvision.com\/<\/a><\/li>\n<li style='margin-bottom: 8px;'>Acceso remoto v\u00eda tel\u00e9fono: Android&comma; iPhone&comma; iPad (Hik-Connect)<\/li>\n<li style='margin-bottom: 8px;'>Software cliente IVMS-4200 (gratuito)<\/li>\n<\/ul><\/div>\n<\/p><\/div>\n<div style='border: 1px solid rgba(150&comma; 150&comma; 150&comma; 0.4); border-radius: 8px; overflow: hidden; margin-bottom: 20px;'>\n<div style='padding: 15px; background: #df001e; color: #ffffff; font-weight: bold; font-size: 16px; border-bottom: 1px solid #a80000;'>Interfaces Entradas y Salidas:<\/div>\n<div style='padding: 15px;'>\n<ul style='padding-left: 20px; margin: 0; font-size: 14px; list-style-type: disc; color: inherit;'>\n<li style='margin-bottom: 8px;'>Salida simult\u00e1nea HDMI 1 y VGA 1<\/li>\n<li style='margin-bottom: 8px;'>Salida simult\u00e1nea HDMI 2 y VGA 2<\/li>\n<li style='margin-bottom: 8px;'>Resoluci\u00f3n HDMI 1: 8K \/ 4K \/ 1080p \/ 720p<\/li>\n<li style='margin-bottom: 8px;'>Resoluci\u00f3n HDMI 2: 4K \/ 1080p \/ 720p<\/li>\n<li style='margin-bottom: 8px;'>Resoluci\u00f3n VGA 1: 1080p \/ 720p<\/li>\n<li style='margin-bottom: 8px;'>Resoluci\u00f3n VGA 2: 1080p \/ 720p<\/li>\n<li style='margin-bottom: 8px;'>Entrada de Audio: 1<\/li>\n<li style='margin-bottom: 8px;'>Salida de Audio: 2<\/li>\n<li style='margin-bottom: 8px;'>Entrada de Alarma: 16<\/li>\n<li style='margin-bottom: 8px;'>Salida de Alarma: 9<\/li>\n<li style='margin-bottom: 8px;'>Soporta audio bidireccional (audio de dos vias)<\/li>\n<\/ul><\/div>\n<\/p><\/div>\n<div style='border: 1px solid rgba(150&comma; 150&comma; 150&comma; 0.4); border-radius: 8px; overflow: hidden; margin-bottom: 20px;'>\n<div style='padding: 15px; background: #df001e; color: #ffffff; font-weight: bold; font-size: 16px; border-bottom: 1px solid #a80000;'>Capacidad de procesamiento y funciones de red:<\/div>\n<div style='padding: 15px;'>\n<ul style='padding-left: 20px; margin: 0; font-size: 14px; list-style-type: disc; color: inherit;'>\n<li style='margin-bottom: 8px;'>Throughput entrada: 320 Mbps<\/li>\n<li style='margin-bottom: 8px;'>Throughput salida: 400 Mbps<\/li>\n<li style='margin-bottom: 8px;'>2 Puertos red 10 \/ 100 \/ 1000 Mbps (LAN)<\/li>\n<li style='margin-bottom: 8px;'>Configuraci\u00f3n local y remota de par\u00e1metros<\/li>\n<li style='margin-bottom: 8px;'>Descarga y reproducci\u00f3n por red de los archivos grabados en la NVR<\/li>\n<li style='margin-bottom: 8px;'>Soporta la descarga de bit\u00e1cora de alarmas del NVR en forma remota<\/li>\n<\/ul><\/div>\n<\/p><\/div>\n<\/p><\/div>\n<p> <!-- Columna 2 --> <\/p>\n<div style='flex: 1 1 300px; min-width: 280px;'>\n<div style='border: 1px solid rgba(150&comma; 150&comma; 150&comma; 0.4); border-radius: 8px; overflow: hidden; margin-bottom: 20px;'>\n<div style='padding: 15px; background: #df001e; color: #ffffff; font-weight: bold; font-size: 16px; border-bottom: 1px solid #a80000;'>Caracter\u00edsticas F\u00edsicas y El\u00e9ctricas:<\/div>\n<div style='padding: 15px;'>\n<ul style='padding-left: 20px; margin: 0; font-size: 14px; list-style-type: disc; color: inherit;'>\n<li style='margin-bottom: 8px;'>Dimensiones: 445 \u00d7 496 \u00d7 150 mm (3 U Rack)<\/li>\n<li style='margin-bottom: 8px;'>Alimentaci\u00f3n: 100 a 240Vca \/ 50 W<\/li>\n<li style='margin-bottom: 8px;'>Temperatura de operaci\u00f3n: -10\u00b0C a 55\u00b0C<\/li>\n<li style='margin-bottom: 8px;'>Peso: 12.5 Kg sin HDD<\/li>\n<\/ul><\/div>\n<\/p><\/div>\n<div style='border: 1px solid rgba(150&comma; 150&comma; 150&comma; 0.4); border-radius: 8px; overflow: hidden; margin-bottom: 20px;'>\n<div style='padding: 15px; background: #df001e; color: #ffffff; font-weight: bold; font-size: 16px; border-bottom: 1px solid #a80000;'>Funci\u00f3n de Grabaci\u00f3n y Visualizaci\u00f3n:<\/div>\n<div style='padding: 15px;'>\n<ul style='padding-left: 20px; margin: 0; font-size: 14px; list-style-type: disc; color: inherit;'>\n<li style='margin-bottom: 8px;'>Detecci\u00f3n de movimiento multizona<\/li>\n<li style='margin-bottom: 8px;'>Zoom digital en visualizaci\u00f3n y grabaci\u00f3n<\/li>\n<li style='margin-bottom: 8px;'>Dual stream (main stream y sub stream)<\/li>\n<li style='margin-bottom: 8px;'>Soporta avance r\u00e1pido&comma; lento&comma; cuadro a cuadro&comma; etc.<\/li>\n<li style='margin-bottom: 8px;'>Soporta tecnolog\u00eda de discos duros S.M.A.R.T.<\/li>\n<li style='margin-bottom: 8px;'>Soporta m\u00faltiples tipos de grabaci\u00f3n<\/li>\n<li style='margin-bottom: 8px;'>Soporta grabaci\u00f3n c\u00edclica (sobreescritura) y no c\u00edclica<\/li>\n<\/ul><\/div>\n<\/p><\/div>\n<div style='border: 1px solid rgba(150&comma; 150&comma; 150&comma; 0.4); border-radius: 8px; overflow: hidden; margin-bottom: 20px;'>\n<div style='padding: 15px; background: #df001e; color: #ffffff; font-weight: bold; font-size: 16px; border-bottom: 1px solid #a80000;'>Resoluci\u00f3n de Grabaci\u00f3n por Canal (recomendado con H.265):<\/div>\n<div style='padding: 15px;'>\n<ul style='padding-left: 20px; margin: 0; font-size: 14px; list-style-type: disc; color: inherit;'>\n<li style='margin-bottom: 8px;'>2 MP (1080P): 32 Canales &#8211; 30 IPS<\/li>\n<li style='margin-bottom: 8px;'>4 MP: 32 Canales &#8211; 30 IPS<\/li>\n<li style='margin-bottom: 8px;'>5 MP: 32 Canales &#8211; 30 IPS<\/li>\n<li style='margin-bottom: 8px;'>6 MP: 32 Canales &#8211; 30 IPS<\/li>\n<li style='margin-bottom: 8px;'>4K (8 MP): 32 Canales &#8211; 30 IPS<\/li>\n<li style='margin-bottom: 8px;'>8K (12 MP): 32 Canales &#8211; 22 IPS<\/li>\n<li style='margin-bottom: 8px;'>Reproducci\u00f3n s\u00edncrona en canales: 16 Canales<\/li>\n<\/ul><\/div>\n<\/p><\/div>\n<\/p><\/div>\n<p> <!-- Columna 3 --> <\/p>\n<div style='flex: 1 1 300px; min-width: 280px;'>\n<div style='border: 1px solid rgba(150&comma; 150&comma; 150&comma; 0.4); border-radius: 8px; overflow: hidden; margin-bottom: 20px;'>\n<div style='padding: 15px; background: #df001e; color: #ffffff; font-weight: bold; font-size: 16px; border-bottom: 1px solid #a80000;'>Caracter\u00edsticas destacadas:<\/div>\n<div style='padding: 15px;'>\n<h4 style='margin-top: 0; margin-bottom: 10px; font-size: 16px; color: inherit; opacity: 0.9;'>ACUSENSE (Filtro de Falsas Alarmas):<\/h4>\n<ul style='padding-left: 20px; margin: 0 0 15px 20px; font-size: 14px; list-style-type: disc; color: inherit;'>\n<li style='margin-bottom: 8px;'>Evita falsas alarmas como movimiento de \u00e1rboles&comma; animales&comma; etc.<\/li>\n<li style='margin-bottom: 8px;'>Detecta cuerpo humano y veh\u00edculos para eventos importantes<\/li>\n<li style='margin-bottom: 8px;'>Soporta hasta 32 canales con c\u00e1maras ACUSENSE<\/li>\n<li style='margin-bottom: 8px;'>Soporta hasta 32 canales con ACUSENSE Lite (detecci\u00f3n de movimiento)<\/li>\n<\/ul>\n<h4 style='margin-top: 0; margin-bottom: 10px; font-size: 16px; color: inherit; opacity: 0.9;'>Soporta POS (Punto de Venta):<\/h4>\n<ul style='padding-left: 20px; margin: 0 0 15px 20px; font-size: 14px; list-style-type: disc; color: inherit;'>\n<li style='margin-bottom: 8px;'>Soporta 16 canales con integraci\u00f3n POS<\/li>\n<li style='margin-bottom: 8px;'>Recomendado para sistemas POS que soporten impresi\u00f3n f\u00edsica y digital<\/li>\n<\/ul>\n<h4 style='margin-top: 0; margin-bottom: 10px; font-size: 16px; color: inherit; opacity: 0.9;'>Heat Map (Mapa de Calor):<\/h4>\n<ul style='padding-left: 20px; margin: 0 0 15px 20px; font-size: 14px; list-style-type: disc; color: inherit;'>\n<li style='margin-bottom: 8px;'>An\u00e1lisis de movimiento mediante c\u00e1maras con anal\u00edtica de calor<\/li>\n<li style='margin-bottom: 8px;'>Permite an\u00e1lisis de movimientos frecuentes en escenarios<\/li>\n<\/ul>\n<h4 style='margin-top: 0; margin-bottom: 10px; font-size: 16px; color: inherit; opacity: 0.9;'>People Counting (Conteo de Personas):<\/h4>\n<ul style='padding-left: 20px; margin: 0 0 15px 20px; font-size: 14px; list-style-type: disc; color: inherit;'>\n<li style='margin-bottom: 8px;'>Conteo de personas mediante c\u00e1maras IP con anal\u00edtica<\/li>\n<li style='margin-bottom: 8px;'>An\u00e1lisis mediante captura facial<\/li>\n<\/ul>\n<h4 style='margin-top: 0; margin-bottom: 10px; font-size: 16px; color: inherit; opacity: 0.9;'>ANPR (Lectura de Placas):<\/h4>\n<ul style='padding-left: 20px; margin: 0 0 15px 20px; font-size: 14px; list-style-type: disc; color: inherit;'>\n<li style='margin-bottom: 8px;'>Lectura de placas mediante c\u00e1maras con anal\u00edtica ANPR<\/li>\n<li style='margin-bottom: 8px;'>Almacena informaci\u00f3n de veh\u00edculos: tipo&comma; color&comma; tama\u00f1o&comma; etc.<\/li>\n<\/ul>\n<h4 style='margin-top: 0; margin-bottom: 10px; font-size: 16px; color: inherit; opacity: 0.9;'>Consideraciones:<\/h4>\n<ul style='padding-left: 20px; margin: 0 0 15px 20px; font-size: 14px; list-style-type: disc; color: inherit;'>\n<li style='margin-bottom: 8px;'>No se pueden ver todas las c\u00e1maras simult\u00e1neamente en salida HDMI<\/li>\n<li style='margin-bottom: 8px;'>Recomendado usar software cliente (iVMS-4200&comma; interfaz web o Hik-Central)<\/li>\n<li style='margin-bottom: 8px;'>RAID requiere m\u00ednimo 3 discos de 4 TB<\/li>\n<\/ul><\/div>\n<\/p><\/div>\n<\/p><\/div>\n<\/p><\/div>\n<hr style='border: 0; border-top: 1px solid rgba(150&comma; 150&comma; 150&comma; 0.3); margin: 30px 0;'>\n<p style='margin: 0; padding: 15px 0;'> <img style='width: 100%; max-width: 1200px; height: auto; border: 1px solid rgba(150&comma;150&comma;150&comma;0.3); border-radius: 8px;' src='https:\/\/ftp3.syscom.mx\/usuarios\/jsosa\/HIKVISION\/imagenes\/banners\/solution%20complete.png' alt='Soluci\u00f3n completa'> <\/p>\n<\/p><\/div>\n","protected":false},"excerpt":{"rendered":"<p>[Doble Poder de Decodificaci\u00f3n] NVR 32 Megapixel (8K) \/ 32 Canales IP \/ AcuSense \/ ANPR \/ Conteo de Personas \/ Heat Map \/ 16 Bah\u00edas de Disco Duro \/ Soporta RAID con Hot Swap \/ 2 HDMI en 8K \/ Soporta POS \/ Alarmas I\/O \/ Smart Search<\/p>\n","protected":false},"featured_media":103608,"comment_status":"open","ping_status":"closed","template":"","meta":[],"product_brand":[],"product_cat":[2234],"product_tag":[122,54,2235],"class_list":{"0":"post-103609","1":"product","2":"type-product","3":"status-publish","4":"has-post-thumbnail","6":"product_cat-nvrs-network-video-recorders","7":"product_tag-camaras-ip-y-nvrs","8":"product_tag-hikvision","9":"product_tag-nvrs-network-video-recorders","11":"first","12":"instock","13":"sale","14":"shipping-taxable","15":"purchasable","16":"product-type-simple"},"_links":{"self":[{"href":"https:\/\/soydeaqui.ddns.net\/pachuca\/index.php\/wp-json\/wp\/v2\/product\/103609","targetHints":{"allow":["GET"]}}],"collection":[{"href":"https:\/\/soydeaqui.ddns.net\/pachuca\/index.php\/wp-json\/wp\/v2\/product"}],"about":[{"href":"https:\/\/soydeaqui.ddns.net\/pachuca\/index.php\/wp-json\/wp\/v2\/types\/product"}],"replies":[{"embeddable":true,"href":"https:\/\/soydeaqui.ddns.net\/pachuca\/index.php\/wp-json\/wp\/v2\/comments?post=103609"}],"wp:featuredmedia":[{"embeddable":true,"href":"https:\/\/soydeaqui.ddns.net\/pachuca\/index.php\/wp-json\/wp\/v2\/media\/103608"}],"wp:attachment":[{"href":"https:\/\/soydeaqui.ddns.net\/pachuca\/index.php\/wp-json\/wp\/v2\/media?parent=103609"}],"wp:term":[{"taxonomy":"product_brand","embeddable":true,"href":"https:\/\/soydeaqui.ddns.net\/pachuca\/index.php\/wp-json\/wp\/v2\/product_brand?post=103609"},{"taxonomy":"product_cat","embeddable":true,"href":"https:\/\/soydeaqui.ddns.net\/pachuca\/index.php\/wp-json\/wp\/v2\/product_cat?post=103609"},{"taxonomy":"product_tag","embeddable":true,"href":"https:\/\/soydeaqui.ddns.net\/pachuca\/index.php\/wp-json\/wp\/v2\/product_tag?post=103609"}],"curies":[{"name":"wp","href":"https:\/\/api.w.org\/{rel}","templated":true}]}}