{"id":103560,"date":"2026-03-20T13:49:37","date_gmt":"2026-03-20T13:49:37","guid":{"rendered":"https:\/\/soydeaqui.ddns.net\/pachuca\/index.php\/producto\/dvr-16-canales-turbohd-4-canales-ip-4-megapixel-4-bahias-de-disco-duro-4-canales-de-audio-videoanalisis-16-entradas-de-alarma\/"},"modified":"2026-03-20T13:49:52","modified_gmt":"2026-03-20T13:49:52","slug":"dvr-16-canales-turbohd-4-canales-ip-4-megapixel-4-bahias-de-disco-duro-4-canales-de-audio-videoanalisis-16-entradas-de-alarma","status":"publish","type":"product","link":"https:\/\/soydeaqui.ddns.net\/pachuca\/index.php\/producto\/dvr-16-canales-turbohd-4-canales-ip-4-megapixel-4-bahias-de-disco-duro-4-canales-de-audio-videoanalisis-16-entradas-de-alarma\/","title":{"rendered":"DVR 16 Canales TurboHD + 4 Canales IP \/ 4 Megapixel \/ 4 Bah\u00edas de Disco Duro \/ 4 Canales de Audio \/ Videoanalisis \/ 16 Entradas de Alarma"},"content":{"rendered":"<div style='width: 100%; max-width: 1200px; margin: 0 auto; font-family: sans-serif; line-height: 1.6; color: inherit; background-color: transparent;'> <!-- Video YouTube --> <\/p>\n<div style='position: relative; padding-bottom: 56.25%; height: 0; overflow: hidden; margin-bottom: 30px;'>   <\/div>\n<p> <!-- Imagen --> <img style='width: 100%; height: auto; border: 1px solid rgba(150&comma;150&comma;150&comma;0.3); border-radius: 8px; margin-bottom: 30px;' src='https:\/\/ftp3.syscom.mx\/usuarios\/fotos\/DS7208HQHIK1\/97560-pentahi.jpg' alt=''> <!-- Nota importante --> <\/p>\n<div style='margin-bottom: 30px;'>\n<h3 style='font-size: 22px; border-bottom: 2px solid currentColor; padding-bottom: 5px; margin-top: 0; color: inherit; opacity: 0.8;'>Nota importante<\/h3>\n<p style='margin-bottom: 15px; color: inherit;'>Gracias a las nuevas actualizaciones (mejoras) ahora el DVR permite aceptar c\u00e1maras TURBOHD de 4 Megapixel que originalmente estaba dedicado a soportar 3 Megapixel&comma; el DVR podr\u00e1 grabar a 4 Megapixel Lite&comma; quiere decir que es un acoplamiento de se\u00f1al que permite aceptar c\u00e1maras de 4 Megapixel TURBOHD con grabaci\u00f3n Lite.<\/p>\n<ul style='padding-left: 20px; font-size: 15px; color: inherit;'>\n<li style='margin-bottom: 5px;'><span style='color: #ff0000;'><strong>4 Megapixel Real = 2560 X 1440.<\/strong><\/span><\/li>\n<li style='margin-bottom: 5px;'><span style='color: #ff0000;'><strong>4 Megapixel Lite = 1280 X 1440.<\/strong><\/span><\/li>\n<\/ul><\/div>\n<p> <!-- Caracter\u00edsticas principales --> <\/p>\n<div style='margin-bottom: 30px;'>\n<h3 style='font-size: 22px; border-bottom: 2px solid currentColor; padding-bottom: 5px; margin-top: 0; color: inherit; opacity: 0.8;'>Caracter\u00edsticas principales<\/h3>\n<ul style='padding-left: 20px; font-size: 15px; color: inherit;'>\n<li style='margin-bottom: 5px;'>Sistema Pentah\u00edbrido ( AHD \/ TVI \/ CVI \/ Anal\u00f3gico \/ IP).<\/li>\n<li style='margin-bottom: 5px;'>Compresi\u00f3n: H.265+ \/ H.265 \/ H.264+ \/ H.264.<\/li>\n<li style='margin-bottom: 5px;'>16 Canales de v\u00eddeo TURBOHD + 8 canales IP = 24 canales en total.<\/li>\n<li style='margin-bottom: 5px;'>4 Entradas de audio \/ 2 salida de audio.<\/li>\n<li style='margin-bottom: 5px;'>16 Entradas de alarma \/ 4 salidas de alarma.<\/li>\n<li style='margin-bottom: 5px;'>1 Puerto de red gigabit.<\/li>\n<li style='margin-bottom: 5px;'>Capacidad para 4 discos duros SATA de hasta 10 TB (40 TB en total).<\/li>\n<li style='margin-bottom: 5px;'>Salidas de video HDMI: 4K (3840\u00d72160)&comma; 2K (2560\u00d71440)&comma; 1920\u00d71080&comma; 1280\u00d71024&comma; 1280\u00d7720&comma; 1024\u00d7768.<\/li>\n<li style='margin-bottom: 5px;'>Salida de video VGA: 1920\u00d71080&comma; 1280\u00d71024&comma; 1280\u00d7720&comma; 1024\u00d7768.<\/li>\n<li style='margin-bottom: 5px;'>Salida de video BNC en resoluci\u00f3n 4 CIF independiente.<\/li>\n<li style='margin-bottom: 5px;'>Soporta Hik-Connect (P2P).<\/li>\n<li style='margin-bottom: 5px;'>Soporta Hik-connect Domain \/ NO-IP \/ DynDNS (no soporta DDNS SYSCOM).<\/li>\n<li style='margin-bottom: 5px;'>Compatible con software cliente iVMS-4200 (Windows\/Mac) \/ Hik-Connect (Android&comma; iPhone&comma; iPad)<\/li>\n<li style='margin-bottom: 5px;'>Soporta COAXITRON para PTZ (no requiere cablear datos RS-485).<\/li>\n<li style='margin-bottom: 5px;'>Soporta POS (punto de venta).<\/li>\n<li style='margin-bottom: 5px;'>Compatible con gabinete met\u00e1lico GAB-VID2-R2.<\/li>\n<\/ul><\/div>\n<p> <!-- Nota de compatibilidad --> <\/p>\n<div style='margin-bottom: 30px; padding: 15px; border: 1px solid rgba(150&comma;150&comma;150&comma;0.3); border-radius: 8px; background-color: rgba(32&comma;33&comma;36&comma;0.04);'>\n<p style='margin: 0; color: inherit;'>Para conectar los canales IP requiere utilizar un switch\/switch poe (no incluido)<\/p>\n<\/p><\/div>\n<p> <!-- Canales de video --> <\/p>\n<div style='margin-bottom: 30px;'>\n<h3 style='font-size: 22px; border-bottom: 2px solid currentColor; padding-bottom: 5px; margin-top: 0; color: inherit; opacity: 0.8;'>Canales de video<\/h3>\n<p style='margin-bottom: 15px; color: inherit;'>El DVR permite apagar canales de v\u00eddeo anal\u00f3gicas o TURBOHD y habilitar canales de video IP&comma; podemos apagar todos los canales de video anal\u00f3gicas o TURBOHD y poder agregar 24 canales de v\u00eddeo IP.<\/p>\n<p>Por cada canal de video anal\u00f3gico o TURBOHD permite habilitar un canal de video IP.<\/p>\n<ul style='padding-left: 20px; font-size: 15px; color: inherit;'>\n<li style='margin-bottom: 5px;'>Tecnolog\u00eda CVI: 4 Megapixel Lite \/ 1080p \/ 720p.<\/li>\n<li style='margin-bottom: 5px;'>Tecnolog\u00eda AHD: 4 Megapixel Lite \/ 1080p \/ 720p.<\/li>\n<li style='margin-bottom: 5px;'>Tecnolog\u00eda TURBOHD (TVI): 4 Megapixel Lite \/ 3 Megapixel \/ 1080p \/ 720p.<\/li>\n<li style='margin-bottom: 5px;'>Tecnolog\u00eda anal\u00f3gica (CVBS): 600 TVL en adelante.<\/li>\n<li style='margin-bottom: 5px;'>Tecnolog\u00eda IP: 6 Megapixel.<\/li>\n<\/ul><\/div>\n<p> <!-- Caracter\u00edsticas f\u00edsicas y el\u00e9ctricas --> <\/p>\n<div style='margin-bottom: 30px;'>\n<h3 style='font-size: 22px; border-bottom: 2px solid currentColor; padding-bottom: 5px; margin-top: 0; color: inherit; opacity: 0.8;'>Caracter\u00edsticas f\u00edsicas y el\u00e9ctricas<\/h3>\n<ul style='padding-left: 20px; font-size: 15px; color: inherit;'>\n<li style='margin-bottom: 5px;'>Alimentaci\u00f3n \/ consumo: 100 a 240 Vca \/ 55 Watts (sin discos duros).<\/li>\n<li style='margin-bottom: 5px;'>Temperatura de operaci\u00f3n: -10\u00b0 a 55\u00b0 C.<\/li>\n<li style='margin-bottom: 5px;'>Dimensiones: 445 x 390 x 70 mm.<\/li>\n<li style='margin-bottom: 5px;'>Peso: 5 Kgs.<\/li>\n<\/ul><\/div>\n<p> <!-- Nota de resoluci\u00f3n --> <\/p>\n<div style='margin-bottom: 30px; padding: 15px; border: 1px solid rgba(150&comma;150&comma;150&comma;0.3); border-radius: 8px;'>\n<p style='margin: 0; color: #ff0000;'><strong>Nota:<\/strong> Acepta c\u00e1maras de 4MP&comma; 2MP y 1MP en todos sus canales BNC (C\u00e1maras de 3MP solo en el canal 1&comma; 2&comma; 3 y 4)<\/p>\n<\/p><\/div>\n<\/p><\/div>\n","protected":false},"excerpt":{"rendered":"<p>DVR 16 Canales TurboHD + 4 Canales IP \/ 4 Megapixel \/ 4 Bah\u00edas de Disco Duro \/ 4 Canales de Audio \/ Videoanalisis \/ 16 Entradas de Alarma<\/p>\n","protected":false},"featured_media":103559,"comment_status":"open","ping_status":"closed","template":"","meta":[],"product_brand":[],"product_cat":[2254],"product_tag":[2255,54,2256],"class_list":{"0":"post-103560","1":"product","2":"type-product","3":"status-publish","4":"has-post-thumbnail","6":"product_cat-videograbadoras-analogicas-turbohd-tvi-ahd-cvi","7":"product_tag-camaras-y-dvrs-hd-turbohd-ahd-hd-tvi","8":"product_tag-hikvision","9":"product_tag-videograbadoras-analogicas-turbohd-tvi-ahd-cvi","11":"first","12":"outofstock","13":"sale","14":"shipping-taxable","15":"purchasable","16":"product-type-simple"},"_links":{"self":[{"href":"https:\/\/soydeaqui.ddns.net\/pachuca\/index.php\/wp-json\/wp\/v2\/product\/103560","targetHints":{"allow":["GET"]}}],"collection":[{"href":"https:\/\/soydeaqui.ddns.net\/pachuca\/index.php\/wp-json\/wp\/v2\/product"}],"about":[{"href":"https:\/\/soydeaqui.ddns.net\/pachuca\/index.php\/wp-json\/wp\/v2\/types\/product"}],"replies":[{"embeddable":true,"href":"https:\/\/soydeaqui.ddns.net\/pachuca\/index.php\/wp-json\/wp\/v2\/comments?post=103560"}],"wp:featuredmedia":[{"embeddable":true,"href":"https:\/\/soydeaqui.ddns.net\/pachuca\/index.php\/wp-json\/wp\/v2\/media\/103559"}],"wp:attachment":[{"href":"https:\/\/soydeaqui.ddns.net\/pachuca\/index.php\/wp-json\/wp\/v2\/media?parent=103560"}],"wp:term":[{"taxonomy":"product_brand","embeddable":true,"href":"https:\/\/soydeaqui.ddns.net\/pachuca\/index.php\/wp-json\/wp\/v2\/product_brand?post=103560"},{"taxonomy":"product_cat","embeddable":true,"href":"https:\/\/soydeaqui.ddns.net\/pachuca\/index.php\/wp-json\/wp\/v2\/product_cat?post=103560"},{"taxonomy":"product_tag","embeddable":true,"href":"https:\/\/soydeaqui.ddns.net\/pachuca\/index.php\/wp-json\/wp\/v2\/product_tag?post=103560"}],"curies":[{"name":"wp","href":"https:\/\/api.w.org\/{rel}","templated":true}]}}