{"id":103411,"date":"2026-03-20T13:42:10","date_gmt":"2026-03-20T13:42:10","guid":{"rendered":"https:\/\/soydeaqui.ddns.net\/pachuca\/index.php\/producto\/cargador-de-20w-doble-puerto-usb-c-carga-rapida-20w20w-power-delivery-3-0-quick-charge-4-0-distribucion-automatica-de-energia-tamano-compacto-enchufe-plegable-mayor-eficiencia-energe\/"},"modified":"2026-03-20T13:42:12","modified_gmt":"2026-03-20T13:42:12","slug":"cargador-de-20w-doble-puerto-usb-c-carga-rapida-20w20w-power-delivery-3-0-quick-charge-4-0-distribucion-automatica-de-energia-tamano-compacto-enchufe-plegable-mayor-eficiencia-energe","status":"publish","type":"product","link":"https:\/\/soydeaqui.ddns.net\/pachuca\/index.php\/producto\/cargador-de-20w-doble-puerto-usb-c-carga-rapida-20w20w-power-delivery-3-0-quick-charge-4-0-distribucion-automatica-de-energia-tamano-compacto-enchufe-plegable-mayor-eficiencia-energe\/","title":{"rendered":"Cargador de 20W \/ Doble Puerto USB-C \/ Carga R\u00e1pida 20W+20W \/ Power Delivery 3.0 \/ Quick Charge 4.0 \/ Distribuci\u00f3n Autom\u00e1tica de Energ\u00eda  \/ Tama\u00f1o Compacto \/ Enchufe Plegable \/ Mayor Eficiencia Energ\u00e9tica."},"content":{"rendered":"<div style='width: 100%; max-width: 1200px; margin: 0 auto; font-family: sans-serif; line-height: 1.6; color: inherit; background-color: transparent;'> <!-- Im\u00e1genes del producto --> <\/p>\n<div style='display: flex; flex-wrap: wrap; gap: 15px; margin-bottom: 30px;'>\n<div style='flex: 1 1 300px; min-width: 280px;'> <img style='width: 100%; height: auto; border: 1px solid rgba(150&comma;150&comma;150&comma;0.3); border-radius: 8px;' src='http:\/\/ftp3.syscom.mx\/usuarios\/hallende\/UGREEN2\/Cargadores\/90299\/90299-1.jpg' alt=''> <\/div>\n<div style='flex: 1 1 300px; min-width: 280px;'> <img style='width: 100%; height: auto; border: 1px solid rgba(150&comma;150&comma;150&comma;0.3); border-radius: 8px;' src='http:\/\/ftp3.syscom.mx\/usuarios\/hallende\/UGREEN2\/Cargadores\/90299\/90299-2.jpg' alt=''> <\/div>\n<div style='flex: 1 1 300px; min-width: 280px;'> <img style='width: 100%; height: auto; border: 1px solid rgba(150&comma;150&comma;150&comma;0.3); border-radius: 8px;' src='http:\/\/ftp3.syscom.mx\/usuarios\/hallende\/UGREEN2\/Cargadores\/90299\/90299-3.jpg' alt=''> <\/div>\n<\/p><\/div>\n<p> <!-- Secci\u00f3n de caracter\u00edsticas principales --> <\/p>\n<div style='display: flex; flex-wrap: wrap; gap: 30px; margin-bottom: 30px;'>\n<div style='flex: 1 1 300px; min-width: 280px;'>\n<h3 style='font-size: 22px; border-bottom: 2px solid currentColor; padding-bottom: 5px; margin-top: 0; color: inherit; opacity: 0.8;'>Caracter\u00edsticas Principales<\/h3>\n<ul style='padding-left: 20px; font-size: 15px; color: inherit;'>\n<li style='margin-bottom: 5px;'>Tecnolog\u00eda GaN (Nitrudo de Galio) para mayor eficiencia<\/li>\n<li style='margin-bottom: 5px;'>Protocolos de carga PD3.0&comma; QC4.0+&comma; QC3.0&comma; QC2.0&comma; SCP&comma; FCP&comma; AFC&comma; BC1.2<\/li>\n<li style='margin-bottom: 5px;'>Protecci\u00f3n contra sobre voltaje&comma; sobre corriente&comma; sobrecalentamiento y cortocircuito<\/li>\n<li style='margin-bottom: 5px;'>Certificaciones UL&comma; FCC&comma; PSE&comma; CE<\/li>\n<\/ul><\/div>\n<div style='flex: 1 1 300px; min-width: 280px;'>\n<h3 style='font-size: 22px; border-bottom: 2px solid currentColor; padding-bottom: 5px; margin-top: 0; color: inherit; opacity: 0.8;'>Especificaciones T\u00e9cnicas<\/h3>\n<ul style='padding-left: 20px; font-size: 15px; color: inherit;'>\n<li style='margin-bottom: 5px;'><strong>Entrada:<\/strong> 100-240V\uff5e50\/60Hz 1A M\u00e1x.<\/li>\n<li style='margin-bottom: 5px;'><strong>Salida (Puerto \u00fanico):<\/strong> 5V\/3A&comma; 9V\/2.22A&comma; 12V\/1.67A (20W m\u00e1x.)<\/li>\n<li style='margin-bottom: 5px;'><strong>Salida (Puertos duales):<\/strong> 5V\/3A&comma; 9V\/2.22A&comma; 12V\/1.67A (20W*2)<\/li>\n<li style='margin-bottom: 5px;'><strong>Salida Total:<\/strong> 20W M\u00e1x.<\/li>\n<li style='margin-bottom: 5px;'><strong>Voltaje de entrada universal:<\/strong> 100-240V<\/li>\n<\/ul><\/div>\n<\/p><\/div>\n<p> <!-- Secci\u00f3n de descripci\u00f3n detallada --> <\/p>\n<div style='display: flex; flex-wrap: wrap; gap: 30px; margin-bottom: 30px;'>\n<div style='flex: 1 1 300px; min-width: 280px;'>\n<h3 style='font-size: 22px; border-bottom: 2px solid currentColor; padding-bottom: 5px; margin-top: 0; color: inherit; opacity: 0.8;'>Carga R\u00e1pida<\/h3>\n<p style='font-size: 15px; color: inherit; margin-top: 0;'>El cargador USB-C con dos puertos Power Delivery 3.0 ofrece una potencia de hasta 40W&comma; lo que permite cargar dispositivos como MacBook Pro&comma; MacBook Air M1&comma; iPad Pro&comma; iPhone&comma; m\u00f3viles y tabletas USB-C a la m\u00e1xima velocidad. Alcanza el 58% de carga en el iPhone 12 en solo 30 minutos.<\/p>\n<\/p><\/div>\n<div style='flex: 1 1 300px; min-width: 280px;'>\n<h3 style='font-size: 22px; border-bottom: 2px solid currentColor; padding-bottom: 5px; margin-top: 0; color: inherit; opacity: 0.8;'>Carga Simult\u00e1nea<\/h3>\n<p style='font-size: 15px; color: inherit; margin-top: 0;'>Cada puerto del cargador PD 3.0 admite hasta 20W cuando se usan ambos puertos simult\u00e1neamente. Con chip avanzado&comma; este cargador m\u00f3vil r\u00e1pido ajusta autom\u00e1ticamente la corriente. Equivale a dos cargadores USB-C de 20W.<\/p>\n<\/p><\/div>\n<div style='flex: 1 1 300px; min-width: 280px;'>\n<h3 style='font-size: 22px; border-bottom: 2px solid currentColor; padding-bottom: 5px; margin-top: 0; color: inherit; opacity: 0.8;'>Compatibilidad Universal<\/h3>\n<p style='font-size: 15px; color: inherit; margin-top: 0;'>Compatible con iPhone 13\/13 Mini\/13 Pro\/13 Pro Max\/12\/12 Mini\/12 Pro\/12 Pro Max\/SE 2022\/11\/11 Pro\/11 Pro Max\/XR\/X\/XS\/8&comma; Galaxy S22\/S21\/S20\/Note 20\/A70\/S10\/S10+&comma; Xiaomi Redmi Note 10\/Note 9\/Redmi 9&comma; iPad Pro 11&#8217;\/12.9&#8217;&comma; entre otros dispositivos USB-C.<\/p>\n<\/p><\/div>\n<div style='flex: 1 1 300px; min-width: 280px;'>\n<h3 style='font-size: 22px; border-bottom: 2px solid currentColor; padding-bottom: 5px; margin-top: 0; color: inherit; opacity: 0.8;'>Dise\u00f1o Compacto<\/h3>\n<p style='font-size: 15px; color: inherit; margin-top: 0;'>Dise\u00f1o compacto y liviano que ocupa poco espacio y es f\u00e1cil de transportar. Incorpora enchufe plegable para mayor comodidad durante el transporte.<\/p>\n<\/p><\/div>\n<div style='flex: 1 1 300px; min-width: 280px;'>\n<h3 style='font-size: 22px; border-bottom: 2px solid currentColor; padding-bottom: 5px; margin-top: 0; color: inherit; opacity: 0.8;'>Seguridad<\/h3>\n<p style='font-size: 15px; color: inherit; margin-top: 0;'>Equipado con chip inteligente que protege contra cortocircuitos&comma; sobretensiones&comma; sobrecalentamiento y sobre corrientes. Carcasa de ABS retardante a la flama que proporciona resistencia a altas temperaturas para una mejor disipaci\u00f3n de calor.<\/p>\n<\/p><\/div>\n<\/p><\/div>\n<p> <!-- Secci\u00f3n de aplicaciones --> <\/p>\n<div style='display: flex; flex-wrap: wrap; gap: 30px; margin-bottom: 30px;'>\n<div style='flex: 1 1 300px; min-width: 280px;'>\n<h3 style='font-size: 22px; border-bottom: 2px solid currentColor; padding-bottom: 5px; margin-top: 0; color: inherit; opacity: 0.8;'>Aplicaciones<\/h3>\n<ul style='padding-left: 20px; font-size: 15px; color: inherit;'>\n<li style='margin-bottom: 5px;'>Carga r\u00e1pida de iPhone 13\/13 Mini\/13 Pro\/13 Pro Max\/12\/12 Mini\/12 Pro\/12 Pro Max\/SE 2022\/11\/11 Pro\/11 Pro Max\/XR\/X\/XS\/8<\/li>\n<li style='margin-bottom: 5px;'>Carga de dispositivos Samsung Galaxy S22\/S21\/S20\/Note 20\/A70\/S10\/S10+<\/li>\n<li style='margin-bottom: 5px;'>Carga de iPad Pro 11&#8242; y 12.9&#8242;<\/li>\n<li style='margin-bottom: 5px;'>Carga de dispositivos Xiaomi Redmi Note 10\/Note 9\/Redmi 9<\/li>\n<li style='margin-bottom: 5px;'>Carga de otros dispositivos USB-C<\/li>\n<\/ul><\/div>\n<\/p><\/div>\n<p> <!-- Separador final --> <\/p>\n<hr style='border: 0; border-top: 1px solid rgba(150&comma; 150&comma; 150&comma; 0.3); margin: 30px 0;'> <\/div>\n","protected":false},"excerpt":{"rendered":"<p>Cargador de 20W \/ Doble Puerto USB-C \/ Carga R\u00e1pida 20W+20W \/ Power Delivery 3.0 \/ Quick Charge 4.0 \/ Distribuci\u00f3n Autom\u00e1tica de Energ\u00eda  \/ Tama\u00f1o Compacto \/ Enchufe Plegable \/ Mayor Eficiencia Energ\u00e9tica.<\/p>\n","protected":false},"featured_media":32,"comment_status":"open","ping_status":"closed","template":"","meta":[],"product_brand":[],"product_cat":[1235],"product_tag":[417,1236,650],"class_list":{"0":"post-103411","1":"product","2":"type-product","3":"status-publish","4":"has-post-thumbnail","6":"product_cat-accesorios-para-computadora-y-smartphones","7":"product_tag-accesorios-generales","8":"product_tag-accesorios-para-computadora-y-smartphones","9":"product_tag-ugreen","11":"first","12":"outofstock","13":"sale","14":"shipping-taxable","15":"purchasable","16":"product-type-simple"},"_links":{"self":[{"href":"https:\/\/soydeaqui.ddns.net\/pachuca\/index.php\/wp-json\/wp\/v2\/product\/103411","targetHints":{"allow":["GET"]}}],"collection":[{"href":"https:\/\/soydeaqui.ddns.net\/pachuca\/index.php\/wp-json\/wp\/v2\/product"}],"about":[{"href":"https:\/\/soydeaqui.ddns.net\/pachuca\/index.php\/wp-json\/wp\/v2\/types\/product"}],"replies":[{"embeddable":true,"href":"https:\/\/soydeaqui.ddns.net\/pachuca\/index.php\/wp-json\/wp\/v2\/comments?post=103411"}],"wp:featuredmedia":[{"embeddable":true,"href":"https:\/\/soydeaqui.ddns.net\/pachuca\/index.php\/wp-json\/wp\/v2\/media\/32"}],"wp:attachment":[{"href":"https:\/\/soydeaqui.ddns.net\/pachuca\/index.php\/wp-json\/wp\/v2\/media?parent=103411"}],"wp:term":[{"taxonomy":"product_brand","embeddable":true,"href":"https:\/\/soydeaqui.ddns.net\/pachuca\/index.php\/wp-json\/wp\/v2\/product_brand?post=103411"},{"taxonomy":"product_cat","embeddable":true,"href":"https:\/\/soydeaqui.ddns.net\/pachuca\/index.php\/wp-json\/wp\/v2\/product_cat?post=103411"},{"taxonomy":"product_tag","embeddable":true,"href":"https:\/\/soydeaqui.ddns.net\/pachuca\/index.php\/wp-json\/wp\/v2\/product_tag?post=103411"}],"curies":[{"name":"wp","href":"https:\/\/api.w.org\/{rel}","templated":true}]}}