{"id":103314,"date":"2026-03-20T13:37:15","date_gmt":"2026-03-20T13:37:15","guid":{"rendered":"https:\/\/soydeaqui.ddns.net\/pachuca\/index.php\/producto\/speaker-para-dji-mavic3-enterprise\/"},"modified":"2026-03-20T13:37:33","modified_gmt":"2026-03-20T13:37:33","slug":"speaker-para-dji-mavic3-enterprise","status":"publish","type":"product","link":"https:\/\/soydeaqui.ddns.net\/pachuca\/index.php\/producto\/speaker-para-dji-mavic3-enterprise\/","title":{"rendered":"Speaker para DJI MAVIC3 ENTERPRISE"},"content":{"rendered":"<div style='width: 100%; max-width: 1200px; margin: 0 auto; font-family: sans-serif; line-height: 1.6; color: inherit; background-color: transparent;'>\n<div style='display: flex; flex-direction: column; gap: 30px;'> <!-- Slide 1 --> <\/p>\n<div style='display: flex; flex-wrap: wrap; gap: 30px; align-items: center;'>\n<div style='flex: 1 1 300px; min-width: 280px;'>\n<h3 style='font-size: 22px; border-bottom: 2px solid currentColor; padding-bottom: 5px; margin-top: 0; color: inherit; opacity: 0.8;'>Descripci\u00f3n general<\/h3>\n<p style='font-size: 15px; color: inherit; text-align: justify;'>Transmite el sonido a largas distancias para que las misiones de rescate y otras emergencias sean m\u00e1s eficientes. Puede guardar grabaciones de audio y reproducci\u00f3n de bucle autom\u00e1tico.<\/p>\n<\/p><\/div>\n<div style='flex: 1 1 400px; min-width: 300px;'> <img style='width: 100%; height: auto; border: 1px solid rgba(150&comma;150&comma;150&comma;0.3); border-radius: 8px;' src='https:\/\/ftp3.syscom.mx\/usuarios\/ivan.reyes\/DJI\/Mavic3T\/Speaker\/Speaker%20%282%29.jpg' alt='DJI Mavic 3 Enterprise Series Speaker'> <\/div>\n<\/p><\/div>\n<p> <!-- Slide 2 --> <\/p>\n<div style='display: flex; flex-wrap: wrap; gap: 30px; align-items: center;'>\n<div style='flex: 1 1 300px; min-width: 280px;'>\n<h3 style='font-size: 22px; border-bottom: 2px solid currentColor; padding-bottom: 5px; margin-top: 0; color: inherit; opacity: 0.8;'>Especificaciones<\/h3>\n<ul style='padding-left: 20px; font-size: 15px; color: inherit;'>\n<li style='margin-bottom: 5px;'><strong>Dimensiones:<\/strong> 114&comma;1\u00d782&comma;0\u00d754&comma;7 mm (L\u00d7An\u00d7Al)<\/li>\n<li style='margin-bottom: 5px;'><strong>Peso:<\/strong> 85\u00b12g<\/li>\n<li style='margin-bottom: 5px;'><strong>Interfaz:<\/strong> USB-C<\/li>\n<li style='margin-bottom: 5px;'><strong>Potencia nominal:<\/strong> 3 W<\/li>\n<li style='margin-bottom: 5px;'><strong>Volumen m\u00e1ximo:<\/strong> 110 dB a 1 m*<\/li>\n<li style='margin-bottom: 5px;'><strong>Distancia de transmisi\u00f3n efectiva:<\/strong> 100 m a 70 dB*<\/li>\n<li style='margin-bottom: 5px;'><strong>Tasa de bits:<\/strong> 16 Kbps\/32 Kbps<\/li>\n<li style='margin-bottom: 5px;'><strong>Temperatura de funcionamiento:<\/strong> -10\u00b0 a 40\u00b0 C (14\u00b0 a 104\u00b0 F)<\/li>\n<\/ul>\n<p style='font-size: 14px; color: inherit; margin-top: 15px; opacity: 0.8; text-align: justify;'>Todos los datos se midieron en un entorno experimental y son solo para referencia. La situaci\u00f3n real ser\u00e1 ligeramente diferente debido a las distintas versiones de software&comma; fuentes de sonido&comma; tipos de entorno y otras condiciones. El resultado final est\u00e1 sujeto al uso real.<\/p>\n<\/p><\/div>\n<div style='flex: 1 1 400px; min-width: 300px;'> <img style='width: 100%; height: auto; border: 1px solid rgba(150&comma;150&comma;150&comma;0.3); border-radius: 8px;' src='https:\/\/ftp3.syscom.mx\/usuarios\/ivan.reyes\/DJI\/Mavic3T\/Speaker\/Speaker%20%284%29.jpg' alt='DJI Mavic 3 Enterprise Series Speaker'> <\/div>\n<\/p><\/div>\n<\/p><\/div>\n<p> <!-- Separador --> <\/p>\n<hr style='border: 0; border-top: 1px solid rgba(150&comma; 150&comma; 150&comma; 0.3); margin: 30px 0;'> <\/div>\n","protected":false},"excerpt":{"rendered":"<p>Speaker para DJI MAVIC3 ENTERPRISE<\/p>\n","protected":false},"featured_media":103313,"comment_status":"open","ping_status":"closed","template":"","meta":[],"product_brand":[],"product_cat":[2223,2225],"product_tag":[2228,2226,2227],"class_list":{"0":"post-103314","1":"product","2":"type-product","3":"status-publish","4":"has-post-thumbnail","6":"product_cat-drones","7":"product_cat-drones-robots-e-industrial","8":"product_tag-dji","9":"product_tag-drones","10":"product_tag-robots-e-industrial","12":"first","13":"instock","14":"sale","15":"shipping-taxable","16":"purchasable","17":"product-type-simple"},"_links":{"self":[{"href":"https:\/\/soydeaqui.ddns.net\/pachuca\/index.php\/wp-json\/wp\/v2\/product\/103314","targetHints":{"allow":["GET"]}}],"collection":[{"href":"https:\/\/soydeaqui.ddns.net\/pachuca\/index.php\/wp-json\/wp\/v2\/product"}],"about":[{"href":"https:\/\/soydeaqui.ddns.net\/pachuca\/index.php\/wp-json\/wp\/v2\/types\/product"}],"replies":[{"embeddable":true,"href":"https:\/\/soydeaqui.ddns.net\/pachuca\/index.php\/wp-json\/wp\/v2\/comments?post=103314"}],"wp:featuredmedia":[{"embeddable":true,"href":"https:\/\/soydeaqui.ddns.net\/pachuca\/index.php\/wp-json\/wp\/v2\/media\/103313"}],"wp:attachment":[{"href":"https:\/\/soydeaqui.ddns.net\/pachuca\/index.php\/wp-json\/wp\/v2\/media?parent=103314"}],"wp:term":[{"taxonomy":"product_brand","embeddable":true,"href":"https:\/\/soydeaqui.ddns.net\/pachuca\/index.php\/wp-json\/wp\/v2\/product_brand?post=103314"},{"taxonomy":"product_cat","embeddable":true,"href":"https:\/\/soydeaqui.ddns.net\/pachuca\/index.php\/wp-json\/wp\/v2\/product_cat?post=103314"},{"taxonomy":"product_tag","embeddable":true,"href":"https:\/\/soydeaqui.ddns.net\/pachuca\/index.php\/wp-json\/wp\/v2\/product_tag?post=103314"}],"curies":[{"name":"wp","href":"https:\/\/api.w.org\/{rel}","templated":true}]}}