{"id":103305,"date":"2026-03-20T13:36:44","date_gmt":"2026-03-20T13:36:44","guid":{"rendered":"https:\/\/soydeaqui.ddns.net\/pachuca\/index.php\/producto\/camara-de-videoconferencia-portatil-resolucion-de-2-megapixel-full-hd-4-microfonos-altavoz-5-w-conexion-usb-control-remoto-plug-and-play-movimiento-ptz\/"},"modified":"2026-03-20T13:37:09","modified_gmt":"2026-03-20T13:37:09","slug":"camara-de-videoconferencia-portatil-resolucion-de-2-megapixel-full-hd-4-microfonos-altavoz-5-w-conexion-usb-control-remoto-plug-and-play-movimiento-ptz","status":"publish","type":"product","link":"https:\/\/soydeaqui.ddns.net\/pachuca\/index.php\/producto\/camara-de-videoconferencia-portatil-resolucion-de-2-megapixel-full-hd-4-microfonos-altavoz-5-w-conexion-usb-control-remoto-plug-and-play-movimiento-ptz\/","title":{"rendered":"C\u00e1mara de Videoconferencia Port\u00e1til \/ Resoluci\u00f3n de 2 Megapixel (Full HD) \/ 4 Micr\u00f3fonos \/ Altavoz 5 W \/ Conexi\u00f3n USB \/ Control Remoto \/ Plug and Play  \/ Movimiento PTZ"},"content":{"rendered":"<div style='width: 100%; max-width: 1200px; margin: 0 auto; font-family: sans-serif; line-height: 1.6; color: inherit; background-color: transparent;'> <!-- Imagen principal --> <\/p>\n<div style='width: 100%; margin: 20px 0;'> <img style='width: 100%; height: auto; border: 1px solid rgba(150&comma;150&comma;150&comma;0.3); border-radius: 8px;' src='https:\/\/ftp3.syscom.mx\/usuarios\/fotos\/DSUVCX12\/214506-captura_de_pantalla_2022-12-22_a_la(s)_10.24.07.png' alt=''> <\/div>\n<p> <!-- Descripci\u00f3n general --> <\/p>\n<div style='margin: 20px 0; font-size: 15px;'>\n<p style='text-align: justify;'>Ahora que millones trabajan de forma remota todos o parte de sus d\u00edas y semanas&comma; la demanda de conferencias de audio y video se ha disparado. Ahora&comma; para satisfacer las necesidades emergentes&comma; Hikvision ofrece fant\u00e1sticos productos y soluciones de colaboraci\u00f3n para audio y video \u00f3ptimos en reuniones remotas&comma; creando lugares de trabajo m\u00e1s inteligentes para cualquier necesidad de conferencia. Las personas y los equipos trabajar\u00e1n mejor donde sea que est\u00e9n con mayor flexibilidad y productividad. Siga leyendo para encontrar la soluci\u00f3n que mejor se adapte a su equipo.<\/p>\n<\/p><\/div>\n<p> <!-- Secci\u00f3n de caracter\u00edsticas --> <\/p>\n<div style='display: flex; flex-wrap: wrap; gap: 30px; margin: 30px 0;'>\n<div style='flex: 1 1 300px; min-width: 280px;'>\n<h3 style='font-size: 22px; border-bottom: 2px solid currentColor; padding-bottom: 5px; margin-top: 0; color: inherit; opacity: 0.8;'>Caracter\u00edsticas principales<\/h3>\n<ul style='padding-left: 20px; font-size: 15px; color: inherit;'>\n<li style='margin-bottom: 5px;'><strong>Sensor de imagen:<\/strong> 1\/2.7&#8242; 2MP CMOS<\/li>\n<li style='margin-bottom: 5px;'><strong>Resoluci\u00f3n:<\/strong> 1920 x 1080<\/li>\n<li style='margin-bottom: 5px;'><strong>Iluminaci\u00f3n m\u00ednima requerida:<\/strong> 0.1 Lux<\/li>\n<li style='margin-bottom: 5px;'><strong>Inclinaci\u00f3n:<\/strong> -10 \u00b0C a 10 \u00b0C<\/li>\n<li style='margin-bottom: 5px;'><strong>Zoom:<\/strong> 2x<\/li>\n<li style='margin-bottom: 5px;'><strong>\u00c1ngulo de visi\u00f3n:<\/strong> Horizontal 110\u00b0&comma; vertical 75\u00b0&comma; diagonal 120\u00b0<\/li>\n<li style='margin-bottom: 5px;'><strong>Altavoces:<\/strong> 5W 87dB@1m&comma; 1kHz<\/li>\n<li style='margin-bottom: 5px;'><strong>Rango micr\u00f3fono:<\/strong> Hasta 8 m<\/li>\n<li style='margin-bottom: 5px;'><strong>Conectividad:<\/strong> USB-C (compatible con USB 2.0 y USB 3.0)<\/li>\n<\/ul><\/div>\n<div style='flex: 1 1 300px; min-width: 280px;'>\n<h3 style='font-size: 22px; border-bottom: 2px solid currentColor; padding-bottom: 5px; margin-top: 0; color: inherit; opacity: 0.8;'>Caracter\u00edsticas F\u00edsicas y El\u00e9ctricas<\/h3>\n<ul style='padding-left: 20px; font-size: 15px; color: inherit;'>\n<li style='margin-bottom: 5px;'><strong>Alimentaci\u00f3n:<\/strong> 5 Vcd<\/li>\n<li style='margin-bottom: 5px;'><strong>Consumo:<\/strong> 4.5 Watts<\/li>\n<li style='margin-bottom: 5px;'><strong>Temperatura de operaci\u00f3n:<\/strong> 0\u00b0 a 45\u00b0 C<\/li>\n<li style='margin-bottom: 5px;'><strong>Dimensiones:<\/strong> \u00d8 91.7 mm x 271.3 mm<\/li>\n<li style='margin-bottom: 5px;'><strong>Garant\u00eda:<\/strong> 2 a\u00f1os<\/li>\n<\/ul><\/div>\n<div style='flex: 1 1 300px; min-width: 280px;'>\n<h3 style='font-size: 22px; border-bottom: 2px solid currentColor; padding-bottom: 5px; margin-top: 0; color: inherit; opacity: 0.8;'>Accesorios incluidos<\/h3>\n<ul style='padding-left: 20px; font-size: 15px; color: inherit;'>\n<li style='margin-bottom: 5px;'><strong>1 x Cable USB-C a USB-A 2 m (USB 3.0)<\/strong><\/li>\n<li style='margin-bottom: 5px;'><strong>1 x Control remoto (bater\u00eda incluida)<\/strong><\/li>\n<\/ul><\/div>\n<\/p><\/div>\n<p> <!-- Secci\u00f3n de aplicaciones --> <\/p>\n<div style='margin: 30px 0;'>\n<h2 style='text-align: center; font-size: 20px; margin-bottom: 20px; color: inherit; opacity: 0.8;'>Conferencias &#8211; Salas Peque\u00f1as &#038; Oficinas en casa<\/h2>\n<div style='display: flex; flex-wrap: wrap; gap: 30px; align-items: center;'>\n<div style='flex: 1 1 300px; min-width: 280px;'> <img style='width: 100%; height: auto; border: 1px solid rgba(150&comma;150&comma;150&comma;0.3); border-radius: 8px;' src='https:\/\/ftp3.syscom.mx\/usuarios\/fotos\/DSUVCX12\/214506-portable-audio-and-video-conferencing-solution.jpeg' alt=''> <\/div>\n<div style='flex: 1 1 300px; min-width: 280px;'>\n<h3 style='font-size: 18px; margin-top: 0; color: inherit;'>Soluci\u00f3n todo en uno<\/h3>\n<p style='font-size: 15px; color: inherit;'>Esta soluci\u00f3n es excelente para usar en salas de conferencias peque\u00f1as y oficinas en casa permitiendo iniciar una reuni\u00f3n remota en cualquier lugar que necesite. Con funciones de audio y video integradas en un solo dispositivo&comma; es f\u00e1cil de usar y excelente para comunicaciones de alta calidad.<\/p>\n<\/p><\/div>\n<\/p><\/div>\n<\/p><\/div>\n<p> <!-- Secci\u00f3n de imagen y texto --> <\/p>\n<div style='margin: 30px 0;'>\n<div style='display: flex; flex-wrap: wrap; gap: 30px; align-items: center;'>\n<div style='flex: 1 1 300px; min-width: 280px;'>\n<h3 style='font-size: 18px; margin-top: 0; color: inherit;'>Muestre una excelente imagen<\/h3>\n<p style='font-size: 15px; color: inherit;'>Disfrute de un video premium con una brillante calidad&comma; imagen n\u00edtidas ante cualquier luz de fondo&comma; gracias a la tecnolog\u00eda WDR&comma; brillo autoadaptativo y lente especializado para bajar la distorsi\u00f3n.<\/p>\n<p style='font-size: 15px; color: inherit;'>Usted no se preocupe&comma; la c\u00e1mara se ocupa de la imagen premium.<\/p>\n<p style='font-size: 15px; color: inherit;'>Compatible con la mayor\u00eda de aplicaciones de videoconferencias&comma; conexi\u00f3n v\u00eda USB Plug and Play a computadoras con S.O Windows&comma; Mac y Chromebooks.<\/p>\n<\/p><\/div>\n<div style='flex: 1 1 300px; min-width: 280px;'> <img style='width: 100%; height: auto; border: 1px solid rgba(150&comma;150&comma;150&comma;0.3); border-radius: 8px;' src='https:\/\/ftp3.syscom.mx\/usuarios\/fotos\/DSUVCX12\/214506-captura_de_pantalla_2022-12-22_a_la_s__10.55.34-removebg-preview.png' alt=''> <\/div>\n<\/p><\/div>\n<\/p><\/div>\n<p> <!-- Secci\u00f3n de control remoto --> <\/p>\n<div style='margin: 30px 0;'>\n<h3 style='text-align: center; font-size: 18px; margin-bottom: 20px; color: inherit; opacity: 0.8;'>Control Remoto<\/h3>\n<div style='width: 100%; max-width: 600px; margin: 0 auto;'> <img style='width: 100%; height: auto; border: 1px solid rgba(150&comma;150&comma;150&comma;0.3); border-radius: 8px;' src='https:\/\/ftp3.syscom.mx\/usuarios\/fotos\/DSUVCX12\/214506-image-removebg-preview_(3).png' alt=''> <\/div>\n<\/p><\/div>\n<p> <!-- Imagen final --> <\/p>\n<div style='width: 100%; margin: 30px 0;'> <img style='width: 100%; height: auto; border: 1px solid rgba(150&comma;150&comma;150&comma;0.3); border-radius: 8px;' src='https:\/\/ftp3.syscom.mx\/usuarios\/fotos\/DSUVCX12\/214506-captura_de_pantalla_2022-12-22_a_la(s)_12.29.08.png' alt=''> <\/div>\n<p> <!-- Banner final --> <\/p>\n<div style='width: 100%; margin: 30px 0;'> <img style='width: 100%; height: auto; border: 1px solid rgba(150&comma;150&comma;150&comma;0.3); border-radius: 8px;' src='https:\/\/ftp3.syscom.mx\/usuarios\/nortega\/hikvision\/banners\/webcam.png' alt=''> <\/div>\n<\/p><\/div>\n","protected":false},"excerpt":{"rendered":"<p>C\u00e1mara de Videoconferencia Port\u00e1til \/ Resoluci\u00f3n de 2 Megapixel (Full HD) \/ 4 Micr\u00f3fonos \/ Altavoz 5 W \/ Conexi\u00f3n USB \/ Control Remoto \/ Plug and Play  \/ Movimiento PTZ<\/p>\n","protected":false},"featured_media":103304,"comment_status":"open","ping_status":"closed","template":"","meta":[],"product_brand":[],"product_cat":[2048],"product_tag":[2049,54,2004],"class_list":{"0":"post-103305","1":"product","2":"type-product","3":"status-publish","4":"has-post-thumbnail","6":"product_cat-audio-video-conferencia","7":"product_tag-audio-video-conferencia","8":"product_tag-hikvision","9":"product_tag-voip-telefonia-ip-videoconferencia","11":"first","12":"instock","13":"sale","14":"shipping-taxable","15":"purchasable","16":"product-type-simple"},"_links":{"self":[{"href":"https:\/\/soydeaqui.ddns.net\/pachuca\/index.php\/wp-json\/wp\/v2\/product\/103305","targetHints":{"allow":["GET"]}}],"collection":[{"href":"https:\/\/soydeaqui.ddns.net\/pachuca\/index.php\/wp-json\/wp\/v2\/product"}],"about":[{"href":"https:\/\/soydeaqui.ddns.net\/pachuca\/index.php\/wp-json\/wp\/v2\/types\/product"}],"replies":[{"embeddable":true,"href":"https:\/\/soydeaqui.ddns.net\/pachuca\/index.php\/wp-json\/wp\/v2\/comments?post=103305"}],"wp:featuredmedia":[{"embeddable":true,"href":"https:\/\/soydeaqui.ddns.net\/pachuca\/index.php\/wp-json\/wp\/v2\/media\/103304"}],"wp:attachment":[{"href":"https:\/\/soydeaqui.ddns.net\/pachuca\/index.php\/wp-json\/wp\/v2\/media?parent=103305"}],"wp:term":[{"taxonomy":"product_brand","embeddable":true,"href":"https:\/\/soydeaqui.ddns.net\/pachuca\/index.php\/wp-json\/wp\/v2\/product_brand?post=103305"},{"taxonomy":"product_cat","embeddable":true,"href":"https:\/\/soydeaqui.ddns.net\/pachuca\/index.php\/wp-json\/wp\/v2\/product_cat?post=103305"},{"taxonomy":"product_tag","embeddable":true,"href":"https:\/\/soydeaqui.ddns.net\/pachuca\/index.php\/wp-json\/wp\/v2\/product_tag?post=103305"}],"curies":[{"name":"wp","href":"https:\/\/api.w.org\/{rel}","templated":true}]}}