{"id":103256,"date":"2026-03-20T13:34:18","date_gmt":"2026-03-20T13:34:18","guid":{"rendered":"https:\/\/soydeaqui.ddns.net\/pachuca\/index.php\/producto\/domo-ptz-ip-4-megapixel-45x-zoom-300-mts-ir-autoseguimiento-wdr-120-db-eis-deep-learning-exterior-ip66-rapid-focus-hi-poe-micro-sd-2\/"},"modified":"2026-03-20T13:34:20","modified_gmt":"2026-03-20T13:34:20","slug":"domo-ptz-ip-4-megapixel-45x-zoom-300-mts-ir-autoseguimiento-wdr-120-db-eis-deep-learning-exterior-ip66-rapid-focus-hi-poe-micro-sd-2","status":"publish","type":"product","link":"https:\/\/soydeaqui.ddns.net\/pachuca\/index.php\/producto\/domo-ptz-ip-4-megapixel-45x-zoom-300-mts-ir-autoseguimiento-wdr-120-db-eis-deep-learning-exterior-ip66-rapid-focus-hi-poe-micro-sd-2\/","title":{"rendered":"Domo PTZ IP 4 Megapixel  \/ 45X Zoom \/ 300 mts IR \/ AutoSeguimiento \/ WDR 120 dB \/ EIS \/ Deep Learning \/ Exterior IP66 \/ Rapid Focus \/ Hi-PoE  \/ Micro SD"},"content":{"rendered":"<div style='width: 100%; max-width: 1200px; margin: 0 auto; font-family: sans-serif; line-height: 1.6; color: inherit; background-color: transparent;'> <!-- Logo HIKVISION --> <\/p>\n<p style='text-align: center; margin: 30px 0 15px;'> <img style='width: 45%; height: auto; border: 1px solid rgba(150&comma;150&comma;150&comma;0.3); border-radius: 8px;' src='https:\/\/ftp3.syscom.mx\/usuarios\/jsosa\/HIKVISION\/imagenes\/logo\/hikvision%20see%20far.png' alt='Logo Hikvision'> <\/p>\n<p> <!-- Videos --> <\/p>\n<div style='display: grid; grid-template-columns: repeat(auto-fill&comma; minmax(300px&comma; 1fr)); gap: 30px; margin: 30px 0;'>\n<div style='position: relative; padding-bottom: 56.25%; height: 0; overflow: hidden;'>   <\/div>\n<div style='position: relative; padding-bottom: 56.25%; height: 0; overflow: hidden;'>   <\/div>\n<div style='position: relative; padding-bottom: 56.25%; height: 0; overflow: hidden;'>   <\/div>\n<\/p><\/div>\n<p> <!-- Caracter\u00edsticas principales y PAN\/TILT --> <\/p>\n<div style='display: flex; flex-wrap: wrap; gap: 30px; margin: 30px 0;'>\n<div style='flex: 1 1 300px; min-width: 280px;'>\n<h3 style='font-size: 22px; border-bottom: 2px solid currentColor; padding-bottom: 5px; margin-top: 0; color: inherit; opacity: 0.8;'>Caracter\u00edsticas principales<\/h3>\n<ul style='padding-left: 20px; font-size: 15px; color: inherit; list-style-type: disc;'>\n<li style='margin-bottom: 5px;'><strong>Sensor de imagen:<\/strong> 1\/1.8&#8242; CMOS Scan Progresivo<\/li>\n<li style='margin-bottom: 5px;'><strong>Iluminaci\u00f3n m\u00ednima:<\/strong> Color: 0.005 Lux @F1.5 AGC ON&comma; B\/N: 0.0005 Lux @F1.5 AGC ON<\/li>\n<li style='margin-bottom: 5px;'><strong>Distancia focal:<\/strong> 5.9 a 265.5 mm (45X zoom \u00f3ptico \/ 16X zoom digital)<\/li>\n<li style='margin-bottom: 5px;'><strong>Distancia de IR:<\/strong> 300 m IR inteligente<\/li>\n<li style='margin-bottom: 5px;'><strong>Funciones:<\/strong> WDR \/ 3D-DNR \/ EIS \/ HLC \/ BLC \/ Auto-Seguimiento \/ Defog \/ Rapid Focus<\/li>\n<\/ul><\/div>\n<div style='flex: 1 1 300px; min-width: 280px;'>\n<h3 style='font-size: 22px; border-bottom: 2px solid currentColor; padding-bottom: 5px; margin-top: 0; color: inherit; opacity: 0.8;'>PAN \/ TILT<\/h3>\n<ul style='padding-left: 20px; font-size: 15px; color: inherit; list-style-type: disc;'>\n<li style='margin-bottom: 5px;'><strong>Rango:<\/strong> Pan: 360\u00b0 endless; Tilt: -20\u00b0~90\u00b0 (Auto Flip)<\/li>\n<li style='margin-bottom: 5px;'><strong>Velocidad:<\/strong> Pan Manual: 0.1\u00b0~210\u00b0\/s&comma; Pan Preset: 280\u00b0\/s. Tilt Manual: 0.1\u00b0~150\u00b0\/s&comma; Tilt Preset: 250\u00b0\/s<\/li>\n<li style='margin-bottom: 5px;'><strong>Presets:<\/strong> 300<\/li>\n<li style='margin-bottom: 5px;'><strong>Patrol:<\/strong> 8 (hasta 32 presets por patrol)<\/li>\n<li style='margin-bottom: 5px;'><strong>Pattern:<\/strong> 4 (hasta 10 minutos por pattern)<\/li>\n<li style='margin-bottom: 5px;'><strong>PARK ACT:<\/strong> Preset \/ Patrol \/ Pattern \/ Auto scan \/ Tilt scan \/ Random scan \/ Frame scan \/ Panorama scan<\/li>\n<\/ul><\/div>\n<\/p><\/div>\n<p> <!-- Caracter\u00edsticas f\u00edsicas y el\u00e9ctricas --> <\/p>\n<div style='display: flex; flex-wrap: wrap; gap: 30px; margin: 30px 0;'>\n<div style='flex: 1 1 300px; min-width: 280px;'>\n<h3 style='font-size: 22px; border-bottom: 2px solid currentColor; padding-bottom: 5px; margin-top: 0; color: inherit; opacity: 0.8;'>Caracter\u00edsticas F\u00edsicas y El\u00e9ctricas<\/h3>\n<ul style='padding-left: 20px; font-size: 15px; color: inherit; list-style-type: disc;'>\n<li style='margin-bottom: 5px;'><strong>Aplicaci\u00f3n:<\/strong> Interior \/ Exterior<\/li>\n<li style='margin-bottom: 5px;'><strong>Protecci\u00f3n:<\/strong> IP66<\/li>\n<li style='margin-bottom: 5px;'><strong>Temperatura de operaci\u00f3n:<\/strong> -40\u00b0C a 70\u00b0C<\/li>\n<li style='margin-bottom: 5px;'><strong>Alimentaci\u00f3n \/ Consumo:<\/strong> 24 Vca \/ 40 W \/ Hi-PoE<\/li>\n<li style='margin-bottom: 5px;'><strong>Dimensiones:<\/strong> 266.6 x 410 mm<\/li>\n<li style='margin-bottom: 5px;'><strong>Peso:<\/strong> 5 kgs<\/li>\n<li style='margin-bottom: 5px;'><strong>No Incluye:<\/strong> Montaje para pared<\/li>\n<li style='margin-bottom: 5px;'><strong>No incluye:<\/strong> Fuente de alimentaci\u00f3n<\/li>\n<li style='margin-bottom: 5px;'><strong>Red:<\/strong> 1 puerto RJ45 (10 \/ 100 Mbps)<\/li>\n<li style='margin-bottom: 5px;'><strong>Entradas\/Salidas:<\/strong> 7 entradas y 2 salidas de alarma<\/li>\n<li style='margin-bottom: 5px;'><strong>Audio:<\/strong> 1 entrada y 1 salida<\/li>\n<\/ul><\/div>\n<p> <!-- Accesorios --> <\/p>\n<div style='flex: 1 1 300px; min-width: 280px;'>\n<h3 style='font-size: 22px; border-bottom: 2px solid currentColor; padding-bottom: 5px; margin-top: 0; color: inherit; opacity: 0.8;'>Accesorios<\/h3>\n<ul style='padding-left: 20px; font-size: 15px; color: inherit; list-style-type: disc;'>\n<li style='margin-bottom: 5px;'><strong>Montaje para Pared:<\/strong> <a href='https:\/\/www.syscom.mx\/producto\/DS-1602ZJ-HIKVISION-77700.html' target='_blank' rel='noopener' style='color: inherit; text-decoration: underline;'>DS-1602ZJ<\/a><\/li>\n<li style='margin-bottom: 5px;'><strong>Montaje de Poste:<\/strong> <a href='https:\/\/www.syscom.mx\/producto\/DS-1602ZJ-POLE-HIKVISION-78569.html' target='_blank' rel='noopener' style='color: inherit; text-decoration: underline;'>DS-1602ZJ-POLE<\/a><\/li>\n<li style='margin-bottom: 5px;'><strong>Montaje de esquina:<\/strong> <a href='https:\/\/www.syscom.mx\/producto\/DS-1602ZJ-CORNER-HIKVISION-153163.html' target='_blank' rel='noopener' style='color: inherit; text-decoration: underline;'>DS-1602ZJ-CORNER<\/a><\/li>\n<li style='margin-bottom: 5px;'><strong>Montaje para techo:<\/strong> <a href='https:\/\/www.syscom.mx\/producto\/DS-1661ZJ-HIKVISION-69425.html' target='_blank' rel='noopener' style='color: inherit; text-decoration: underline;'>DS-1661ZJ<\/a><\/li>\n<\/ul><\/div>\n<\/p><\/div>\n<p> <!-- Funciones de red y almacenamiento --> <\/p>\n<div style='margin: 30px 0;'>\n<h3 style='font-size: 22px; border-bottom: 2px solid currentColor; padding-bottom: 5px; margin-top: 0; color: inherit; opacity: 0.8;'>Funciones de red y almacenamiento<\/h3>\n<ul style='padding-left: 20px; font-size: 15px; color: inherit; list-style-type: disc;'>\n<li style='margin-bottom: 5px;'><strong>Protocolos:<\/strong> IPv4\/IPv6&comma; HTTP&comma; HTTPS&comma; 802.1x&comma; QoS&comma; FTP&comma; SMTP&comma; UPnP&comma; SNMP&comma; DNS&comma; DDNS&comma; NTP&comma; RTSP&comma; RTCP&comma; RTP&comma; TCP\/IP&comma; UDP&comma; IGMP&comma; ICMP&comma; DHCP&comma; PPPoE&comma; Bonjour<\/li>\n<li style='margin-bottom: 5px;'><strong>Compatibilidad:<\/strong> ONVIF (Profile S&comma; Profile G&comma; Profile T) \/ ISAPI \/ SDK<\/li>\n<li style='margin-bottom: 5px;'><strong>Navegadores:<\/strong> IE11&comma; Chrome 57.0+&comma; Firefox 52.0+&comma; Safari 11+<\/li>\n<li style='margin-bottom: 5px;'><strong>Streaming:<\/strong> Triple streaming<\/li>\n<li style='margin-bottom: 5px;'><strong>Usuarios:<\/strong> Hasta 32 usuarios simult\u00e1neos<\/li>\n<li style='margin-bottom: 5px;'><strong>Almacenamiento:<\/strong> Micro SD de hasta 256GB (no incluida) \/ NAS (NPS&comma; SMB\/CIFS) \/ ANR<\/li>\n<\/ul><\/div>\n<p> <!-- Consideraciones --> <\/p>\n<div style='margin: 30px 0;'>\n<h3 style='font-size: 22px; border-bottom: 2px solid currentColor; padding-bottom: 5px; margin-top: 0; color: inherit; opacity: 0.8;'>Consideraciones<\/h3>\n<ul style='padding-left: 20px; font-size: 15px; color: inherit; list-style-type: disc;'>\n<li style='margin-bottom: 5px;'><strong>NO Incluye:<\/strong> Montaje para pared <a href='https:\/\/www.syscom.mx\/producto\/DS1602ZJAX-SYSCOM-VIDEO-155616.html' target='_blank' rel='noopener' style='color: inherit; text-decoration: underline;'>Montaje<\/a><\/li>\n<\/ul><\/div>\n<p> <!-- Recursos --> <\/p>\n<div style='margin: 30px 0;'>\n<h3 style='font-size: 22px; border-bottom: 2px solid currentColor; padding-bottom: 5px; margin-top: 0; margin-bottom: 20px; color: inherit; opacity: 0.8; text-align: center;'>Recursos<\/h3>\n<div style='display: grid; grid-template-columns: repeat(auto-fill&comma; minmax(250px&comma; 1fr)); gap: 20px;'>\n<div style='text-align: center;'> <a href='https:\/\/www.hikvision.com\/es-la\/support\/download\/software\/ivms4200-series\/?q=serie%20ivms4200&#038;position=1' target='_blank' rel='noopener' style='color: inherit; text-decoration: none;'> <img style='width: 100%; height: auto; border: 1px solid rgba(150&comma;150&comma;150&comma;0.3); border-radius: 8px;' src='https:\/\/ftp3.syscom.mx\/usuarios\/gmagos\/HIK\/IP\/IPC\/Imagenes%20pagina\/Descargas%20IVMS4200.jpg' alt='IVMS4200'> <\/p>\n<p style='margin-top: 10px; font-size: 15px;'>IVMS4200<\/p>\n<p> <\/a> <\/div>\n<div style='text-align: center;'> <a href='https:\/\/appstore.hikvision.com\/' target='_blank' rel='noopener' style='color: inherit; text-decoration: none;'> <img style='width: 100%; height: auto; border: 1px solid rgba(150&comma;150&comma;150&comma;0.3); border-radius: 8px;' src='https:\/\/ftp3.syscom.mx\/usuarios\/gmagos\/HIK\/IP\/IPC\/Imagenes%20pagina\/Descargas%20de%20app.jpg' alt='App Store'> <\/p>\n<p style='margin-top: 10px; font-size: 15px;'>App Store<\/p>\n<p> <\/a> <\/div>\n<div style='text-align: center;'> <a href='https:\/\/ftp3.syscom.mx\/usuarios\/fcarrillo\/Hikvision\/Specs\/Especificaciones%20Tecnicas%20DS-2DF8C825IXS-AELT5_V5.7.1_20220121.pdf' target='_blank' rel='noopener' style='color: inherit; text-decoration: none;'> <img style='width: 100%; height: auto; border: 1px solid rgba(150&comma;150&comma;150&comma;0.3); border-radius: 8px;' src='https:\/\/ftp3.syscom.mx\/usuarios\/gmagos\/HIK\/IP\/IPC\/Imagenes%20pagina\/Descarga%20de%20PDF.jpg' alt='Especificaciones T\u00e9cnicas'> <\/p>\n<p style='margin-top: 10px; font-size: 15px;'>Especificaciones T\u00e9cnicas<\/p>\n<p> <\/a> <\/div>\n<\/p><\/div>\n<\/p><\/div>\n<p> <!-- Banner final --> <\/p>\n<div style='margin: 30px 0;'> <img style='width: 100%; height: auto; border: 1px solid rgba(150&comma;150&comma;150&comma;0.3); border-radius: 8px;' src='https:\/\/ftp3.syscom.mx\/usuarios\/jsosa\/HIKVISION\/imagenes\/banners\/solution%20complete.png' alt='Soluci\u00f3n completa'> <\/div>\n<\/p><\/div>\n","protected":false},"excerpt":{"rendered":"<p>Domo PTZ IP 4 Megapixel  \/ 45X Zoom \/ 300 mts IR \/ AutoSeguimiento \/ WDR 120 dB \/ EIS \/ Deep Learning \/ Exterior IP66 \/ Rapid Focus \/ Hi-PoE  \/ Micro SD<\/p>\n","protected":false},"featured_media":103255,"comment_status":"open","ping_status":"closed","template":"","meta":[],"product_brand":[],"product_cat":[1224],"product_tag":[122,54,1225],"class_list":{"0":"post-103256","1":"product","2":"type-product","3":"status-publish","4":"has-post-thumbnail","6":"product_cat-ptz","7":"product_tag-camaras-ip-y-nvrs","8":"product_tag-hikvision","9":"product_tag-ptz","11":"first","12":"outofstock","13":"sale","14":"shipping-taxable","15":"purchasable","16":"product-type-simple"},"_links":{"self":[{"href":"https:\/\/soydeaqui.ddns.net\/pachuca\/index.php\/wp-json\/wp\/v2\/product\/103256","targetHints":{"allow":["GET"]}}],"collection":[{"href":"https:\/\/soydeaqui.ddns.net\/pachuca\/index.php\/wp-json\/wp\/v2\/product"}],"about":[{"href":"https:\/\/soydeaqui.ddns.net\/pachuca\/index.php\/wp-json\/wp\/v2\/types\/product"}],"replies":[{"embeddable":true,"href":"https:\/\/soydeaqui.ddns.net\/pachuca\/index.php\/wp-json\/wp\/v2\/comments?post=103256"}],"wp:featuredmedia":[{"embeddable":true,"href":"https:\/\/soydeaqui.ddns.net\/pachuca\/index.php\/wp-json\/wp\/v2\/media\/103255"}],"wp:attachment":[{"href":"https:\/\/soydeaqui.ddns.net\/pachuca\/index.php\/wp-json\/wp\/v2\/media?parent=103256"}],"wp:term":[{"taxonomy":"product_brand","embeddable":true,"href":"https:\/\/soydeaqui.ddns.net\/pachuca\/index.php\/wp-json\/wp\/v2\/product_brand?post=103256"},{"taxonomy":"product_cat","embeddable":true,"href":"https:\/\/soydeaqui.ddns.net\/pachuca\/index.php\/wp-json\/wp\/v2\/product_cat?post=103256"},{"taxonomy":"product_tag","embeddable":true,"href":"https:\/\/soydeaqui.ddns.net\/pachuca\/index.php\/wp-json\/wp\/v2\/product_tag?post=103256"}],"curies":[{"name":"wp","href":"https:\/\/api.w.org\/{rel}","templated":true}]}}