{"id":103011,"date":"2026-03-20T13:22:02","date_gmt":"2026-03-20T13:22:02","guid":{"rendered":"https:\/\/soydeaqui.ddns.net\/pachuca\/index.php\/producto\/acuseek-nvr-32-megapixel-8k-16-canales-ip-8-bahias-de-disco-duro-2-tarjetas-de-red-soporta-raid-hdmi-en-4k-soporta-pos-reconocimiento-facial-bases-de-datos-hasta-100000-fotograf\/"},"modified":"2026-03-20T13:22:10","modified_gmt":"2026-03-20T13:22:10","slug":"acuseek-nvr-32-megapixel-8k-16-canales-ip-8-bahias-de-disco-duro-2-tarjetas-de-red-soporta-raid-hdmi-en-4k-soporta-pos-reconocimiento-facial-bases-de-datos-hasta-100000-fotograf","status":"publish","type":"product","link":"https:\/\/soydeaqui.ddns.net\/pachuca\/index.php\/producto\/acuseek-nvr-32-megapixel-8k-16-canales-ip-8-bahias-de-disco-duro-2-tarjetas-de-red-soporta-raid-hdmi-en-4k-soporta-pos-reconocimiento-facial-bases-de-datos-hasta-100000-fotograf\/","title":{"rendered":"[AcuSeek] NVR 32 Megapixel (8K) \/ 16 Canales IP \/ 8 Bah\u00edas de Disco Duro \/ 2 Tarjetas de Red \/ Soporta RAID \/ HDMI en 4K \/ Soporta POS \/ Reconocimiento Facial \/ Bases de Datos \/ Hasta 100,000 Fotograf\u00edas \/ AcuSearch"},"content":{"rendered":"<div style=\"width: 100%; max-width: 1200px; margin: 0 auto; font-family: sans-serif; line-height: 1.6; color: inherit; background-color: transparent;\"><!-- Banner inicial --><\/p>\n<div style=\"text-align: center; margin: 20px 0;\"><img decoding=\"async\" style=\"width: 100%; max-width: 600px; height: auto; border: 1px solid rgba(150&comma; 150&comma; 150&comma; 0.3); border-radius: 8px;\" src=\"https:\/\/ftp3.syscom.mx\/usuarios\/jsosa\/HIKVISION\/imagenes\/logo\/hikvision%20see%20far.png\" alt=\"Banner Inicial\" class=\"fr-fic fr-dii\"><\/div>\n<p><!-- Video principal --><\/p>\n<div style=\"position: relative; padding-bottom: 56.25%; height: 0; overflow: hidden; margin: 30px 0;\"><span class=\"fr-video fr-deletable\" contenteditable=\"false\"><video style=\"position: absolute; top: 0; left: 0; width: 100%; height: 100%;\" autoplay=\"\" muted=\"\" controls=\"\"><source src=\"https:\/\/ftp3.syscom.mx\/usuarios\/fcarrillo\/Hikvision\/videos\/AcuSeeklanding.mp4\" type=\"video\/mp4\"><\/video><\/span><\/div>\n<p><!-- T\u00edtulo de especificaciones --><\/p>\n<div style=\"text-align: center; margin: 40px 0 20px;\">\n<h1 style=\"font-size: 28px; color: #232a6f; font-family: sans-serif; margin: 0;\"><span style=\"font-family: verdana&comma; geneva&comma; sans-serif;\">Especif&iacute;caciones<\/span><\/h1>\n<\/div>\n<p><!-- Secci\u00f3n de caracter\u00edsticas principales y f\u00edsicas --><\/p>\n<div style=\"display: flex; flex-wrap: wrap; gap: 20px; margin-bottom: 40px;\">\n<div style=\"flex: 1 1 300px; min-width: 280px; flex-grow: 1;\">\n<div style=\"border: 1px solid rgba(150&comma;150&comma;150&comma;0.4); border-radius: 8px; overflow: hidden;\">\n<div style=\"padding: 15px; background-color: #df001e; border-bottom: 1px solid #a80000; color: #ffffff; font-size: 18px; font-weight: bold;\">Caracter&iacute;sticas Principales:<\/div>\n<div style=\"padding: 15px;\">\n<ul style=\"padding-left: 20px; margin: 0; font-size: 14px; color: inherit;\">\n<li style=\"margin-bottom: 8px;\">Compresi&oacute;n de video: H.265+ \/ H.265 \/ H.264+ \/ H.264<\/li>\n<li style=\"margin-bottom: 8px;\">Soporta mouse USB para operar (incluido)<\/li>\n<li style=\"margin-bottom: 8px;\">Soporta 8 HDD&acute;s de hasta 20 TB (no incluidos)<\/li>\n<li style=\"margin-bottom: 8px;\">Soporta Hot Swap con arreglo RAID 0&comma;1&comma;5&comma;6&comma;10<\/li>\n<li style=\"margin-bottom: 8px;\">Acceso remoto v&iacute;a tel&eacute;fono: Android&comma; iPhone&comma; iPad (Hik-Connect)<\/li>\n<li style=\"margin-bottom: 8px;\">Software cliente IVMS-4200 (gratuito)<\/li>\n<li style=\"margin-bottom: 8px;\">Soporta m&uacute;ltiples marcas usando el protocolo ONVIF<\/li>\n<\/ul>\n<\/div>\n<\/div>\n<\/div>\n<div style=\"flex: 1 1 300px; min-width: 280px; flex-grow: 1;\">\n<div style=\"border: 1px solid rgba(150&comma;150&comma;150&comma;0.4); border-radius: 8px; overflow: hidden;\">\n<div style=\"padding: 15px; background-color: #df001e; border-bottom: 1px solid #a80000; color: #ffffff; font-size: 18px; font-weight: bold;\">Caracter&iacute;sticas F&iacute;sicas y El&eacute;ctricas:<\/div>\n<div style=\"padding: 15px;\">\n<ul style=\"padding-left: 20px; margin: 0; font-size: 14px; color: inherit;\">\n<li style=\"margin-bottom: 8px;\">Dimensiones: 442 &times; 498 &times; 146 mm (2 U Rack)<\/li>\n<li style=\"margin-bottom: 8px;\">Alimentaci&oacute;n: 100 a 240Vca \/ 50 W<\/li>\n<li style=\"margin-bottom: 8px;\">Temperatura de operaci&oacute;n: -10&deg;C a 55&deg;C<\/li>\n<li style=\"margin-bottom: 8px;\">Peso: 10 Kg sin HDD<\/li>\n<\/ul>\n<\/div>\n<\/div>\n<\/div>\n<\/div>\n<p><!-- Secci\u00f3n de interfaces y grabaci\u00f3n --><\/p>\n<div style=\"display: flex; flex-wrap: wrap; gap: 20px; margin-bottom: 40px;\">\n<div style=\"flex: 1 1 300px; min-width: 280px; flex-grow: 1;\">\n<div style=\"border: 1px solid rgba(150&comma;150&comma;150&comma;0.4); border-radius: 8px; overflow: hidden;\">\n<div style=\"padding: 15px; background-color: #df001e; border-bottom: 1px solid #a80000; color: #ffffff; font-size: 18px; font-weight: bold;\">Interfaces Entradas y Salidas:<\/div>\n<div style=\"padding: 15px;\">\n<ul style=\"padding-left: 20px; margin: 0; font-size: 14px; color: inherit;\">\n<li style=\"margin-bottom: 8px;\"><strong>Salida simult&aacute;nea<\/strong> HDMI 1 y VGA 1<\/li>\n<li style=\"margin-bottom: 8px;\"><strong>Salida simult&aacute;nea<\/strong> HDMI 2 y VGA 2<\/li>\n<li style=\"margin-bottom: 8px;\">Resoluci&oacute;n HDMI 1: 8K \/ 4K \/ 1080p \/ 720p<\/li>\n<li style=\"margin-bottom: 8px;\">Resoluci&oacute;n HDMI 2: 4k \/ 1080p \/ 720p<\/li>\n<li style=\"margin-bottom: 8px;\">Resoluci&oacute;n VGA 1: 1080p \/ 720p<\/li>\n<li style=\"margin-bottom: 8px;\">Resoluci&oacute;n VGA 2: 1080p \/ 720p<\/li>\n<li style=\"margin-bottom: 8px;\">Entrada de Audio: 1<\/li>\n<li style=\"margin-bottom: 8px;\">Salida de Audio: 2<\/li>\n<li style=\"margin-bottom: 8px;\">Entrada de Alarma: 16<\/li>\n<li style=\"margin-bottom: 8px;\">Salida de Alarma: 9<\/li>\n<li style=\"margin-bottom: 8px;\">Soporta audio bidireccional (audio de dos v&iacute;as)<\/li>\n<\/ul>\n<\/div>\n<\/div>\n<\/div>\n<div style=\"flex: 1 1 300px; min-width: 280px; flex-grow: 1;\">\n<div style=\"border: 1px solid rgba(150&comma;150&comma;150&comma;0.4); border-radius: 8px; overflow: hidden;\">\n<div style=\"padding: 15px; background-color: #df001e; border-bottom: 1px solid #a80000; color: #ffffff; font-size: 18px; font-weight: bold;\">Funci&oacute;n de Grabaci&oacute;n y Visualizaci&oacute;n:<\/div>\n<div style=\"padding: 15px;\">\n<ul style=\"padding-left: 20px; margin: 0; font-size: 14px; color: inherit;\">\n<li style=\"margin-bottom: 8px;\">Detecci&oacute;n de movimiento multizona<\/li>\n<li style=\"margin-bottom: 8px;\">Zoom digital en visualizaci&oacute;n y grabaci&oacute;n<\/li>\n<li style=\"margin-bottom: 8px;\">Dual stream (main stream y sub stream)<\/li>\n<li style=\"margin-bottom: 8px;\">Soporta avance r&aacute;pido&comma; lento&comma; cuadro a cuadro&comma; etc.<\/li>\n<li style=\"margin-bottom: 8px;\">Soporta tecnolog&iacute;a de discos duros S.M.A.R.T.<\/li>\n<li style=\"margin-bottom: 8px;\">Soporta m&uacute;ltiples tipos de grabaci&oacute;n&comma; incluyendo tiempo real&comma; grabaci&oacute;n manual&comma; videosensor&comma; videosensor y alarma&comma; videosensor o alarma<\/li>\n<li style=\"margin-bottom: 8px;\">Soporta grabaci&oacute;n c&iacute;clica (sobreescritura) y no c&iacute;clica<\/li>\n<\/ul>\n<\/div>\n<\/div>\n<\/div>\n<\/div>\n<p><!-- Secci\u00f3n de capacidad de procesamiento y resoluci\u00f3n --><\/p>\n<div style=\"display: flex; flex-wrap: wrap; gap: 20px; margin-bottom: 40px;\">\n<div style=\"flex: 1 1 300px; min-width: 280px; flex-grow: 1;\">\n<div style=\"border: 1px solid rgba(150&comma;150&comma;150&comma;0.4); border-radius: 8px; overflow: hidden;\">\n<div style=\"padding: 15px; background-color: #df001e; border-bottom: 1px solid #a80000; color: #ffffff; font-size: 18px; font-weight: bold;\">Capacidad de Procesamiento y Funciones de red:<\/div>\n<div style=\"padding: 15px;\">\n<ul style=\"padding-left: 20px; margin: 0; font-size: 14px; color: inherit;\">\n<li style=\"margin-bottom: 8px;\">Throughput entrada: 320 Mbps<\/li>\n<li style=\"margin-bottom: 8px;\">Throughput salida: 400 Mbps<\/li>\n<li style=\"margin-bottom: 8px;\">2 Puertos red 10 \/ 100 \/ 1000 Mbps (LAN)<\/li>\n<li style=\"margin-bottom: 8px;\">Funciones de las tarjetas de red: balanceo de carga y multi-direcci&oacute;n<\/li>\n<li style=\"margin-bottom: 8px;\">Configuraci&oacute;n local y remota de par&aacute;metros<\/li>\n<li style=\"margin-bottom: 8px;\">Descarga y reproducci&oacute;n por red de los archivos grabados en la NVR<\/li>\n<li style=\"margin-bottom: 8px;\">Soporta la descarga de bit&aacute;cora de alarmas del NVR en forma remota<\/li>\n<\/ul>\n<\/div>\n<\/div>\n<\/div>\n<div style=\"flex: 1 1 300px; min-width: 280px; flex-grow: 1;\">\n<div style=\"border: 1px solid rgba(150&comma;150&comma;150&comma;0.4); border-radius: 8px; overflow: hidden;\">\n<div style=\"padding: 15px; background-color: #df001e; border-bottom: 1px solid #a80000; color: #ffffff; font-size: 18px; font-weight: bold;\">Resoluci&oacute;n de Grabaci&oacute;n por Canal (Recomendado con H.265):<\/div>\n<div style=\"padding: 15px;\">\n<ul style=\"padding-left: 20px; margin: 0; font-size: 14px; color: inherit;\">\n<li style=\"margin-bottom: 8px;\">2 canales @ 32 MP (30 fps)<\/li>\n<li style=\"margin-bottom: 8px;\">2 canales @ 24 MP (30 fps)<\/li>\n<li style=\"margin-bottom: 8px;\">4 canales @ 62 MP (20 fps)<\/li>\n<li style=\"margin-bottom: 8px;\">8 canales @ 8 MP (25 fps)<\/li>\n<li style=\"margin-bottom: 8px;\">16 canales @ 4 MP (30 fps)<\/li>\n<li style=\"margin-bottom: 8px;\">32 canales @ 1080p (30 fps)<\/li>\n<li style=\"margin-bottom: 8px;\">Reproducci&oacute;n s&iacute;ncrona en canales: 16 Canales<\/li>\n<\/ul>\n<\/div>\n<\/div>\n<\/div>\n<\/div>\n<p><!-- Secci\u00f3n de caracter\u00edsticas destacadas --><\/p>\n<div style=\"border: 1px solid rgba(150&comma;150&comma;150&comma;0.4); border-radius: 8px; overflow: hidden; margin-bottom: 40px;\">\n<div style=\"padding: 15px; background-color: #df001e; border-bottom: 1px solid #a80000; color: #ffffff; font-size: 18px; font-weight: bold;\">Caracter&iacute;sticas destacadas:<\/div>\n<div style=\"padding: 15px;\">\n<div style=\"margin-bottom: 20px;\">\n<h3 style=\"font-size: 18px; margin-top: 0; margin-bottom: 10px; color: inherit; border-bottom: 2px solid currentColor; padding-bottom: 5px; opacity: 0.8;\">AcuSearch:<\/h3>\n<ul style=\"padding-left: 25px; margin: 0; font-size: 14px; color: inherit;\">\n<li style=\"margin-bottom: 8px;\">Si las c&aacute;maras admiten la tecnolog&iacute;a Hikvision AcuSense y tienen habilitada la funci&oacute;n AcuSearch&comma; el NVR admite AcuSearch en todos los canales y puede procesar hasta 600&comma;000 objetivos al d&iacute;a<\/li>\n<\/ul>\n<\/div>\n<div style=\"margin-bottom: 20px;\">\n<h3 style=\"font-size: 18px; margin-top: 0; margin-bottom: 10px; color: inherit; border-bottom: 2px solid currentColor; padding-bottom: 5px; opacity: 0.8;\">AcuSeek:<\/h3>\n<ul style=\"padding-left: 25px; margin: 0; font-size: 14px; color: inherit;\">\n<li style=\"margin-bottom: 8px;\">Si las c&aacute;maras admiten la tecnolog&iacute;a Hikvision AcuSense y tienen habilitada la funci&oacute;n AcuSearch&comma; el NVR admite AcuSeek en todos los canales y puede procesar hasta 600&comma;000 objetivos al d&iacute;a<\/li>\n<\/ul>\n<\/div>\n<div style=\"margin-bottom: 20px;\">\n<h3 style=\"font-size: 18px; margin-top: 0; margin-bottom: 10px; color: inherit; border-bottom: 2px solid currentColor; padding-bottom: 5px; opacity: 0.8;\">Reconocimiento Facial:<\/h3>\n<ul style=\"padding-left: 25px; margin: 0; font-size: 14px; color: inherit;\">\n<li style=\"margin-bottom: 8px;\">Hasta 32 librer&iacute;as con un m&aacute;ximo de 100&comma;000 rostros en total<\/li>\n<li style=\"margin-bottom: 8px;\">Cada fotograf&iacute;a debe de pesar m&aacute;ximo 512 kb<\/li>\n<li style=\"margin-bottom: 8px;\">Cuando la c&aacute;mara detecta un rostro y coincidente con la base de datos&comma; se puede: activar la grabaci&oacute;n&comma; notificar al software remoto (iVMS-4200)&comma; enviar un email&comma; activar una salida de alarma&comma; etc.<\/li>\n<li style=\"margin-bottom: 8px;\">Soporta 32 canales de video con reconocimiento facial&comma; podemos usar c&aacute;maras: IDS-2CD7<\/li>\n<li style=\"margin-bottom: 8px;\">Soporta 16 canales de video con detecci&oacute;n facial&comma; podemos usar c&aacute;maras: DS-2CD3XXG2 \/ DS-2CD3XX7G2 (que soporte captura facial)<\/li>\n<\/ul>\n<\/div>\n<div>\n<h3 style=\"font-size: 18px; margin-top: 0; margin-bottom: 10px; color: inherit; border-bottom: 2px solid currentColor; padding-bottom: 5px; opacity: 0.8;\">ANPR (Lectura de Placas):<\/h3>\n<ul style=\"padding-left: 25px; margin: 0; font-size: 14px; color: inherit;\">\n<li style=\"margin-bottom: 8px;\">Usando c&aacute;maras con anal&iacute;tica de ANPR podemos tener lectura de placas (base de datos) en todos sus canales y podemos tener tambien diferentes caracter&iacute;sticas del autom&oacute;vil como tipo del veh&iacute;culo&comma; color&comma; tama&ntilde;o&comma; etc&#8230;<\/li>\n<\/ul>\n<\/div>\n<\/div>\n<\/div>\n<p><!-- Tabla de funcionalidades --><\/p>\n<div style=\"border: 1px solid rgba(150&comma;150&comma;150&comma;0.4); border-radius: 8px; overflow: hidden; margin-bottom: 40px;\">\n<div style=\"padding: 15px; background-color: #df001e; border-bottom: 1px solid #a80000; color: #ffffff; font-size: 18px; font-weight: bold;\">Funcionalidades<\/div>\n<div style=\"overflow-x: auto;\">\n<table style=\"width: 100%; border-collapse: collapse; color: inherit;\">\n<thead style=\"background-color: #f5f5f5;\">\n<tr>\n<th style=\"padding: 12px; border: 1px solid rgba(150&comma;150&comma;150&comma;0.3); font-weight: bold; text-align: center;\">Funci&oacute;n Especial<\/th>\n<th style=\"padding: 12px; border: 1px solid rgba(150&comma;150&comma;150&comma;0.3); font-weight: bold; text-align: center;\">An&aacute;lisis Inteligente<\/th>\n<th style=\"padding: 12px; border: 1px solid rgba(150&comma;150&comma;150&comma;0.3); font-weight: bold; text-align: center;\">Requiere C&aacute;mara IP<\/th>\n<\/tr>\n<\/thead>\n<tbody>\n<tr>\n<td style=\"padding: 10px; border: 1px solid rgba(150&comma;150&comma;150&comma;0.3); font-weight: bold;\">Intelligent Analytics<\/td>\n<td style=\"padding: 10px; border: 1px solid rgba(150&comma;150&comma;150&comma;0.3);\">Facial Recognition&comma; AcuSearch&comma; AcuSeek<\/td>\n<td style=\"padding: 10px; border: 1px solid rgba(150&comma;150&comma;150&comma;0.3);\">Perimeter Protection&comma; Video Structuralization&comma; Motion Detection 2.0&comma; ANPR&comma; People Counting<\/td>\n<\/tr>\n<tr>\n<td style=\"padding: 10px; border: 1px solid rgba(150&comma;150&comma;150&comma;0.3); font-weight: bold;\">Facial Recognition<\/td>\n<td style=\"padding: 10px; border: 1px solid rgba(150&comma;150&comma;150&comma;0.3);\">Reconocimiento Facial y captura facial<\/td>\n<td style=\"padding: 10px; border: 1px solid rgba(150&comma;150&comma;150&comma;0.3);\">Requiere usar c&aacute;maras con Reconocimiento facial y Detecci&oacute;n facial<\/td>\n<\/tr>\n<tr>\n<td style=\"padding: 10px; border: 1px solid rgba(150&comma;150&comma;150&comma;0.3); font-weight: bold;\">AcuSearch<\/td>\n<td style=\"padding: 10px; border: 1px solid rgba(150&comma;150&comma;150&comma;0.3);\">Procesa hasta 600&comma;000 objetivos\/d&iacute;a en todos los canales<\/td>\n<td style=\"padding: 10px; border: 1px solid rgba(150&comma;150&comma;150&comma;0.3);\">Requiere c&aacute;maras con tecnolog&iacute;a AcuSense y funci&oacute;n AcuSearch habilitada<\/td>\n<\/tr>\n<tr>\n<td style=\"padding: 10px; border: 1px solid rgba(150&comma;150&comma;150&comma;0.3); font-weight: bold;\">AcuSeek<\/td>\n<td style=\"padding: 10px; border: 1px solid rgba(150&comma;150&comma;150&comma;0.3);\">Procesa hasta 600&comma;000 objetivos\/d&iacute;a en todos los canales<\/td>\n<td style=\"padding: 10px; border: 1px solid rgba(150&comma;150&comma;150&comma;0.3);\">Requiere c&aacute;maras con tecnolog&iacute;a AcuSense y funci&oacute;n AcuSearch habilitada<\/td>\n<\/tr>\n<tr>\n<td style=\"padding: 10px; border: 1px solid rgba(150&comma;150&comma;150&comma;0.3); font-weight: bold;\">ANPR (Lectura de Placas)<\/td>\n<td style=\"padding: 10px; border: 1px solid rgba(150&comma;150&comma;150&comma;0.3);\">En todos sus canales<\/td>\n<td style=\"padding: 10px; border: 1px solid rgba(150&comma;150&comma;150&comma;0.3);\">Lectura de placas&comma; color&comma; tipo&comma; marca y tipo de veh&iacute;culo en todos los canales<\/td>\n<\/tr>\n<\/tbody>\n<\/table>\n<\/div>\n<\/div>\n<p><!-- Videos --><\/p>\n<div style=\"display: flex; flex-wrap: wrap; gap: 30px; margin-bottom: 40px;\">\n<div style=\"flex: 1 1 48%; min-width: 300px;\">\n<h3 style=\"font-size: 20px; margin: 0 0 15px; text-align: center; color: inherit; opacity: 0.8;\">AcuSeek NVR HIKVISION<\/h3>\n<div style=\"position: relative; padding-bottom: 56.25%; height: 0; overflow: hidden;\"><span class=\"fr-video\" contenteditable=\"false\"> <\/span><\/div>\n<\/div>\n<div style=\"flex: 1 1 48%; min-width: 300px;\">\n<h3 style=\"font-size: 20px; margin: 0 0 15px; text-align: center; color: inherit; opacity: 0.8;\">Smart Search + Acusense<\/h3>\n<div style=\"position: relative; padding-bottom: 56.25%; height: 0; overflow: hidden;\"><span class=\"fr-video\" contenteditable=\"false\"> <\/span><\/div>\n<\/div>\n<\/div>\n<p><!-- Banner final --><\/p>\n<div style=\"margin: 40px 0;\"><img decoding=\"async\" style=\"width: 100%; height: auto; border: 1px solid rgba(150&comma; 150&comma; 150&comma; 0.3); border-radius: 8px;\" src=\"https:\/\/ftp3.syscom.mx\/usuarios\/jsosa\/HIKVISION\/imagenes\/banners\/solution%20complete.png\" alt=\"Banner Final\" class=\"fr-fic fr-dii\"><\/div>\n<\/div>\n","protected":false},"excerpt":{"rendered":"<p>[AcuSeek] NVR 32 Megapixel (8K) \/ 16 Canales IP \/ 8 Bah\u00edas de Disco Duro \/ 2 Tarjetas de Red \/ Soporta RAID \/ HDMI en 4K \/ Soporta POS \/ Reconocimiento Facial \/ Bases de Datos \/ Hasta 100,000 Fotograf\u00edas \/ AcuSearch<\/p>\n","protected":false},"featured_media":103010,"comment_status":"open","ping_status":"closed","template":"","meta":[],"product_brand":[],"product_cat":[2234],"product_tag":[122,54,2235],"class_list":{"0":"post-103011","1":"product","2":"type-product","3":"status-publish","4":"has-post-thumbnail","6":"product_cat-nvrs-network-video-recorders","7":"product_tag-camaras-ip-y-nvrs","8":"product_tag-hikvision","9":"product_tag-nvrs-network-video-recorders","11":"first","12":"outofstock","13":"sale","14":"shipping-taxable","15":"purchasable","16":"product-type-simple"},"_links":{"self":[{"href":"https:\/\/soydeaqui.ddns.net\/pachuca\/index.php\/wp-json\/wp\/v2\/product\/103011","targetHints":{"allow":["GET"]}}],"collection":[{"href":"https:\/\/soydeaqui.ddns.net\/pachuca\/index.php\/wp-json\/wp\/v2\/product"}],"about":[{"href":"https:\/\/soydeaqui.ddns.net\/pachuca\/index.php\/wp-json\/wp\/v2\/types\/product"}],"replies":[{"embeddable":true,"href":"https:\/\/soydeaqui.ddns.net\/pachuca\/index.php\/wp-json\/wp\/v2\/comments?post=103011"}],"wp:featuredmedia":[{"embeddable":true,"href":"https:\/\/soydeaqui.ddns.net\/pachuca\/index.php\/wp-json\/wp\/v2\/media\/103010"}],"wp:attachment":[{"href":"https:\/\/soydeaqui.ddns.net\/pachuca\/index.php\/wp-json\/wp\/v2\/media?parent=103011"}],"wp:term":[{"taxonomy":"product_brand","embeddable":true,"href":"https:\/\/soydeaqui.ddns.net\/pachuca\/index.php\/wp-json\/wp\/v2\/product_brand?post=103011"},{"taxonomy":"product_cat","embeddable":true,"href":"https:\/\/soydeaqui.ddns.net\/pachuca\/index.php\/wp-json\/wp\/v2\/product_cat?post=103011"},{"taxonomy":"product_tag","embeddable":true,"href":"https:\/\/soydeaqui.ddns.net\/pachuca\/index.php\/wp-json\/wp\/v2\/product_tag?post=103011"}],"curies":[{"name":"wp","href":"https:\/\/api.w.org\/{rel}","templated":true}]}}