{"id":102988,"date":"2026-03-20T13:20:49","date_gmt":"2026-03-20T13:20:49","guid":{"rendered":"https:\/\/soydeaqui.ddns.net\/pachuca\/index.php\/producto\/mini-domo-ptz-ip-2-megapixel-4x-zoom-h-265-20-mts-ir-exir-wdr-120db-poe-ik10-exterior-ip66-ultra-baja-iluminacion-microfono-integrado-poe\/"},"modified":"2026-03-20T13:20:57","modified_gmt":"2026-03-20T13:20:57","slug":"mini-domo-ptz-ip-2-megapixel-4x-zoom-h-265-20-mts-ir-exir-wdr-120db-poe-ik10-exterior-ip66-ultra-baja-iluminacion-microfono-integrado-poe","status":"publish","type":"product","link":"https:\/\/soydeaqui.ddns.net\/pachuca\/index.php\/producto\/mini-domo-ptz-ip-2-megapixel-4x-zoom-h-265-20-mts-ir-exir-wdr-120db-poe-ik10-exterior-ip66-ultra-baja-iluminacion-microfono-integrado-poe\/","title":{"rendered":"Mini Domo PTZ IP 2 Megapixel \/ 4X Zoom \/ H.265+ \/ 20 mts IR EXIR \/ WDR 120dB \/ PoE \/ IK10 \/ Exterior IP66 \/ Ultra Baja Iluminaci\u00f3n \/ Micr\u00f3fono Integrado \/ PoE"},"content":{"rendered":"<p><img class='mb-4 img-fluid fr-fic fr-dii' style='max-height: 6rem; display: block; margin-left: auto; margin-right: auto;' src='https:\/\/ftp3.syscom.mx\/usuarios\/fotos\/logotipos\/hilook_by_hikvision.png' alt='Logo' \/><\/p>\n<header class='py-4'>\n<div class='container'>\n<div class='text-center'>\n<h1 class='display-4 fw-bold'>Controla y monitorea tus dispositivos de seguridad<\/h1>\n<p class='lead mb-4'>Descarga la app oficial y aprovecha al m\u00e1ximo tu producto inteligente<\/p>\n<\/p><\/div>\n<\/p><\/div>\n<\/header>\n<p><!-- Features --> <\/p>\n<section class='py-5 bg-custom-light'>\n<div class='container'>\n<h2 class='text-center mb-5'>Beneficios principales<\/h2>\n<div class='row g-4'>\n<div class='col-md-3'>\n<div class='text-center'>\n<div class='feature-icon bg-primary mx-auto mb-3'> <\/div>\n<h5>Control remoto<\/h5>\n<p class='text-muted'>Controla tus dispositivos desde cualquier lugar<\/p>\n<\/p><\/div>\n<\/p><\/div>\n<div class='col-md-3'>\n<div class='text-center'>\n<div class='feature-icon bg-success mx-auto mb-3'> <\/div>\n<h5>Monitoreo en tiempo real<\/h5>\n<p class='text-muted'>Visualiza tus dispositivos al instante<\/p>\n<\/p><\/div>\n<\/p><\/div>\n<div class='col-md-3'>\n<div class='text-center'>\n<div class='feature-icon bg-info mx-auto mb-3'> <\/div>\n<h5>Notificaciones<\/h5>\n<p class='text-muted'>Recibe notificaciones y alertas de los eventos que registra tu dispositivo.<\/p>\n<\/p><\/div>\n<\/p><\/div>\n<div class='col-md-3'>\n<div class='text-center'>\n<div class='feature-icon bg-warning mx-auto mb-3'> <\/div>\n<h5>Interfaz de usuario sencilla<\/h5>\n<p class='text-muted'>Amigable para usuarios finales<\/p>\n<\/p><\/div>\n<\/p><\/div>\n<\/p><\/div>\n<\/p><\/div>\n<\/section>\n<p> <!-- Galer\u00eda de im\u00e1genes --> <\/p>\n<section class='py-5'>\n<div class='container'>\n<div class='row g-4'>\n<div class='col-md-3 col-xs-12'><img class='img-fluid rounded shadow fr-fic fr-dii' src='https:\/\/ftp3.syscom.mx\/usuarios\/ftp\/single_page\/hilook\/interfaz.jpg' alt='Imagen 1' \/><\/div>\n<div class='col-md-3 col-xs-12'><img class='img-fluid rounded shadow fr-fic fr-dii' src='https:\/\/ftp3.syscom.mx\/usuarios\/ftp\/single_page\/hilook\/grabaciones.jpg' alt='Imagen 2' \/><\/div>\n<div class='col-md-3 col-xs-12'><img class='img-fluid rounded shadow fr-fic fr-dii' src='https:\/\/ftp3.syscom.mx\/usuarios\/ftp\/single_page\/hilook\/directo.jpg' alt='Imagen 3' \/><\/div>\n<div class='col-md-3 col-xs-12'><img class='img-fluid rounded shadow fr-fic fr-dii' src='https:\/\/ftp3.syscom.mx\/usuarios\/ftp\/single_page\/hilook\/notificaciones2.jpg' alt='Imagen 4' \/><\/div>\n<\/p><\/div>\n<\/p><\/div>\n<\/section>\n<div class='container'><!-- ===================== IM\u00c1GENES ===================== --> <\/p>\n<div class='row mb-3 g-2'>\n<div class='col-6 col-md-6'> <\/div>\n<div class='col-6 col-md-6'> <\/div>\n<\/p><\/div>\n<div style='display: grid; grid-template-columns: repeat(3&comma;1fr); gap: 24px; max-width: 1200px; margin: 0 auto;'><!-- Card --> <\/p>\n<div style='background: #ffffff; border: 1px solid #e6e6e6; border-radius: 10px; padding: 24px 20px; text-align: center;'>\n<div style='width: 56px; height: 56px; margin: 0 auto 16px; background: #f2f6ff; border-radius: 50%; display: flex; align-items: center; justify-content: center;'><img class='fr-fil fr-dib' style='width: 60px; height: 60px;' src='https:\/\/cdn-icons-gif.flaticon.com\/7920\/7920851.gif' \/><\/div>\n<div style='font-size: 16px; font-weight: 600; color: #1f2937; margin-bottom: 8px;'>Movimiento PTZ<\/div>\n<div style='font-size: 14px; line-height: 1.6; color: #6b7280;'>Controle el movimiento de la c\u00e1mara remotamente&comma; gire horizontalmente&comma; verticalmente asi como acercar o alejar la imagen.<\/div>\n<\/p><\/div>\n<p> <!-- Card --> <\/p>\n<div style='background: #ffffff; border: 1px solid #e6e6e6; border-radius: 10px; padding: 24px 20px; text-align: center;'>\n<div style='width: 56px; height: 56px; margin: 0 auto 16px; background: #f2f6ff; border-radius: 50%; display: flex; align-items: center; justify-content: center;'><img class='fr-fil fr-dib' style='width: 60px; height: 60px;' src='https:\/\/cdn-icons-gif.flaticon.com\/19033\/19033674.gif' \/><\/div>\n<div style='font-size: 16px; font-weight: 600; color: #1f2937; margin-bottom: 8px;'>Antivandalismo<\/div>\n<div style='font-size: 14px; line-height: 1.6; color: #6b7280;'>IK10 brinda protecci\u00f3n robusta contra golpes&comma; ideal para instalaci\u00f3nes seguras y confiables.<\/div>\n<\/p><\/div>\n<p> <!-- Card --> <\/p>\n<div style='background: #ffffff; border: 1px solid #e6e6e6; border-radius: 10px; padding: 24px 20px; text-align: center;'>\n<div style='width: 56px; height: 56px; margin: 0 auto 16px; background: #f2f6ff; border-radius: 50%; display: flex; align-items: center; justify-content: center;'><img class='fr-fil fr-dib' style='width: 60px; height: 60px;' src='https:\/\/cdn-icons-gif.flaticon.com\/13896\/13896687.gif' \/><\/div>\n<div style='font-size: 16px; font-weight: 600; color: #1f2937; margin-bottom: 8px;'>Visualizaci\u00f3n Remota<\/div>\n<div style='font-size: 14px; line-height: 1.6; color: #6b7280;'>Accede a tus c\u00e1maras en tiempo real desde cualquier lugar.<\/div>\n<\/p><\/div>\n<p> <!-- Card --> <\/p>\n<div style='background: #ffffff; border: 1px solid #e6e6e6; border-radius: 10px; padding: 24px 20px; text-align: center;'>\n<div style='width: 56px; height: 56px; margin: 0 auto 16px; background: #f2f6ff; border-radius: 50%; display: flex; align-items: center; justify-content: center;'><img class='fr-fil fr-dib' style='width: 60px; height: 60px;' src='https:\/\/cdn-icons-gif.flaticon.com\/8121\/8121297.gif' \/><\/div>\n<div style='font-size: 16px; font-weight: 600; color: #1f2937; margin-bottom: 8px;'>Microfono Integrado<\/div>\n<div style='font-size: 14px; line-height: 1.6; color: #6b7280;'>Las c\u00e1maras cuentan con microfono de alta fidelidad para grabar el audio en un area de 5 a 8m2.<\/div>\n<\/p><\/div>\n<p> <!-- Card --> <\/p>\n<div style='background: #ffffff; border: 1px solid #e6e6e6; border-radius: 10px; padding: 24px 20px; text-align: center;'>\n<div style='width: 56px; height: 56px; margin: 0 auto 16px; background: #f2f6ff; border-radius: 50%; display: flex; align-items: center; justify-content: center;'><img class='fr-fil fr-dib' style='width: 60px; height: 60px;' src='https:\/\/cdn-icons-gif.flaticon.com\/6455\/6455048.gif' \/><\/div>\n<div style='font-size: 16px; font-weight: 600; color: #1f2937; margin-bottom: 8px;'>PoE 802.3 af<\/div>\n<div style='font-size: 14px; line-height: 1.6; color: #6b7280;'><span style='color: #6b7280;'><span style='font-size: 14px;'>Transmita energ\u00eda y datos por un solo cable Ethernet y simplifique su instalaci\u00f3n.<\/span><\/span><\/div>\n<\/p><\/div>\n<p> <!-- Card --> <\/p>\n<div style='background: #ffffff; border: 1px solid #e6e6e6; border-radius: 10px; padding: 24px 20px; text-align: center;'>\n<div style='width: 56px; height: 56px; margin: 0 auto 16px; background: #f2f6ff; border-radius: 50%; display: flex; align-items: center; justify-content: center;'><img class='fr-fil fr-dib' style='width: 60px; height: 60px;' src='https:\/\/cdn-icons-gif.flaticon.com\/6455\/6455054.gif' \/><\/div>\n<div style='font-size: 16px; font-weight: 600; color: #1f2937; margin-bottom: 8px;'>Protecci\u00f3n IP66<\/div>\n<div style='font-size: 14px; line-height: 1.6; color: #6b7280;'>Protecci\u00f3n total contra polvo y chorros de agua&comma; ideal para uso en exteriores.<\/div>\n<\/p><\/div>\n<\/p><\/div>\n<p> <!-- ===================================================== INICIO: VIDEOS MP4 (TODOS JUNTOS) ====================================================== --> <!-- ====== VIDEOS EN L\u00cdNEA ====== --> <\/p>\n<div class='container my-4'>\n<div class='row g-3 justify-content-center'>\n<div class='col-12 col-md-4 col-lg-3'>\n<div style='position: relative; width: 100%; padding-top: 177.78%; overflow: hidden; border-radius: 12px;'><span class='fr-video' style='position: absolute; inset: 0;' contenteditable='false'>   <\/span><\/div>\n<\/p><\/div>\n<div class='col-12 col-md-4 col-lg-3'>\n<div style='position: relative; width: 100%; padding-top: 177.78%; overflow: hidden; border-radius: 12px;'><span class='fr-video' style='position: absolute; inset: 0;' contenteditable='false'>   <\/span><\/div>\n<\/p><\/div>\n<div class='col-12 col-md-4 col-lg-3'>\n<div style='position: relative; width: 100%; padding-top: 177.78%; overflow: hidden; border-radius: 12px;'><span class='fr-video' style='position: absolute; inset: 0;' contenteditable='false'>   <\/span><\/div>\n<\/p><\/div>\n<p> <!-- NUEVO VIDEO --> <\/p>\n<div class='col-12 col-md-4 col-lg-3'>\n<div style='position: relative; width: 100%; padding-top: 177.78%; overflow: hidden; border-radius: 12px;'><span class='fr-video' style='position: absolute; inset: 0;' contenteditable='false'>   <\/span><\/div>\n<\/p><\/div>\n<\/p><\/div>\n<\/p><\/div>\n<div class='row'><!--------------------------------------------------------- Especificaciones ------------------------------------------------------------> <\/p>\n<div class='col-12 col-md-6 mb-3'>\n<div class='card rounded-2 shadow'>\n<div class='card-header bg-primary' style='background: #0091FF!important; border-bottom: #a80000;'><strong><span style='font-family: verdana&comma; geneva&comma; sans-serif; color: #ffffff;'>Caracter\u00edsticas Principales:<\/span><\/strong><\/div>\n<div class='card-body'>\n<ul>\n<li><span style='font-family: verdana&comma; geneva&comma; sans-serif;'>Resoluci\u00f3n: <span style='color: #7e8c8d;'>1920x1080p (2MP) Tecnolog\u00eda IP<\/span><\/span><\/li>\n<li><span style='font-family: verdana&comma; geneva&comma; sans-serif;'>Lente: <span style='color: #7e8c8d;'>Motorizado 2.8 a 12 mm (4x zoom optico \/ 16 zoom digital)<\/span><\/span><\/li>\n<li><span style='font-family: verdana&comma; geneva&comma; sans-serif;'>Iluminaci\u00f3n: <span style='color: #7e8c8d;'>20 metros Infrarrojo EXIR.<\/span><\/span><\/li>\n<li><span style='font-family: verdana&comma; geneva&comma; sans-serif;'>Protecci\u00f3n: <span style='color: #7e8c8d;'>Exterior IP66 <\/span><\/span><\/li>\n<li><span style='font-family: verdana&comma; geneva&comma; sans-serif;'>Almacenamiento: <\/span><span style='color: #7e8c8d; font-family: verdana&comma; geneva&comma; sans-serif;'>Ranura para memoria microSD de hasta 256 GB \/ ANR compatible<\/span><\/li>\n<li><span style='font-family: verdana&comma; geneva&comma; sans-serif;'>Antivandalismo: <span style='color: #7e8c8d;'>IK10&comma; soporta impacto de 20 joules<\/span><\/span><\/li>\n<li><span style='font-family: verdana&comma; geneva&comma; sans-serif;'>Material de fabricaci\u00f3n: <span style='color: #7e8c8d;'>Policarbonato.<\/span><\/span><\/li>\n<li><span style='font-family: verdana&comma; geneva&comma; sans-serif;'>Compresi\u00f3n: <\/span><span style='color: #7e8c8d; font-family: verdana&comma; geneva&comma; sans-serif;'>H.265+ \/ H.265 \/ H.264<\/span><\/li>\n<li><span style='font-family: verdana&comma; geneva&comma; sans-serif;'>Acceso remoto P2P: <span style='color: #7e8c8d;'>Hilook app \/ HikConnect Teams<\/span><\/span><\/li>\n<li><span style='font-family: verdana&comma; geneva&comma; sans-serif;'>Entradas y salidas de audio y de alarmas:<br \/><\/span>\n<ul>\n<li><span style='font-family: verdana&comma; geneva&comma; sans-serif;'>Alarmas: <span style='color: #7e8c8d;'>No soportado<\/span><\/span><\/li>\n<li><span style='font-family: verdana&comma; geneva&comma; sans-serif;'>Audio: <span style='color: #7e8c8d;'>Microfono Integrado<\/span><\/span><\/li>\n<\/ul>\n<\/li>\n<li><span style='font-family: verdana&comma; geneva&comma; sans-serif;'>Inteligencia Artificial AcuSense: <span style='color: #7e8c8d;'>Detecci\u00f3n de movimiento con filtro de humanos y vehiculos&comma; Detecci\u00f3n facial&comma; detecci\u00f3n de intrusi\u00f3n&comma; <\/span><\/span><\/li>\n<\/ul><\/div>\n<\/p><\/div>\n<\/p><\/div>\n<div class='col-12 col-md-6 mb-3'>\n<div class='card'>\n<div class='card-header bg-primary' style='background: #0091FF!important; border-bottom: #a80000;'><strong><span style='font-family: verdana&comma; geneva&comma; sans-serif; color: #ffffff;'>Resoluci\u00f3n:<\/span><\/strong><\/div>\n<div class='card-body'>\n<ul>\n<li style='box-sizing: border-box;'><span style='font-family: verdana&comma; geneva&comma; sans-serif;'>IP: <\/span>\n<ul>\n<li style='box-sizing: border-box;'><span style='font-family: verdana&comma; geneva&comma; sans-serif;'><span style='color: #7e8c8d;'>2 MP 1920x1080p <\/span><\/span><\/li>\n<li style='box-sizing: border-box;'><span style='font-family: verdana&comma; geneva&comma; sans-serif;'><span style='color: #7e8c8d;'>1 MP 1280x960p<\/span><\/span><\/li>\n<li style='box-sizing: border-box;'><span style='font-family: verdana&comma; geneva&comma; sans-serif;'><span style='color: #7e8c8d;'>1 MP 1280x720p<\/span><\/span><\/li>\n<\/ul>\n<\/li>\n<\/ul><\/div>\n<div class='card-header bg-primary' style='background: #0091FF!important; border-bottom: #a80000;'><strong><span style='font-family: verdana&comma; geneva&comma; sans-serif; color: #ffffff;'>Caracter\u00edsticas F\u00edsicas y El\u00e9ctricas:<\/span><\/strong><\/div>\n<div class='card-body'>\n<ul>\n<li><span style='font-family: verdana&comma; geneva&comma; sans-serif;'>Alimentaci\u00f3n: <span style='color: #7e8c8d;'>12 Vcc \/ 12W \/ PoE (802.3af)<\/span><\/span><\/li>\n<li><span style='font-family: verdana&comma; geneva&comma; sans-serif;'>Temperatura de operaci\u00f3n: <span style='color: #7e8c8d;'>-20 \u00baC hasta 60 \u00baC.<\/span><\/span><\/li>\n<li><span style='font-family: verdana&comma; geneva&comma; sans-serif;'>Dimensiones: <span style='color: #7e8c8d;'>130.7 x 101.7mm.<\/span><\/span><\/li>\n<li><span style='font-family: verdana&comma; geneva&comma; sans-serif;'>Peso: <span style='color: #7e8c8d;'>530 gramos.<\/span><\/span><\/li>\n<li><span style='font-family: verdana&comma; geneva&comma; sans-serif;'>Protecci\u00f3n contra sobre tensi\u00f3nes y protecci\u00f3n contra voltajes transitorios<\/span><\/li>\n<\/ul><\/div>\n<\/p><\/div>\n<\/p><\/div>\n<div class='col-12'>\n<div class='card '>\n<div class='card-header bg-primary' style='border-bottom: #a80000; background: #0091ff !important; text-align: center;'><strong><span style='font-family: verdana&comma; geneva&comma; sans-serif; color: #ffffff;'>Caracter\u00edsticas Destacadas:<\/span><\/strong><\/div>\n<div class='card-body'>\n<ul>\n<li><span style='font-family: verdana&comma; geneva&comma; sans-serif;'>Paneo: <span style='color: #7e8c8d;'>0 a 355\u00b0.<\/span><\/span><\/li>\n<li><span style='font-family: verdana&comma; geneva&comma; sans-serif;'>Tildeo: <span style='color: #7e8c8d;'>0\u00b0 a 90.<\/span><\/span><\/li>\n<li><span style='font-family: verdana&comma; geneva&comma; sans-serif;'>Presets : <span style='color: #7e8c8d;'>300 (no soporta: Patrol \/ Pattern \/ Park Act).<\/span><\/span><\/li>\n<li><span style='font-family: verdana&comma; geneva&comma; sans-serif;'>Main Stream: <span style='color: #7e8c8d;'>30 fps (1920 \u00d7 1080&comma; 1280 \u00d7 960&comma; 1280 \u00d7 720).<\/span><\/span><\/li>\n<li><span style='font-family: verdana&comma; geneva&comma; sans-serif;'>Sub Steam: <span style='color: #7e8c8d;'>30 fps (704 \u00d7 480&comma; 640 \u00d7 480&comma; 352 \u00d7 240).<\/span><\/span><\/li>\n<li><span style='font-family: verdana&comma; geneva&comma; sans-serif;'>Tercer Stream: <span style='color: #7e8c8d;'>30fps (1280 \u00d7 720&comma; 704 \u00d7 480&comma; 640 \u00d7 480&comma; 352 \u00d7 240).<\/span><\/span><\/li>\n<li><span style='font-family: verdana&comma; geneva&comma; sans-serif;'>Usuarios simultaneos: <span style='color: #7e8c8d;'>20.<\/span><\/span><\/li>\n<li><span style='font-family: verdana&comma; geneva&comma; sans-serif;'>Puerto de red: <span style='color: #7e8c8d;'>1 (10 \/ 100 Mbps ).<\/span><\/span><\/li>\n<li><span style='font-family: verdana&comma; geneva&comma; sans-serif;'>Protocolos de integraci\u00f3n: <span style='color: #7e8c8d;'>ONVIF \/ ISAPI \/ CGI.<\/span><\/span><\/li>\n<\/ul><\/div>\n<\/p><\/div>\n<\/p><\/div>\n<div style='margin-top: 05px;'>\n<\/p><\/div>\n<p><img class='fr-fic fr-dii' src='https:\/\/ftp3.syscom.mx\/usuarios\/yvalenzuela\/Hilook\/hiklook.jpg' alt='' width='100%' height='100%' \/><\/p>\n<\/p>\n<\/p><\/div>\n<\/p><\/div>\n","protected":false},"excerpt":{"rendered":"<p>Mini Domo PTZ IP 2 Megapixel \/ 4X Zoom \/ H.265+ \/ 20 mts IR EXIR \/ WDR 120dB \/ PoE \/ IK10 \/ Exterior IP66 \/ Ultra Baja Iluminaci\u00f3n \/ Micr\u00f3fono Integrado \/ PoE<\/p>\n","protected":false},"featured_media":102987,"comment_status":"open","ping_status":"closed","template":"","meta":[],"product_brand":[],"product_cat":[1224],"product_tag":[122,715,1225],"class_list":{"0":"post-102988","1":"product","2":"type-product","3":"status-publish","4":"has-post-thumbnail","6":"product_cat-ptz","7":"product_tag-camaras-ip-y-nvrs","8":"product_tag-hilook-by-hikvision","9":"product_tag-ptz","11":"first","12":"outofstock","13":"sale","14":"shipping-taxable","15":"purchasable","16":"product-type-simple"},"_links":{"self":[{"href":"https:\/\/soydeaqui.ddns.net\/pachuca\/index.php\/wp-json\/wp\/v2\/product\/102988","targetHints":{"allow":["GET"]}}],"collection":[{"href":"https:\/\/soydeaqui.ddns.net\/pachuca\/index.php\/wp-json\/wp\/v2\/product"}],"about":[{"href":"https:\/\/soydeaqui.ddns.net\/pachuca\/index.php\/wp-json\/wp\/v2\/types\/product"}],"replies":[{"embeddable":true,"href":"https:\/\/soydeaqui.ddns.net\/pachuca\/index.php\/wp-json\/wp\/v2\/comments?post=102988"}],"wp:featuredmedia":[{"embeddable":true,"href":"https:\/\/soydeaqui.ddns.net\/pachuca\/index.php\/wp-json\/wp\/v2\/media\/102987"}],"wp:attachment":[{"href":"https:\/\/soydeaqui.ddns.net\/pachuca\/index.php\/wp-json\/wp\/v2\/media?parent=102988"}],"wp:term":[{"taxonomy":"product_brand","embeddable":true,"href":"https:\/\/soydeaqui.ddns.net\/pachuca\/index.php\/wp-json\/wp\/v2\/product_brand?post=102988"},{"taxonomy":"product_cat","embeddable":true,"href":"https:\/\/soydeaqui.ddns.net\/pachuca\/index.php\/wp-json\/wp\/v2\/product_cat?post=102988"},{"taxonomy":"product_tag","embeddable":true,"href":"https:\/\/soydeaqui.ddns.net\/pachuca\/index.php\/wp-json\/wp\/v2\/product_tag?post=102988"}],"curies":[{"name":"wp","href":"https:\/\/api.w.org\/{rel}","templated":true}]}}