{"id":102707,"date":"2026-03-20T13:06:13","date_gmt":"2026-03-20T13:06:13","guid":{"rendered":"https:\/\/soydeaqui.ddns.net\/pachuca\/index.php\/producto\/tandemvu-bala-ip-dual-4-megapixel-2-lentes-lente-fijo-4-mm-colorvu-y-lente-mot-5-a-20-mm-darkfighter-x-luz-dual-ir-y-luz-blanca-ip67-ik10-reconocimiento-facial-acusense-wd-2\/"},"modified":"2026-03-20T13:06:21","modified_gmt":"2026-03-20T13:06:21","slug":"tandemvu-bala-ip-dual-4-megapixel-2-lentes-lente-fijo-4-mm-colorvu-y-lente-mot-5-a-20-mm-darkfighter-x-luz-dual-ir-y-luz-blanca-ip67-ik10-reconocimiento-facial-acusense-wd-2","status":"publish","type":"product","link":"https:\/\/soydeaqui.ddns.net\/pachuca\/index.php\/producto\/tandemvu-bala-ip-dual-4-megapixel-2-lentes-lente-fijo-4-mm-colorvu-y-lente-mot-5-a-20-mm-darkfighter-x-luz-dual-ir-y-luz-blanca-ip67-ik10-reconocimiento-facial-acusense-wd-2\/","title":{"rendered":"[TandemVu] Bala IP Dual 4 Megapixel (2 Lentes) \/ Lente Fijo (4 mm \/ ColorVu) y Lente Mot. (5 a 20 mm \/ DarkFighter X) \/ Luz Dual (IR y Luz Blanca) \/ IP67 \/ IK10 \/ Reconocimiento Facial \/ ACUSENSE \/ WDR 140 dB \/ DeepinView \/ B\u00fasqueda por Atributos"},"content":{"rendered":"<div style='width: 100%; max-width: 1200px; margin: 0 auto; font-family: sans-serif; line-height: 1.6; color: inherit; background-color: transparent;'>\n<div style='display: flex; flex-wrap: wrap; gap: 30px; margin-bottom: 30px;'>\n<div style='width: 100%; max-width: 100%;'> <img style='width: 100%; height: auto; border: 1px solid rgba(150&comma;150&comma;150&comma;0.3); border-radius: 8px;' src='https:\/\/ftp3.syscom.mx\/usuarios\/jsosa\/HIKVISION\/imagenes\/logo\/hikvision%20see%20far.png' alt='Logo Hikvision See Far'> <\/div>\n<\/p><\/div>\n<div style='display: flex; flex-wrap: wrap; gap: 30px; margin-bottom: 30px;'>\n<div style='flex: 1 1 300px; min-width: 280px;'>\n<h3 style='font-size: 22px; border-bottom: 2px solid currentColor; padding-bottom: 5px; margin-top: 0; color: inherit; opacity: 0.8;'>Caracter\u00edsticas Principales<\/h3>\n<ul style='padding-left: 20px; font-size: 15px; color: inherit;'>\n<li style='margin-bottom: 5px;'>Compresi\u00f3n de video: H.265+ \/ H.265 \/ H.264+ \/ H.264<\/li>\n<li style='margin-bottom: 5px;'>Lente Motorizado: 5 a 20 mm (59\u00b0 a 24\u00b0 horizontal)<\/li>\n<li style='margin-bottom: 5px;'>Velocidad del shutter: 1 s a 100.000 s&comma; soporta Slow Shutter<\/li>\n<li style='margin-bottom: 5px;'>Iluminaci\u00f3n m\u00ednima DARKFIGHTER X: 0.0005 Lux @(F1.2&comma;AGC ON)<\/li>\n<li style='margin-bottom: 5px;'>Distancia de IR: hasta 60 m (Canal 1) \/ 30 m (Canal 2)<\/li>\n<li style='margin-bottom: 5px;'>1 puerto de red: 10 \/ 100 \/ 1000 Mbps<\/li>\n<li style='margin-bottom: 5px;'>Soporta micro SD de hasta 256 GB (no incluida)<\/li>\n<li style='margin-bottom: 5px;'>Resoluci\u00f3n m\u00e1xima: 60Hz: 30fps (2560 \u00d7 1440&comma; 1920 \u00d7 1080&comma; 1280 \u00d7 720)<\/li>\n<li style='margin-bottom: 5px;'>Funciones: WDR real 140 dB \/ BLC \/ HLC \/ 3D DNR \/ Defog \/ EIS<\/li>\n<li style='margin-bottom: 5px;'>Protocolos: ONVIF (PROFILE S&comma; PROFILE G&comma; PROFILE T) \/ ISAPI \/ SDK \/ ISUP<\/li>\n<\/ul><\/div>\n<div style='flex: 1 1 300px; min-width: 280px;'>\n<h3 style='font-size: 22px; border-bottom: 2px solid currentColor; padding-bottom: 5px; margin-top: 0; color: inherit; opacity: 0.8;'>Caracter\u00edsticas F\u00edsicas y El\u00e9ctricas<\/h3>\n<ul style='padding-left: 20px; font-size: 15px; color: inherit;'>\n<li style='margin-bottom: 5px;'>Dimensiones: \u00d8140 mm \u00d7 410.1 mm<\/li>\n<li style='margin-bottom: 5px;'>Consumo \/ alimentaci\u00f3n: 12 Vcc \/ PoE (802.3 at) \/ m\u00e1x. 22.4 Watts<\/li>\n<li style='margin-bottom: 5px;'>Protecci\u00f3n: IP67 (Interior \/ Exterior)<\/li>\n<li style='margin-bottom: 5px;'>Antivand\u00e1lico: IK10<\/li>\n<li style='margin-bottom: 5px;'>Peso: 2.36 kg<\/li>\n<\/ul>\n<h3 style='font-size: 22px; border-bottom: 2px solid currentColor; padding-bottom: 5px; margin-top: 25px; margin-bottom: 15px; color: inherit; opacity: 0.8;'>Accesorios Compatibles<\/h3>\n<ul style='padding-left: 20px; font-size: 15px; color: inherit;'>\n<li style='margin-bottom: 5px;'>Consulte la ficha t\u00e9cnica para validar los accesorios compatibles&comma; de clic <a href='https:\/\/ftp3.syscom.mx\/usuarios\/roberto.espino\/Specs\/Modelos%2006-25%20-%2007-25\/Especificaciones%20Tecnicas%20iDS-2CD8A48G0-XZHSY_20240722.pdf?_gl=1*45hn9t*_gcl_au*NTA4MzI1MjQ1LjE3NTMxMjEwMDI.' target='_blank' rel='noopener' style='color: inherit; text-decoration: underline;'>Aqu\u00ed<\/a><\/li>\n<\/ul><\/div>\n<\/p><\/div>\n<hr style='border: 0; border-top: 1px solid rgba(150&comma;150&comma;150&comma;0.3); margin: 30px 0;'>\n<div style='display: flex; flex-wrap: wrap; gap: 30px; margin-bottom: 30px;'>\n<div style='flex: 1 1 300px; min-width: 280px;'>\n<h3 style='font-size: 22px; border-bottom: 2px solid currentColor; padding-bottom: 5px; margin-top: 0; color: inherit; opacity: 0.8;'>Caracter\u00edsticas Destacadas<\/h3>\n<ul style='padding-left: 20px; font-size: 15px; color: inherit;'>\n<li style='margin-bottom: 15px;'> <strong>Reconocimiento facial:<\/strong>\n<p style='margin-top: 8px; margin-bottom: 0; text-align: justify;'>Con algoritmos integrados basados en aprendizaje profundo&comma; la c\u00e1mara puede dar la mejor toma de la cara de un objetivo a trav\u00e9s de la detecci\u00f3n&comma; seguimiento&comma; captura&comma; calificaci\u00f3n y selecci\u00f3n. La c\u00e1mara captura la cara y emite las caracter\u00edsticas&comma; como el sexo&comma; la edad y expresi\u00f3n. Detecta hasta 120 caras simult\u00e1neamente.<\/p>\n<\/li>\n<li style='margin-bottom: 15px;'> <strong>Protecci\u00f3n perimetral:<\/strong>\n<p style='margin-top: 8px; margin-bottom: 0; text-align: justify;'>Con algoritmos integrados de detecci\u00f3n y clasificaci\u00f3n de objetivos basados en aprendizaje profundo&comma; la c\u00e1mara lleva a cabo el deber de protecci\u00f3n del per\u00edmetro&comma; control de las acciones de cruce de l\u00ednea&comma; intrusi\u00f3n&comma; entrada y salida de la regi\u00f3n. Los algoritmos filtran en gran medida la alarma err\u00f3nea causada por la interferencia de hojas&comma; luces&comma; animales&comma; banderas&comma; etc.<\/p>\n<\/li>\n<li style='margin-bottom: 15px;'> <strong>Detecci\u00f3n de atributos:<\/strong>\n<p style='margin-top: 8px; margin-bottom: 0; text-align: justify;'>Con los algoritmos de aprendizaje profundo incorporados&comma; la c\u00e1mara detecta y captura la cara&comma; el cuerpo humano&comma; el veh\u00edculo en la regi\u00f3n especificada y genera las caracter\u00edsticas&comma; como g\u00e9nero&comma; edad&comma; color superior y tipo de veh\u00edculo.<\/p>\n<\/li>\n<\/ul><\/div>\n<\/p><\/div>\n<\/p><\/div>\n","protected":false},"excerpt":{"rendered":"<p>[TandemVu] Bala IP Dual 4 Megapixel (2 Lentes) \/ Lente Fijo (4 mm \/ ColorVu) y Lente Mot. (5 a 20 mm \/ DarkFighter X) \/ Luz Dual (IR y Luz Blanca) \/ IP67 \/ IK10 \/ Reconocimiento Facial \/ ACUSENSE \/ WDR 140 dB \/ DeepinView \/ B\u00fasqueda por Atributos<\/p>\n","protected":false},"featured_media":102706,"comment_status":"open","ping_status":"closed","template":"","meta":[],"product_brand":[],"product_cat":[438],"product_tag":[439,122,54],"class_list":{"0":"post-102707","1":"product","2":"type-product","3":"status-publish","4":"has-post-thumbnail","6":"product_cat-bala","7":"product_tag-bala","8":"product_tag-camaras-ip-y-nvrs","9":"product_tag-hikvision","11":"first","12":"outofstock","13":"sale","14":"shipping-taxable","15":"purchasable","16":"product-type-simple"},"_links":{"self":[{"href":"https:\/\/soydeaqui.ddns.net\/pachuca\/index.php\/wp-json\/wp\/v2\/product\/102707","targetHints":{"allow":["GET"]}}],"collection":[{"href":"https:\/\/soydeaqui.ddns.net\/pachuca\/index.php\/wp-json\/wp\/v2\/product"}],"about":[{"href":"https:\/\/soydeaqui.ddns.net\/pachuca\/index.php\/wp-json\/wp\/v2\/types\/product"}],"replies":[{"embeddable":true,"href":"https:\/\/soydeaqui.ddns.net\/pachuca\/index.php\/wp-json\/wp\/v2\/comments?post=102707"}],"wp:featuredmedia":[{"embeddable":true,"href":"https:\/\/soydeaqui.ddns.net\/pachuca\/index.php\/wp-json\/wp\/v2\/media\/102706"}],"wp:attachment":[{"href":"https:\/\/soydeaqui.ddns.net\/pachuca\/index.php\/wp-json\/wp\/v2\/media?parent=102707"}],"wp:term":[{"taxonomy":"product_brand","embeddable":true,"href":"https:\/\/soydeaqui.ddns.net\/pachuca\/index.php\/wp-json\/wp\/v2\/product_brand?post=102707"},{"taxonomy":"product_cat","embeddable":true,"href":"https:\/\/soydeaqui.ddns.net\/pachuca\/index.php\/wp-json\/wp\/v2\/product_cat?post=102707"},{"taxonomy":"product_tag","embeddable":true,"href":"https:\/\/soydeaqui.ddns.net\/pachuca\/index.php\/wp-json\/wp\/v2\/product_tag?post=102707"}],"curies":[{"name":"wp","href":"https:\/\/api.w.org\/{rel}","templated":true}]}}