{"id":102695,"date":"2026-03-20T13:05:34","date_gmt":"2026-03-20T13:05:34","guid":{"rendered":"https:\/\/soydeaqui.ddns.net\/pachuca\/index.php\/producto\/bala-pt-ip-4-megapixel-lente-motorizado-2-8-a-12-mm-captura-facial-wdr-140-db-deepinview-exterior-ip67-microsd-4\/"},"modified":"2026-03-20T13:05:36","modified_gmt":"2026-03-20T13:05:36","slug":"bala-pt-ip-4-megapixel-lente-motorizado-2-8-a-12-mm-captura-facial-wdr-140-db-deepinview-exterior-ip67-microsd-4","status":"publish","type":"product","link":"https:\/\/soydeaqui.ddns.net\/pachuca\/index.php\/producto\/bala-pt-ip-4-megapixel-lente-motorizado-2-8-a-12-mm-captura-facial-wdr-140-db-deepinview-exterior-ip67-microsd-4\/","title":{"rendered":"Bala PT IP 4 Megapixel \/ Lente Motorizado 2.8 a 12 mm \/ Captura Facial \/ WDR 140 dB \/ DeepinView \/ Exterior IP67\/ MicroSD"},"content":{"rendered":"<div style='width: 100%; max-width: 1200px; margin: 0 auto; font-family: sans-serif; line-height: 1.6; color: inherit; background-color: transparent;'> <!-- Banner inicial --> <\/p>\n<div style='text-align: center; margin-bottom: 30px;'> <img style='width: 45%; height: auto; border: 1px solid rgba(150&comma;150&comma;150&comma;0.3); border-radius: 8px;' src='https:\/\/ftp3.syscom.mx\/usuarios\/jsosa\/HIKVISION\/imagenes\/logo\/hikvision%20see%20far.png' alt='Banner Inicial'> <\/div>\n<p> <!-- Secci\u00f3n de contenido con flex --> <\/p>\n<div style='display: flex; flex-wrap: wrap; gap: 30px; margin-bottom: 30px;'> <!-- Columna 1 --> <\/p>\n<div style='flex: 1 1 300px; min-width: 280px;'>\n<div style='border-left: 5px solid #ff0000; border-radius: 5px; padding: 15px; box-shadow: 2px 2px 10px rgba(216&comma;216&comma;216&comma;0.5);'>\n<h3 style='font-size: 20px; margin-top: 0; color: inherit; opacity: 0.8;'>Caracter\u00edsticas principales:<\/h3>\n<ul style='padding-left: 20px; font-size: 14px; color: inherit;'>\n<li style='margin-bottom: 8px;'><strong>Resoluci\u00f3n:<\/strong> 2562 x 1440<\/li>\n<li style='margin-bottom: 8px;'><strong>Sensor de imagen:<\/strong> 1\/1.8&#8242; CMOS Scan Progresivo<\/li>\n<li style='margin-bottom: 8px;'><strong>Compresi\u00f3n de video:<\/strong> H.265+ \/ H.265 \/ H.624+ \/ H.264<\/li>\n<li style='margin-bottom: 8px;'><strong>Iluminaci\u00f3n m\u00ednima:<\/strong> Color: 0.0005 Lux @F1.0 AGC&comma; ON<\/li>\n<li style='margin-bottom: 8px;'><strong>Lente Motorizado:<\/strong> 2.8 a 12 mm (\u00c1ngulo de visi\u00f3n de 76.5\u00b0 a 53\u00b0)<\/li>\n<li style='margin-bottom: 8px;'><strong>Funciones:<\/strong> WDR 140dB \/ 3D-DNR \/ EIS \/ HLC \/ BLC \/ Defog \/ Rapid Focus<\/li>\n<li style='margin-bottom: 8px;'><strong>Funciones Avanzadas:<\/strong> Cruce de L\u00ednea \/ Intrusi\u00f3n \/ Entrada y Salida de Regi\u00f3n \/ Clasifica Objetos humanos y veh\u00edculos<\/li>\n<\/ul>\n<h3 style='font-size: 20px; margin-top: 25px; margin-bottom: 15px; color: inherit; opacity: 0.8;'>Caracter\u00edsticas F\u00edsicas y El\u00e9ctricas:<\/h3>\n<ul style='padding-left: 20px; font-size: 14px; color: inherit;'>\n<li style='margin-bottom: 8px;'><strong>Aplicaci\u00f3n:<\/strong> Interior \/ Exterior<\/li>\n<li style='margin-bottom: 8px;'><strong>Protecci\u00f3n:<\/strong> IP67<\/li>\n<li style='margin-bottom: 8px;'><strong>Temperatura de operaci\u00f3n:<\/strong> -30\u00b0C a 60\u00b0C<\/li>\n<li style='margin-bottom: 8px;'><strong>Alimentaci\u00f3n \/ Consumo:<\/strong> 9 a 36 Vcd 22 W \/ PoE 30 W<\/li>\n<li style='margin-bottom: 8px;'><strong>Dimensiones:<\/strong> 295 x 275 x 260 mm<\/li>\n<li style='margin-bottom: 8px;'><strong>Peso:<\/strong> 3.535 kgs<\/li>\n<li style='margin-bottom: 8px;'><strong>Red:<\/strong> 1 puerto RJ45 (10 \/ 100 Mbps)<\/li>\n<\/ul>\n<h3 style='font-size: 20px; margin-top: 25px; margin-bottom: 15px; color: inherit; opacity: 0.8;'>Funciones de red y almacenamiento:<\/h3>\n<ul style='padding-left: 20px; font-size: 14px; color: inherit;'>\n<li style='margin-bottom: 8px;'><strong>Protocolos:<\/strong> IPv4\/IPv6&comma; HTTP&comma; HTTPS&comma; 802.1x&comma; Qos&comma; FTP&comma; SMTP&comma; UPnP&comma; SNMP&comma; DNS&comma; DDNS&comma; NTP&comma; RTSP&comma; RTCP&comma; RTP&comma; TCP\/IP&comma; DHCP&comma; PPPoE&comma; UDP&comma; IGMP&comma; ICMP&comma; Bonjour<\/li>\n<li style='margin-bottom: 8px;'><strong>Compatibilidad:<\/strong> ONVIF (Profile S&comma; Profile G&comma; Profile T) \/ ISAPI \/ SDK<\/li>\n<li style='margin-bottom: 8px;'><strong>Streaming:<\/strong> Soporta triple streaming<\/li>\n<li style='margin-bottom: 8px;'><strong>Usuarios simult\u00e1neos:<\/strong> 20<\/li>\n<li style='margin-bottom: 8px;'><strong>Almacenamiento:<\/strong> Micro SD hasta 512 GB (no incluida) \/ NAS (NPS&comma; SMB\/CIPS) \/ ANR<\/li>\n<\/ul><\/div>\n<\/p><\/div>\n<p> <!-- Columna 2 --> <\/p>\n<div style='flex: 1 1 300px; min-width: 280px;'>\n<div style='border-left: 5px solid #ff0000; border-radius: 5px; padding: 15px; box-shadow: 2px 2px 10px rgba(216&comma;216&comma;216&comma;0.5);'>\n<h3 style='font-size: 20px; margin-top: 0; margin-bottom: 15px; color: inherit; opacity: 0.8;'>Caracter\u00edsticas Destacadas:<\/h3>\n<h4 style='font-size: 18px; margin-top: 20px; margin-bottom: 10px; color: inherit;'><strong>Protecci\u00f3n perimetral (Perimeter Protection)<\/strong><\/h4>\n<ul style='padding-left: 20px; list-style-type: circle; font-size: 14px; color: inherit;'>\n<li style='margin-bottom: 8px;'> <strong>Cruce de l\u00ednea<\/strong>&comma; <strong>Intrusi\u00f3n de \u00e1rea<\/strong>&comma; <strong>Entrada y salida de regi\u00f3n<\/strong> <\/li>\n<li style='margin-bottom: 8px;'> Capacidad de <strong>clasificar objetivos humanos y veh\u00edculos<\/strong>&comma; reduciendo falsas alarmas <\/li>\n<\/ul>\n<h4 style='font-size: 18px; margin-top: 20px; margin-bottom: 10px; color: inherit;'><strong>Detecci\u00f3n de veh\u00edculos y personas<\/strong><\/h4>\n<ul style='padding-left: 20px; list-style-type: circle; font-size: 14px; color: inherit;'>\n<li style='margin-bottom: 8px;'> Puede diferenciar entre <strong>veh\u00edculos<\/strong> y <strong>personas<\/strong>&comma; gracias a su motor <strong>Deep Learning<\/strong> <\/li>\n<li style='margin-bottom: 8px;'> Ideal para \u00e1reas de acceso&comma; estacionamientos o per\u00edmetros vigilados <\/li>\n<\/ul>\n<h4 style='font-size: 18px; margin-top: 20px; margin-bottom: 10px; color: inherit;'><strong>Detecci\u00f3n de objetivos m\u00faltiples<\/strong><\/h4>\n<ul style='padding-left: 20px; list-style-type: circle; font-size: 14px; color: inherit;'>\n<li style='margin-bottom: 8px;'> Puede identificar y rastrear <strong>varios objetivos simult\u00e1neamente<\/strong> (personas y veh\u00edculos) <\/li>\n<\/ul><\/div>\n<\/p><\/div>\n<\/p><\/div>\n<p> <!-- Banner final --> <\/p>\n<div style='margin-top: 30px;'> <img style='width: 100%; height: auto; border: 1px solid rgba(150&comma;150&comma;150&comma;0.3); border-radius: 8px;' src='https:\/\/ftp3.syscom.mx\/usuarios\/jsosa\/HIKVISION\/imagenes\/banners\/solution%20complete.png' alt='Banner Final'> <\/div>\n<\/p><\/div>\n","protected":false},"excerpt":{"rendered":"<p>Bala PT IP 4 Megapixel \/ Lente Motorizado 2.8 a 12 mm \/ Captura Facial \/ WDR 140 dB \/ DeepinView \/ Exterior IP67\/ MicroSD<\/p>\n","protected":false},"featured_media":32,"comment_status":"open","ping_status":"closed","template":"","meta":[],"product_brand":[],"product_cat":[1224],"product_tag":[122,54,1225],"class_list":{"0":"post-102695","1":"product","2":"type-product","3":"status-publish","4":"has-post-thumbnail","6":"product_cat-ptz","7":"product_tag-camaras-ip-y-nvrs","8":"product_tag-hikvision","9":"product_tag-ptz","11":"first","12":"outofstock","13":"sale","14":"shipping-taxable","15":"purchasable","16":"product-type-simple"},"_links":{"self":[{"href":"https:\/\/soydeaqui.ddns.net\/pachuca\/index.php\/wp-json\/wp\/v2\/product\/102695","targetHints":{"allow":["GET"]}}],"collection":[{"href":"https:\/\/soydeaqui.ddns.net\/pachuca\/index.php\/wp-json\/wp\/v2\/product"}],"about":[{"href":"https:\/\/soydeaqui.ddns.net\/pachuca\/index.php\/wp-json\/wp\/v2\/types\/product"}],"replies":[{"embeddable":true,"href":"https:\/\/soydeaqui.ddns.net\/pachuca\/index.php\/wp-json\/wp\/v2\/comments?post=102695"}],"wp:featuredmedia":[{"embeddable":true,"href":"https:\/\/soydeaqui.ddns.net\/pachuca\/index.php\/wp-json\/wp\/v2\/media\/32"}],"wp:attachment":[{"href":"https:\/\/soydeaqui.ddns.net\/pachuca\/index.php\/wp-json\/wp\/v2\/media?parent=102695"}],"wp:term":[{"taxonomy":"product_brand","embeddable":true,"href":"https:\/\/soydeaqui.ddns.net\/pachuca\/index.php\/wp-json\/wp\/v2\/product_brand?post=102695"},{"taxonomy":"product_cat","embeddable":true,"href":"https:\/\/soydeaqui.ddns.net\/pachuca\/index.php\/wp-json\/wp\/v2\/product_cat?post=102695"},{"taxonomy":"product_tag","embeddable":true,"href":"https:\/\/soydeaqui.ddns.net\/pachuca\/index.php\/wp-json\/wp\/v2\/product_tag?post=102695"}],"curies":[{"name":"wp","href":"https:\/\/api.w.org\/{rel}","templated":true}]}}