{"id":102678,"date":"2026-03-20T13:04:39","date_gmt":"2026-03-20T13:04:39","guid":{"rendered":"https:\/\/soydeaqui.ddns.net\/pachuca\/index.php\/producto\/bala-ip-4-megapixel-anpr-radar-interconstruido-medicion-de-5-a-120-km-h-reconocimiento-y-captura-de-placas-vehiculares-para-trafico-de-alta-velocidad-darkfighter-wdr-140-db-ip67-ik10-l-2\/"},"modified":"2026-03-20T13:04:41","modified_gmt":"2026-03-20T13:04:41","slug":"bala-ip-4-megapixel-anpr-radar-interconstruido-medicion-de-5-a-120-km-h-reconocimiento-y-captura-de-placas-vehiculares-para-trafico-de-alta-velocidad-darkfighter-wdr-140-db-ip67-ik10-l-2","status":"publish","type":"product","link":"https:\/\/soydeaqui.ddns.net\/pachuca\/index.php\/producto\/bala-ip-4-megapixel-anpr-radar-interconstruido-medicion-de-5-a-120-km-h-reconocimiento-y-captura-de-placas-vehiculares-para-trafico-de-alta-velocidad-darkfighter-wdr-140-db-ip67-ik10-l-2\/","title":{"rendered":"Bala IP 4 Megapixel \/ ANPR \/ Radar Interconstruido Medici\u00f3n de 5 a 120 Km\/h \/ Reconocimiento y Captura de Placas Vehiculares para Trafico de Alta Velocidad \/ DARKFIGHTER \/ WDR 140 dB \/ IP67 \/ IK10 \/ Lente Mot. 8 a 32 mm \/ 100 mts IR \/ MicroSD"},"content":{"rendered":"<div style='width: 100%; max-width: 1200px; margin: 0 auto; font-family: sans-serif; line-height: 1.6; color: inherit; background-color: transparent;'> <!-- Banner inicio --> <\/p>\n<div style='text-align: center; margin: 20px 0;'> <img style='width: 45%; height: auto; border: 1px solid rgba(150&comma;150&comma;150&comma;0.3); border-radius: 8px;' src='https:\/\/ftp3.syscom.mx\/usuarios\/jsosa\/HIKVISION\/imagenes\/logo\/hikvision%20see%20far.png' alt='Banner Inicio'> <\/div>\n<p> <!-- Imagen escenarios --> <\/p>\n<div style='width: 100%; max-width: 800px; margin: 30px auto;'>\n<div style='text-align: center; border: 1px solid rgba(150&comma;150&comma;150&comma;0.3); border-radius: 8px; padding: 10px; background-color: rgba(249&comma;249&comma;249&comma;0.5); margin: 20px auto; box-shadow: 0 2px 5px rgba(150&comma;150&comma;150&comma;0.1);'> <img style='width: 100%; height: auto; border: 1px solid rgba(238&comma;238&comma;238&comma;0.5); border-radius: 4px;' src='https:\/\/ftp3.syscom.mx\/usuarios\/smendoza\/smendozaro\/ANPR\/Aplicacion%201.png' alt='Escenarios de aplicaci\u00f3n'> <\/p>\n<div style='text-align: center; font-style: italic; margin-top: 10px; color: inherit; opacity: 0.7; font-size: 0.9em;'> <strong>Escenarios recomendados para instalaci\u00f3n<\/strong> <\/div>\n<\/p><\/div>\n<\/p><\/div>\n<p> <!-- Descripci\u00f3n ANLPR --> <\/p>\n<div style='margin: 30px 0;'>\n<p style='text-align: justify; font-size: 15px; color: inherit;'> Para capturar la matr\u00edcula e identificarla&comma; as\u00ed como capturar la velocidad correctamente&comma; sugerimos que se puedan considerar los siguientes escenarios de aplicaci\u00f3n: la entrada-salida de la ciudad (pueblo)&comma; las carreteras entre ciudades&comma; v\u00edas de alto nivel o las carreteras de conexi\u00f3n entre v\u00edas principales. <\/p>\n<p style='text-align: justify; font-size: 15px; color: inherit;'> <strong style='color: inherit;'> Los escenarios de aplicaci\u00f3n que deben evitarse al elegir el punto de instalaci\u00f3n son: tramos de carretera con colas lentas&comma; tr\u00e1fico complejo&comma; carriles anormales&comma; curvas o callejones sin salida&comma; etc. <\/strong> <\/p>\n<\/p><\/div>\n<p> <!-- Caracter\u00edsticas en cards --> <\/p>\n<div style='display: flex; flex-wrap: wrap; gap: 30px; margin: 30px 0;'> <!-- Caracter\u00edsticas Generales --> <\/p>\n<div style='flex: 1 1 400px; min-width: 300px; border: 1px solid rgba(150&comma;150&comma;150&comma;0.4); border-radius: 8px; overflow: hidden; display: flex; flex-direction: column;'>\n<div style='padding: 15px; background-color: #df001e; border-bottom: 1px solid #a80000; font-weight: bold; font-size: 18px; color: white;'> Caracter\u00edsticas Generales: <\/div>\n<div style='padding: 15px; color: inherit; flex-grow: 1;'>\n<ul style='padding-left: 20px; margin: 0; font-size: 14px; list-style-type: disc; color: inherit;'>\n<li style='margin-bottom: 5px;'>Compresi\u00f3n de video: H.265 \/ H.264.<\/li>\n<li style='margin-bottom: 5px;'>CMOS 1\/1.8&#8242; Scan Progresivo.<\/li>\n<li style='margin-bottom: 5px;'>Lente motorizado: 8 a 32 mm.<\/li>\n<li style='margin-bottom: 5px;'>50 mts IR (visi\u00f3n nocturna)<\/li>\n<li style='margin-bottom: 5px;'>Velocidad del shutter: 1\/25 s a 1\/100&comma;000 s&comma; soporta Slow Shutter.<\/li>\n<li style='margin-bottom: 5px;'>Iluminaci\u00f3n m\u00ednima: 0.0005Lux @(F1.2&comma;AGC ON).<\/li>\n<li style='margin-bottom: 5px;'>Resoluci\u00f3n m\u00e1xima: 60 Hz: 30 fps (2688 \u00d7 1520&comma; 1920 \u00d7 1080&comma; 1280 \u00d7 720&comma; 704 \u00d7 576&comma; 352 \u00d7 288.<\/li>\n<li style='margin-bottom: 5px;'>Funciones: WDR real 140 dB \/ BLC \/ HLC \/ 3D DNR.<\/li>\n<li style='margin-bottom: 5px;'>Carriles de detecci\u00f3n: 3 carriles.<\/li>\n<li style='margin-bottom: 5px;'>Radar de medici\u00f3n de velocidad incorporado&comma; rango de velocidad: 5-120 km\/h (+\/- 2 km\/h de precisi\u00f3n).<\/li>\n<\/ul><\/div>\n<\/p><\/div>\n<p> <!-- Caracter\u00edsticas F\u00edsicas y El\u00e9ctricas --> <\/p>\n<div style='flex: 1 1 400px; min-width: 300px; border: 1px solid rgba(150&comma;150&comma;150&comma;0.4); border-radius: 8px; overflow: hidden; display: flex; flex-direction: column;'>\n<div style='padding: 15px; background-color: #df001e; border-bottom: 1px solid #a80000; font-weight: bold; font-size: 18px; color: white;'> Caracter\u00edsticas F\u00edsicas y El\u00e9ctricas: <\/div>\n<div style='padding: 15px; color: inherit; flex-grow: 1;'>\n<ul style='padding-left: 20px; margin: 0; font-size: 14px; list-style-type: disc; color: inherit;'>\n<li style='margin-bottom: 5px;'>Dimensiones: 298.6 x 184.4 x 115.5 mm.<\/li>\n<li style='margin-bottom: 5px;'>Consumo \/ alimentaci\u00f3n: 12 Vcc &#8211; 24 Vcc \/ 12 Watts.<\/li>\n<li style='margin-bottom: 5px;'>Temperatura de operaci\u00f3n: -30\u00b0C a 70\u00b0C (95% de humedad)<\/li>\n<li style='margin-bottom: 5px;'>Protecci\u00f3n: IP67 ( Interior \/ Exterior).<\/li>\n<li style='margin-bottom: 5px;'>Peso: 2.3 Kgs aproximadamente.<\/li>\n<\/ul>\n<p style='margin: 15px 0 5px 0; font-weight: bold; color: inherit;'>Accesorios opcionales:<\/p>\n<ul style='padding-left: 20px; margin: 0; font-size: 14px; list-style-type: disc; color: inherit;'>\n<li style='margin-bottom: 5px;'>Montaje para poste modelo (600 mm diametro): <a style='color: #df001e; text-decoration: none;' title='DS-1275ZJ-BJH\/600MM' href='https:\/\/www.syscom.mx\/producto\/DS-1275ZJ-BJH\/600MM-HIKVISION-185558.html' target='_blank' rel='noopener'>DS-1278ZJ-HWB\/HG\/60-300<\/a><\/li>\n<li style='margin-bottom: 5px;'>Montaje para poste modelo (127 mm diametro): <a style='color: #df001e; text-decoration: none;' title='DS-1275ZJ-BJH\/127MM' href='https:\/\/www.syscom.mx\/producto\/DS-1275ZJ-BJH\/127MM-HIKVISION-226623.html' target='_blank' rel='noopener'>DS-1275ZJ-BJH\/127MM<\/a><\/li>\n<li style='margin-bottom: 5px;'>Montaje de Conexi\u00f3n: <a style='color: #df001e; text-decoration: none;' href='https:\/\/www.syscom.mx\/producto\/DS-1232ZJ-T\/BJH-HIKVISION-232674.html'>DS-1232ZJ-T\/BJH<\/a><\/li>\n<li style='margin-bottom: 5px;'>Pantalla LED para indicar Exceso de velocidad <a style='color: #df001e; text-decoration: none;' title='DS-TVL224-8-5EY' href='https:\/\/www.syscom.mx\/producto\/DS-TVL224-8-5EY-HIKVISION-192044.html' target='_blank' rel='noopener'>DS-TVL224-8-5EY<\/a><\/li>\n<\/ul><\/div>\n<\/p><\/div>\n<\/p><\/div>\n<p> <!-- Caracter\u00edsticas Destacadas --> <\/p>\n<div style='width: 100%; margin: 30px 0;'>\n<div style='border: 1px solid rgba(150&comma;150&comma;150&comma;0.4); border-radius: 8px; overflow: hidden;'>\n<div style='padding: 15px; background-color: #df001e; border-bottom: 1px solid #a80000; font-weight: bold; font-size: 18px; color: white;'> Caracter\u00edsticas destacadas: <\/div>\n<div style='padding: 15px; color: inherit;'>\n<ul style='padding-left: 20px; margin: 0; font-size: 14px; list-style-type: disc; color: inherit;'>\n<li style='margin-bottom: 5px;'>1 Puerto de red: 10 \/ 100 \/ 1000 Mbps.<\/li>\n<li style='margin-bottom: 5px;'>Soporta micro SD de hasta 128 GB (no incluida).<\/li>\n<li style='margin-bottom: 5px;'>1 puertos RS-485.<\/li>\n<li style='margin-bottom: 5px;'>Salidas de alarma: 1<\/li>\n<li style='margin-bottom: 5px;'>ONVIF (Versi\u00f3n 2.1&comma; PROFILE S&comma; PROFILE G) \/ ISAPI \/ SDK.<\/li>\n<\/ul><\/div>\n<\/p><\/div>\n<\/p><\/div>\n<p> <!-- T\u00edtulo de instalaci\u00f3n recomendada --> <\/p>\n<div style='width: 100%; max-width: 1000px; margin: 50px auto; padding: 15px 20px; background: linear-gradient(to right&comma; rgba(248&comma;249&comma;250&comma;0.8)&comma; rgba(255&comma;255&comma;255&comma;0.8)); border-left: 5px solid #df001e; border-radius: 8px; box-shadow: 0 3px 10px rgba(0&comma;0&comma;0&comma;0.05);'>\n<h2 style='text-align: center; color: inherit; opacity: 0.8; margin: 0; font-size: 24px; font-weight: bold;'> Instalaci\u00f3n recomendada para su correcto funcionamiento <\/h2>\n<\/p><\/div>\n<p> <!-- Montaje Central --> <\/p>\n<div style='width: 100%; margin: 30px 0;'>\n<div style='background-color: rgba(255&comma;255&comma;255&comma;0.8); border-radius: 8px; padding: 20px; margin-bottom: 25px; box-shadow: 0 2px 15px rgba(0&comma;0&comma;0&comma;0.05); border-top: 3px solid #df001e;'>\n<h3 style='text-align: center; color: #df001e; margin-bottom: 20px; font-size: 20px; font-weight: bold;'> Montaje Central (Recomendado) <\/h3>\n<div style='background-color: rgba(248&comma;249&comma;250&comma;0.8); border-left: 3px solid #df001e; padding: 15px; margin-bottom: 15px; border-radius: 0 4px 4px 0;'>\n<p style='text-align: justify; margin: 0; font-size: 15px; color: inherit;'> La instalaci\u00f3n en el centro puede proporcionar las condiciones m\u00e1s ideales. Las instrucciones de instalaci\u00f3n son las siguientes: <\/p>\n<\/p><\/div>\n<div style='background-color: rgba(255&comma;248&comma;248&comma;0.8); border: 1px dashed rgba(221&comma;221&comma;221&comma;0.8); padding: 12px 15px; margin-bottom: 12px; border-radius: 4px;'>\n<p style='text-align: justify; margin: 0; font-size: 15px; color: inherit;'> <strong style='color: #df001e;'>I.<\/strong> Instale la c\u00e1mara en la posici\u00f3n central de los carriles. Luego&comma; ajuste el \u00e1ngulo vertical para obtener una vista adecuada. Finalmente&comma; ajuste el \u00e1ngulo de rotaci\u00f3n para asegurarse de que todos los carriles est\u00e9n verticales en la vista. <\/p>\n<\/p><\/div>\n<div style='background-color: rgba(255&comma;248&comma;248&comma;0.8); border: 1px dashed rgba(221&comma;221&comma;221&comma;0.8); padding: 12px 15px; margin-bottom: 20px; border-radius: 4px;'>\n<p style='text-align: justify; margin: 0; font-size: 15px; color: inherit;'> <strong style='color: #df001e;'>II.<\/strong> La c\u00e1mara admite el conteo de veh\u00edculos&comma; ya sea que detecte la parte delantera o trasera del veh\u00edculo. <\/p>\n<\/p><\/div>\n<p> <!-- Imagen montaje central --> <\/p>\n<div style='width: 100%; max-width: 800px; margin: 20px auto;'>\n<div style='text-align: center; border: 1px solid rgba(150&comma;150&comma;150&comma;0.3); border-radius: 8px; padding: 10px; background-color: rgba(249&comma;249&comma;249&comma;0.8); box-shadow: 0 2px 5px rgba(150&comma;150&comma;150&comma;0.1);'> <img style='width: 100%; height: auto; border: 1px solid rgba(238&comma;238&comma;238&comma;0.5); border-radius: 4px;' src='https:\/\/ftp3.syscom.mx\/usuarios\/smendoza\/smendozaro\/ANPR\/Instalacion%201.png' alt='Montaje Central'> <\/p>\n<div style='text-align: center; font-style: italic; margin-top: 10px; color: inherit; opacity: 0.7; font-size: 0.9em;'> Configuraci\u00f3n de montaje central <\/div>\n<\/p><\/div>\n<\/p><\/div>\n<\/p><\/div>\n<\/p><\/div>\n<p> <!-- Montaje Lateral --> <\/p>\n<div style='width: 100%; margin: 30px 0;'>\n<div style='background-color: rgba(255&comma;255&comma;255&comma;0.8); border-radius: 8px; padding: 20px; margin-bottom: 25px; box-shadow: 0 2px 15px rgba(0&comma;0&comma;0&comma;0.05); border-top: 3px solid #df001e;'>\n<h3 style='text-align: center; color: #df001e; margin-bottom: 20px; font-size: 20px; font-weight: bold;'> Montaje Lateral <\/h3>\n<div style='background-color: rgba(248&comma;249&comma;250&comma;0.8); border-left: 3px solid #df001e; padding: 15px; margin-bottom: 15px; border-radius: 0 4px 4px 0;'>\n<p style='text-align: justify; margin: 0; font-size: 15px; color: inherit;'> Generalmente&comma; no es rentable o incluso permitido construir una infraestructura como un Arco. Las condiciones de instalaci\u00f3n proporcionadas pueden ser impredecibles&comma; como utilizar postes de luz o sem\u00e1foros. Por ello&comma; tambi\u00e9n ofrecemos una sugerencia de instalaci\u00f3n en el lateral de la carretera&comma; cumpliendo con el principio b\u00e1sico. <\/p>\n<\/p><\/div>\n<div style='background-color: rgba(255&comma;248&comma;248&comma;0.8); border: 1px solid rgba(255&comma;221&comma;221&comma;0.5); padding: 15px; margin-bottom: 20px; border-radius: 4px;'>\n<p style='text-align: justify; margin: 0; font-size: 15px; color: inherit;'> <strong style='color: #df001e;'> Monte la c\u00e1mara en el poste de luz o en el poste al lado de la carretera sin distanciamiento alguno de la carretera para que las condiciones de captura sean las mejores. Luego&comma; ajuste el \u00e1ngulo vertical para obtener una vista adecuada. <\/strong> <\/p>\n<\/p><\/div>\n<p> <!-- Imagen montaje lateral --> <\/p>\n<div style='width: 100%; max-width: 800px; margin: 20px auto;'>\n<div style='text-align: center; border: 1px solid rgba(150&comma;150&comma;150&comma;0.3); border-radius: 8px; padding: 10px; background-color: rgba(249&comma;249&comma;249&comma;0.8); box-shadow: 0 2px 5px rgba(150&comma;150&comma;150&comma;0.1);'> <img style='width: 100%; height: auto; border: 1px solid rgba(238&comma;238&comma;238&comma;0.5); border-radius: 4px;' src='https:\/\/ftp3.syscom.mx\/usuarios\/smendoza\/smendozaro\/ANPR\/Instalacion%202.png' alt='Montaje Lateral'> <\/p>\n<div style='text-align: center; font-style: italic; margin-top: 10px; color: inherit; opacity: 0.7; font-size: 0.9em;'> Configuraci\u00f3n de montaje lateral <\/div>\n<\/p><\/div>\n<\/p><\/div>\n<\/p><\/div>\n<\/p><\/div>\n<p> <!-- Banner final --> <\/p>\n<div style='width: 100%; margin: 30px 0;'> <img style='width: 100%; height: auto; border: 1px solid rgba(150&comma;150&comma;150&comma;0.3); border-radius: 8px;' src='https:\/\/ftp3.syscom.mx\/usuarios\/jsosa\/HIKVISION\/imagenes\/banners\/solution%20complete.png' alt='Banner Final'> <\/div>\n<\/p><\/div>\n","protected":false},"excerpt":{"rendered":"<p>Bala IP 4 Megapixel \/ ANPR \/ Radar Interconstruido Medici\u00f3n de 5 a 120 Km\/h \/ Reconocimiento y Captura de Placas Vehiculares para Trafico de Alta Velocidad \/ DARKFIGHTER \/ WDR 140 dB \/ IP67 \/ IK10 \/ Lente Mot. 8 a 32 mm \/ 100 mts IR \/ MicroSD<\/p>\n","protected":false},"featured_media":102677,"comment_status":"open","ping_status":"closed","template":"","meta":[],"product_brand":[],"product_cat":[438],"product_tag":[439,122,54],"class_list":{"0":"post-102678","1":"product","2":"type-product","3":"status-publish","4":"has-post-thumbnail","6":"product_cat-bala","7":"product_tag-bala","8":"product_tag-camaras-ip-y-nvrs","9":"product_tag-hikvision","11":"first","12":"outofstock","13":"sale","14":"shipping-taxable","15":"purchasable","16":"product-type-simple"},"_links":{"self":[{"href":"https:\/\/soydeaqui.ddns.net\/pachuca\/index.php\/wp-json\/wp\/v2\/product\/102678","targetHints":{"allow":["GET"]}}],"collection":[{"href":"https:\/\/soydeaqui.ddns.net\/pachuca\/index.php\/wp-json\/wp\/v2\/product"}],"about":[{"href":"https:\/\/soydeaqui.ddns.net\/pachuca\/index.php\/wp-json\/wp\/v2\/types\/product"}],"replies":[{"embeddable":true,"href":"https:\/\/soydeaqui.ddns.net\/pachuca\/index.php\/wp-json\/wp\/v2\/comments?post=102678"}],"wp:featuredmedia":[{"embeddable":true,"href":"https:\/\/soydeaqui.ddns.net\/pachuca\/index.php\/wp-json\/wp\/v2\/media\/102677"}],"wp:attachment":[{"href":"https:\/\/soydeaqui.ddns.net\/pachuca\/index.php\/wp-json\/wp\/v2\/media?parent=102678"}],"wp:term":[{"taxonomy":"product_brand","embeddable":true,"href":"https:\/\/soydeaqui.ddns.net\/pachuca\/index.php\/wp-json\/wp\/v2\/product_brand?post=102678"},{"taxonomy":"product_cat","embeddable":true,"href":"https:\/\/soydeaqui.ddns.net\/pachuca\/index.php\/wp-json\/wp\/v2\/product_cat?post=102678"},{"taxonomy":"product_tag","embeddable":true,"href":"https:\/\/soydeaqui.ddns.net\/pachuca\/index.php\/wp-json\/wp\/v2\/product_tag?post=102678"}],"curies":[{"name":"wp","href":"https:\/\/api.w.org\/{rel}","templated":true}]}}