{"id":102661,"date":"2026-03-20T13:03:51","date_gmt":"2026-03-20T13:03:51","guid":{"rendered":"https:\/\/soydeaqui.ddns.net\/pachuca\/index.php\/producto\/camara-de-seguridad-wi-fi-pan-tilt-2k-definition-vision-nocturna-30-pies-360-horizontal-114-vertical-deteccion-de-movimiento-audio-bidireccional-alarma-sonora-luminica-microsd-256g\/"},"modified":"2026-03-20T13:03:51","modified_gmt":"2026-03-20T13:03:51","slug":"camara-de-seguridad-wi-fi-pan-tilt-2k-definition-vision-nocturna-30-pies-360-horizontal-114-vertical-deteccion-de-movimiento-audio-bidireccional-alarma-sonora-luminica-microsd-256g","status":"publish","type":"product","link":"https:\/\/soydeaqui.ddns.net\/pachuca\/index.php\/producto\/camara-de-seguridad-wi-fi-pan-tilt-2k-definition-vision-nocturna-30-pies-360-horizontal-114-vertical-deteccion-de-movimiento-audio-bidireccional-alarma-sonora-luminica-microsd-256g\/","title":{"rendered":"C\u00e1mara de Seguridad Wi-Fi Pan\/Tilt, 2K Definition, Visi\u00f3n Nocturna 30 pies, 360\u00b0 Horizontal, 114\u00b0 Vertical, Detecci\u00f3n de Movimiento, Audio Bidireccional, Alarma Sonora\/Lum\u00ednica, MicroSD 256GB, Modo Privacidad"},"content":{"rendered":"<div style='width: 100%; max-width: 1200px; margin: 0 auto; font-family: sans-serif; line-height: 1.6; color: inherit; background-color: transparent;'> <!-- Secci\u00f3n de imagen + descripci\u00f3n (2 columnas) --> <\/p>\n<div style='display: flex; flex-wrap: wrap; gap: 30px; margin-bottom: 30px;'> <!-- Columna de imagen --> <\/p>\n<div style='flex: 1 1 300px; min-width: 280px; display: flex; justify-content: center; align-items: center;'> <img style='width: 100%; height: auto; border: 1px solid rgba(150&comma;150&comma;150&comma;0.3); border-radius: 8px; max-width: 590px;' src='https:\/\/ftp3.syscom.mx\/usuarios\/fotos\/TAPOC210\/208279-2.jpeg' alt=''> <\/div>\n<p> <!-- Columna de descripci\u00f3n --> <\/p>\n<div style='flex: 1 1 300px; min-width: 280px;'>\n<h3 style='font-size: 22px; border-bottom: 2px solid currentColor; padding-bottom: 5px; margin-top: 0; color: inherit; opacity: 0.8;'>Caracter\u00edsticas t\u00e9cnicas<\/h3>\n<ul style='padding-left: 20px; font-size: 15px; color: inherit;'>\n<li style='margin-bottom: 5px;'><strong>Resoluci\u00f3n 3MP:<\/strong> Graba cada imagen con una definici\u00f3n n\u00edtida.<\/li>\n<li style='margin-bottom: 5px;'><strong>Redes al\u00e1mbricas o inal\u00e1mbricas:<\/strong> Conecte su c\u00e1mara a la red a trav\u00e9s de WiFi&comma; esto para una instalaci\u00f3n m\u00e1s flexible.<\/li>\n<li style='margin-bottom: 5px;'><strong>Starlight Bigth Vision:<\/strong> El sensor Starlight de alta sensibilidad captura im\u00e1genes de mayor calidad incluso en condiciones de poca luz.<\/li>\n<li style='margin-bottom: 5px;'><strong>Almacenamiento seguro:<\/strong> Almacena localmente hasta 256 GB de video 2K QHD en una tarjeta microSD&comma; lo que ofrece un acceso conveniente a sus secuencias de video.<\/li>\n<li style='margin-bottom: 5px;'><strong>Audio Bidireccional:<\/strong> Permite la comunicaci\u00f3n a trav\u00e9s de un microfono y un altavoz integrados&comma; esto permite esta interactuando desde cualqueir lado.<\/li>\n<li style='margin-bottom: 5px;'><strong>Herramientas:<\/strong> Cuenta con detecci\u00f3n de movimiento y notificaci\u00f3n instantanea&comma; alarma de luz y sonido&comma; junto con control de voz integrado para Alex \/ Assisten.<\/li>\n<\/ul><\/div>\n<\/p><\/div>\n<p> <!-- Especificaciones en 3 columnas --> <\/p>\n<div style='display: flex; flex-wrap: wrap; gap: 20px; margin-bottom: 30px;'> <!-- Columna 1 --> <\/p>\n<div style='flex: 1 1 250px; border: 1px solid rgba(150&comma; 150&comma; 150&comma; 0.4); border-radius: 8px; overflow: hidden; display: flex; flex-direction: column;'>\n<div style='padding: 15px; border-bottom: 1px solid rgba(150&comma; 150&comma; 150&comma; 0.2); font-weight: bold; font-size: 18px; color: inherit;'>Caracter\u00edsticas principales<\/div>\n<div style='padding: 15px; color: inherit;'>\n<ul style='padding-left: 20px; margin: 0; font-size: 14px; list-style-type: disc;'>\n<li style='margin-bottom: 5px;'><strong>Resoluci\u00f3n 3MP<\/strong><\/li>\n<li style='margin-bottom: 5px;'><strong>Notificaci\u00f3n de salidad a trav\u00e9s de la aplicaci\u00f3n<\/strong><\/li>\n<li style='margin-bottom: 5px;'><strong>Disparador de entrada: Detecci\u00f3n de movimiento<\/strong><\/li>\n<li style='margin-bottom: 5px;'><strong>Codec H.264<\/strong><\/li>\n<li style='margin-bottom: 5px;'><strong>IP66<\/strong><\/li>\n<li style='margin-bottom: 5px;'><strong>Audio en 2 vias<\/strong><\/li>\n<li style='margin-bottom: 5px;'><strong>15 FPS<\/strong><\/li>\n<li style='margin-bottom: 5px;'><strong>Frecuencia 2.4GHz<\/strong><\/li>\n<li style='margin-bottom: 5px;'><strong>Soporta memoria MicroSD de 128 GB para grabaci\u00f3n local (no incluye memoria)<\/strong><\/li>\n<li style='margin-bottom: 5px;'><strong>Vision nocturna hasta 30 metros<\/strong><\/li>\n<li style='margin-bottom: 5px;'><strong>Lente focal de 3.89mm<\/strong><\/li>\n<\/ul><\/div>\n<\/p><\/div>\n<p> <!-- Columna 2 --> <\/p>\n<div style='flex: 1 1 250px; border: 1px solid rgba(150&comma; 150&comma; 150&comma; 0.4); border-radius: 8px; overflow: hidden; display: flex; flex-direction: column;'>\n<div style='padding: 15px; border-bottom: 1px solid rgba(150&comma; 150&comma; 150&comma; 0.2); font-weight: bold; font-size: 18px; color: inherit;'>Caracter\u00edsticas F\u00edsicas y El\u00e9ctricas<\/div>\n<div style='padding: 15px; color: inherit;'>\n<ul style='padding-left: 20px; margin: 0; font-size: 14px; list-style-type: disc;'>\n<li style='margin-bottom: 5px;'><strong>Entrada del adaptador 100-240V AC&comma; 50\/60 Hz. \/ 0.3A<\/strong><\/li>\n<li style='margin-bottom: 5px;'><strong>Salida del adaptador 9.0V\/0.6A<\/strong><\/li>\n<li style='margin-bottom: 5px;'><strong>Bot\u00f3n de reset<\/strong><\/li>\n<li style='margin-bottom: 5px;'><strong>Indicador LED (luz blanca)<\/strong><\/li>\n<li style='margin-bottom: 5px;'><strong>Microfono y altavoz integrado<\/strong><\/li>\n<li style='margin-bottom: 5px;'><strong>Temperatura de operaci\u00f3n: -20\u00ba ~ 45 C<\/strong><\/li>\n<li style='margin-bottom: 5px;'><strong>Dimensiones: 142.3 \u00d7 103.4 \u00d7 64.3 mm<\/strong><\/li>\n<\/ul><\/div>\n<\/p><\/div>\n<p> <!-- Columna 3 --> <\/p>\n<div style='flex: 1 1 250px; border: 1px solid rgba(150&comma; 150&comma; 150&comma; 0.4); border-radius: 8px; overflow: hidden; display: flex; flex-direction: column;'>\n<div style='padding: 15px; border-bottom: 1px solid rgba(150&comma; 150&comma; 150&comma; 0.2); font-weight: bold; font-size: 18px; color: inherit;'>Contenido<\/div>\n<div style='padding: 15px; color: inherit;'>\n<ul style='padding-left: 20px; margin: 0; font-size: 14px; list-style-type: disc;'>\n<li style='margin-bottom: 5px;'><strong>1 C\u00e1mara TAPO C320WS<\/strong><\/li>\n<li style='margin-bottom: 5px;'><strong>1 adaptador de corriente<\/strong><\/li>\n<li style='margin-bottom: 5px;'><strong>1 Montaje de anclaje y tornillos<\/strong><\/li>\n<li style='margin-bottom: 5px;'><strong>1 Sello a prueba de agua<\/strong><\/li>\n<li style='margin-bottom: 5px;'><strong>1 Gu\u00eda de instalaci\u00f3n r\u00e1pida<\/strong><\/li>\n<\/ul><\/div>\n<\/p><\/div>\n<\/p><\/div>\n<p> <!-- Im\u00e1genes adicionales --> <\/p>\n<div style='display: flex; flex-wrap: wrap; gap: 20px; margin-bottom: 30px;'>\n<div style='flex: 1 1 100%; min-width: 280px;'> <img style='width: 100%; height: auto; border: 1px solid rgba(150&comma;150&comma;150&comma;0.3); border-radius: 8px;' src='https:\/\/ftp3.syscom.mx\/usuarios\/fotos\/TAPOC210\/208279-image_(52).png' alt=''> <\/div>\n<div style='flex: 1 1 100%; min-width: 280px;'> <img style='width: 100%; height: auto; border: 1px solid rgba(150&comma;150&comma;150&comma;0.3); border-radius: 8px;' src='https:\/\/ftp3.syscom.mx\/usuarios\/fotos\/TAPOC210\/208279-image_(53).png' alt=''> <\/div>\n<div style='flex: 1 1 100%; min-width: 280px;'> <img style='width: 100%; height: auto; border: 1px solid rgba(150&comma;150&comma;150&comma;0.3); border-radius: 8px;' src='https:\/\/ftp3.syscom.mx\/usuarios\/fotos\/TAPOC210\/208279-image_(54).png' alt=''> <\/div>\n<div style='flex: 1 1 100%; min-width: 280px;'> <img style='width: 100%; height: auto; border: 1px solid rgba(150&comma;150&comma;150&comma;0.3); border-radius: 8px;' src='https:\/\/ftp3.syscom.mx\/usuarios\/fotos\/TAPOC210\/208279-image_(55).png' alt=''> <\/div>\n<div style='flex: 1 1 100%; min-width: 280px;'> <img style='width: 100%; height: auto; border: 1px solid rgba(150&comma;150&comma;150&comma;0.3); border-radius: 8px;' src='https:\/\/ftp3.syscom.mx\/usuarios\/fotos\/TAPOC210\/208279-image_(56).png' alt=''> <\/div>\n<\/p><\/div>\n<p> <!-- Separador --> <\/p>\n<hr style='border: 0; border-top: 1px solid rgba(150&comma; 150&comma; 150&comma; 0.3); margin: 30px 0;'> <\/div>\n","protected":false},"excerpt":{"rendered":"<p>C\u00e1mara de Seguridad Wi-Fi Pan\/Tilt, 2K Definition, Visi\u00f3n Nocturna 30 pies, 360\u00b0 Horizontal, 114\u00b0 Vertical, Detecci\u00f3n de Movimiento, Audio Bidireccional, Alarma Sonora\/Lum\u00ednica, MicroSD 256GB, Modo Privacidad<\/p>\n","protected":false},"featured_media":102660,"comment_status":"open","ping_status":"closed","template":"","meta":[],"product_brand":[],"product_cat":[1224],"product_tag":[122,1225,71],"class_list":{"0":"post-102661","1":"product","2":"type-product","3":"status-publish","4":"has-post-thumbnail","6":"product_cat-ptz","7":"product_tag-camaras-ip-y-nvrs","8":"product_tag-ptz","9":"product_tag-tp-link","11":"first","12":"instock","13":"sale","14":"shipping-taxable","15":"purchasable","16":"product-type-simple"},"_links":{"self":[{"href":"https:\/\/soydeaqui.ddns.net\/pachuca\/index.php\/wp-json\/wp\/v2\/product\/102661","targetHints":{"allow":["GET"]}}],"collection":[{"href":"https:\/\/soydeaqui.ddns.net\/pachuca\/index.php\/wp-json\/wp\/v2\/product"}],"about":[{"href":"https:\/\/soydeaqui.ddns.net\/pachuca\/index.php\/wp-json\/wp\/v2\/types\/product"}],"replies":[{"embeddable":true,"href":"https:\/\/soydeaqui.ddns.net\/pachuca\/index.php\/wp-json\/wp\/v2\/comments?post=102661"}],"wp:featuredmedia":[{"embeddable":true,"href":"https:\/\/soydeaqui.ddns.net\/pachuca\/index.php\/wp-json\/wp\/v2\/media\/102660"}],"wp:attachment":[{"href":"https:\/\/soydeaqui.ddns.net\/pachuca\/index.php\/wp-json\/wp\/v2\/media?parent=102661"}],"wp:term":[{"taxonomy":"product_brand","embeddable":true,"href":"https:\/\/soydeaqui.ddns.net\/pachuca\/index.php\/wp-json\/wp\/v2\/product_brand?post=102661"},{"taxonomy":"product_cat","embeddable":true,"href":"https:\/\/soydeaqui.ddns.net\/pachuca\/index.php\/wp-json\/wp\/v2\/product_cat?post=102661"},{"taxonomy":"product_tag","embeddable":true,"href":"https:\/\/soydeaqui.ddns.net\/pachuca\/index.php\/wp-json\/wp\/v2\/product_tag?post=102661"}],"curies":[{"name":"wp","href":"https:\/\/api.w.org\/{rel}","templated":true}]}}