{"id":102658,"date":"2026-03-20T13:03:42","date_gmt":"2026-03-20T13:03:42","guid":{"rendered":"https:\/\/soydeaqui.ddns.net\/pachuca\/index.php\/producto\/camara-de-seguridad-interior-wi-fi-360-1080p-full-hd-vision-nocturna-12-m-deteccion-ia-personas-y-llanto-de-bebe-audio-bidireccional-compatible-alexa-y-google-home-almacenamiento-microsd-5\/"},"modified":"2026-03-20T13:03:47","modified_gmt":"2026-03-20T13:03:47","slug":"camara-de-seguridad-interior-wi-fi-360-1080p-full-hd-vision-nocturna-12-m-deteccion-ia-personas-y-llanto-de-bebe-audio-bidireccional-compatible-alexa-y-google-home-almacenamiento-microsd-5","status":"publish","type":"product","link":"https:\/\/soydeaqui.ddns.net\/pachuca\/index.php\/producto\/camara-de-seguridad-interior-wi-fi-360-1080p-full-hd-vision-nocturna-12-m-deteccion-ia-personas-y-llanto-de-bebe-audio-bidireccional-compatible-alexa-y-google-home-almacenamiento-microsd-5\/","title":{"rendered":"C\u00e1mara de Seguridad Interior Wi-Fi 360\u00b0, 1080p Full HD, Visi\u00f3n Nocturna 12 m, Detecci\u00f3n IA Personas y Llanto de Beb\u00e9, Audio Bidireccional, Compatible Alexa y Google Home, Almacenamiento microSD 512 GB"},"content":{"rendered":"<div style='width: 100%; max-width: 1200px; margin: 0 auto; font-family: sans-serif; line-height: 1.6; color: inherit; background-color: transparent;'> <!-- Secci\u00f3n de imagen + descripci\u00f3n (2 columnas) --> <\/p>\n<div style='display: flex; flex-wrap: wrap; gap: 30px; margin-bottom: 30px;'> <!-- Columna de imagen --> <\/p>\n<div style='flex: 1 1 300px; min-width: 280px; display: flex; justify-content: center;'> <img style='width: 100%; height: auto; border: 1px solid rgba(150&comma;150&comma;150&comma;0.3); border-radius: 8px;' src='https:\/\/ftp3.syscom.mx\/usuarios\/fotos\/TAPOC210\/208279-2.jpeg' alt='C\u00e1mara WiFi para Interior&comma; movimiento 360\u00b0'> <\/div>\n<p> <!-- Columna de descripci\u00f3n --> <\/p>\n<div style='flex: 1 1 300px; min-width: 280px;'>\n<h2 style='font-size: 22px; border-bottom: 2px solid currentColor; padding-bottom: 5px; margin-top: 0; color: inherit; opacity: 0.8;'>C\u00e1mara WiFi para Interior&comma; movimiento 360\u00b0<\/h2>\n<ul style='padding-left: 20px; font-size: 15px; color: inherit;'>\n<li style='margin-bottom: 5px;'><strong>Resoluci\u00f3n 3MP:<\/strong> Graba cada imagen con una definici\u00f3n n\u00edtida.<\/li>\n<li style='margin-bottom: 5px;'><strong>Redes al\u00e1mbricas o inal\u00e1mbricas:<\/strong> Conecte su c\u00e1mara a la red a trav\u00e9s de WiFi&comma; esto para una instalaci\u00f3n m\u00e1s flexible.<\/li>\n<li style='margin-bottom: 5px;'><strong>Starlight Bigth Vision:<\/strong> El sensor Starlight de alta sensibilidad captura im\u00e1genes de mayor calidad incluso en condiciones de poca luz.<\/li>\n<li style='margin-bottom: 5px;'><strong>Almacenamiento seguro:<\/strong> Almacena localmente hasta 256 GB de video 2K QHD en una tarjeta microSD&comma; lo que ofrece un acceso conveniente a sus secuencias de video.<\/li>\n<li style='margin-bottom: 5px;'><strong>Audio Bidireccional:<\/strong> Permite la comunicaci\u00f3n a trav\u00e9s de un microfono y un altavoz integrados&comma; esto permite esta interactuando desde cualqueir lado.<\/li>\n<li style='margin-bottom: 5px;'><strong>Herramientas:<\/strong> Cuenta con detecci\u00f3n de movimiento y nofitifaci\u00f3n instantanea&comma; alarma de luz y sonido&comma; junto con control de voz integrado para Alex \/ Assisten.<\/li>\n<\/ul><\/div>\n<\/p><\/div>\n<p> <!-- Separador --> <\/p>\n<hr style='border: 0; border-top: 1px solid rgba(150&comma; 150&comma; 150&comma; 0.3); margin: 30px 0;'> <!-- Especificaciones en 3 columnas --> <\/p>\n<div style='display: flex; flex-wrap: wrap; gap: 20px; margin-bottom: 30px;'> <!-- Columna 1 --> <\/p>\n<div style='flex: 1 1 250px; border: 1px solid rgba(150&comma; 150&comma; 150&comma; 0.4); border-radius: 8px; overflow: hidden; display: flex; flex-direction: column;'>\n<div style='padding: 15px; border-bottom: 1px solid rgba(150&comma; 150&comma; 150&comma; 0.2); font-weight: bold; font-size: 18px; color: inherit;'>Caracter\u00edsticas principales<\/div>\n<div style='padding: 15px; color: inherit;'>\n<ul style='padding-left: 20px; margin: 0; font-size: 14px; list-style-type: disc;'>\n<li style='margin-bottom: 5px;'>Resoluci\u00f3n 3MP.<\/li>\n<li style='margin-bottom: 5px;'>Notificaci\u00f3n de salidad a trav\u00e9s de la aplicaci\u00f3n.<\/li>\n<li style='margin-bottom: 5px;'>Disparador de entrada: Detecci\u00f3n de movimiento.<\/li>\n<li style='margin-bottom: 5px;'>Codec H.264<\/li>\n<li style='margin-bottom: 5px;'>IP66<\/li>\n<li style='margin-bottom: 5px;'>Audio en 2 vias.<\/li>\n<li style='margin-bottom: 5px;'>15 FPS.<\/li>\n<li style='margin-bottom: 5px;'>Frecuencia 2.4GHz.<\/li>\n<li style='margin-bottom: 5px;'>Soporta memoria MicroSD de 128 GB para grabaci\u00f3n local (no incluye memoria).<\/li>\n<li style='margin-bottom: 5px;'>Visi\u00f3n nocturna hasta 30 metros.<\/li>\n<li style='margin-bottom: 5px;'>Lente focal de 3.89mm.<\/li>\n<\/ul><\/div>\n<\/p><\/div>\n<p> <!-- Columna 2 --> <\/p>\n<div style='flex: 1 1 250px; border: 1px solid rgba(150&comma; 150&comma; 150&comma; 0.4); border-radius: 8px; overflow: hidden; display: flex; flex-direction: column;'>\n<div style='padding: 15px; border-bottom: 1px solid rgba(150&comma; 150&comma; 150&comma; 0.2); font-weight: bold; font-size: 18px; color: inherit;'>Caracter\u00edsticas F\u00edsicas y El\u00e9ctricas<\/div>\n<div style='padding: 15px; color: inherit;'>\n<ul style='padding-left: 20px; margin: 0; font-size: 14px; list-style-type: disc;'>\n<li style='margin-bottom: 5px;'>Entrada del adaptador 100-240V AC&comma; 50\/60 Hz. \/ 0.3A<\/li>\n<li style='margin-bottom: 5px;'>Salida del adaptador 9.0V\/0.6A.<\/li>\n<li style='margin-bottom: 5px;'>Bot\u00f3n de reset.<\/li>\n<li style='margin-bottom: 5px;'>Indicador LED (luz blanca).<\/li>\n<li style='margin-bottom: 5px;'>Microfono y altavoz integrado.<\/li>\n<li style='margin-bottom: 5px;'>Temperatura de operaci\u00f3n: -20\u00ba ~ 45 C.<\/li>\n<li style='margin-bottom: 5px;'>Dimensiones: 142.3 \u00d7 103.4 \u00d7 64.3 mm.<\/li>\n<\/ul><\/div>\n<\/p><\/div>\n<p> <!-- Columna 3 --> <\/p>\n<div style='flex: 1 1 250px; border: 1px solid rgba(150&comma; 150&comma; 150&comma; 0.4); border-radius: 8px; overflow: hidden; display: flex; flex-direction: column;'>\n<div style='padding: 15px; border-bottom: 1px solid rgba(150&comma; 150&comma; 150&comma; 0.2); font-weight: bold; font-size: 18px; color: inherit;'>Contenido<\/div>\n<div style='padding: 15px; color: inherit;'>\n<ul style='padding-left: 20px; margin: 0; font-size: 14px; list-style-type: disc;'>\n<li style='margin-bottom: 5px;'>1 C\u00e1mara TAPO C320WS<\/li>\n<li style='margin-bottom: 5px;'>1 adaptador de corriente.<\/li>\n<li style='margin-bottom: 5px;'>1 Montaje de anclaje y tornillos.<\/li>\n<li style='margin-bottom: 5px;'>1 Sello a prueba de agua.<\/li>\n<li style='margin-bottom: 5px;'>1 Gu\u00eda de instalaci\u00f3n r\u00e1pida.<\/li>\n<\/ul><\/div>\n<\/p><\/div>\n<\/p><\/div>\n<p> <!-- Separador --> <\/p>\n<hr style='border: 0; border-top: 1px solid rgba(150&comma; 150&comma; 150&comma; 0.3); margin: 30px 0;'> <!-- Im\u00e1genes adicionales --> <\/p>\n<div style='display: flex; flex-direction: column; gap: 20px;'> <img style='width: 100%; height: auto; border: 1px solid rgba(150&comma;150&comma;150&comma;0.3); border-radius: 8px;' src='https:\/\/ftp3.syscom.mx\/usuarios\/fotos\/TAPOC210\/208279-image_(52).png' alt='Imagen descriptiva'> <img style='width: 100%; height: auto; border: 1px solid rgba(150&comma;150&comma;150&comma;0.3); border-radius: 8px;' src='https:\/\/ftp3.syscom.mx\/usuarios\/fotos\/TAPOC210\/208279-image_(53).png' alt='Imagen descriptiva'> <img style='width: 100%; height: auto; border: 1px solid rgba(150&comma;150&comma;150&comma;0.3); border-radius: 8px;' src='https:\/\/ftp3.syscom.mx\/usuarios\/fotos\/TAPOC210\/208279-image_(54).png' alt='Imagen descriptiva'> <img style='width: 100%; height: auto; border: 1px solid rgba(150&comma;150&comma;150&comma;0.3); border-radius: 8px;' src='https:\/\/ftp3.syscom.mx\/usuarios\/fotos\/TAPOC210\/208279-image_(55).png' alt='Imagen descriptiva'> <img style='width: 100%; height: auto; border: 1px solid rgba(150&comma;150&comma;150&comma;0.3); border-radius: 8px;' src='https:\/\/ftp3.syscom.mx\/usuarios\/fotos\/TAPOC210\/208279-image_(56).png' alt='Imagen descriptiva'> <\/div>\n<\/p><\/div>\n","protected":false},"excerpt":{"rendered":"<p>C\u00e1mara de Seguridad Interior Wi-Fi 360\u00b0, 1080p Full HD, Visi\u00f3n Nocturna 12 m, Detecci\u00f3n IA Personas y Llanto de Beb\u00e9, Audio Bidireccional, Compatible Alexa y Google Home, Almacenamiento microSD 512 GB<\/p>\n","protected":false},"featured_media":102657,"comment_status":"open","ping_status":"closed","template":"","meta":[],"product_brand":[],"product_cat":[1224],"product_tag":[122,1225,71],"class_list":{"0":"post-102658","1":"product","2":"type-product","3":"status-publish","4":"has-post-thumbnail","6":"product_cat-ptz","7":"product_tag-camaras-ip-y-nvrs","8":"product_tag-ptz","9":"product_tag-tp-link","11":"first","12":"instock","13":"sale","14":"shipping-taxable","15":"purchasable","16":"product-type-simple"},"_links":{"self":[{"href":"https:\/\/soydeaqui.ddns.net\/pachuca\/index.php\/wp-json\/wp\/v2\/product\/102658","targetHints":{"allow":["GET"]}}],"collection":[{"href":"https:\/\/soydeaqui.ddns.net\/pachuca\/index.php\/wp-json\/wp\/v2\/product"}],"about":[{"href":"https:\/\/soydeaqui.ddns.net\/pachuca\/index.php\/wp-json\/wp\/v2\/types\/product"}],"replies":[{"embeddable":true,"href":"https:\/\/soydeaqui.ddns.net\/pachuca\/index.php\/wp-json\/wp\/v2\/comments?post=102658"}],"wp:featuredmedia":[{"embeddable":true,"href":"https:\/\/soydeaqui.ddns.net\/pachuca\/index.php\/wp-json\/wp\/v2\/media\/102657"}],"wp:attachment":[{"href":"https:\/\/soydeaqui.ddns.net\/pachuca\/index.php\/wp-json\/wp\/v2\/media?parent=102658"}],"wp:term":[{"taxonomy":"product_brand","embeddable":true,"href":"https:\/\/soydeaqui.ddns.net\/pachuca\/index.php\/wp-json\/wp\/v2\/product_brand?post=102658"},{"taxonomy":"product_cat","embeddable":true,"href":"https:\/\/soydeaqui.ddns.net\/pachuca\/index.php\/wp-json\/wp\/v2\/product_cat?post=102658"},{"taxonomy":"product_tag","embeddable":true,"href":"https:\/\/soydeaqui.ddns.net\/pachuca\/index.php\/wp-json\/wp\/v2\/product_tag?post=102658"}],"curies":[{"name":"wp","href":"https:\/\/api.w.org\/{rel}","templated":true}]}}