{"id":102653,"date":"2026-03-20T13:03:28","date_gmt":"2026-03-20T13:03:28","guid":{"rendered":"https:\/\/soydeaqui.ddns.net\/pachuca\/index.php\/producto\/camara-ip-wi-fi-para-hogar-3-megapixel-audio-doble-via-vision-nocturna-notificacion-push-acepta-memoria-micro-sd-de-para-grabacion-6\/"},"modified":"2026-03-20T13:03:29","modified_gmt":"2026-03-20T13:03:29","slug":"camara-ip-wi-fi-para-hogar-3-megapixel-audio-doble-via-vision-nocturna-notificacion-push-acepta-memoria-micro-sd-de-para-grabacion-6","status":"publish","type":"product","link":"https:\/\/soydeaqui.ddns.net\/pachuca\/index.php\/producto\/camara-ip-wi-fi-para-hogar-3-megapixel-audio-doble-via-vision-nocturna-notificacion-push-acepta-memoria-micro-sd-de-para-grabacion-6\/","title":{"rendered":"C\u00e1mara IP Wi-Fi para hogar, 3 megapixel, audio doble v\u00eda, visi\u00f3n nocturna, notificaci\u00f3n Push, acepta memoria Micro SD de para grabaci\u00f3n."},"content":{"rendered":"<div style=\"width: 100%; max-width: 1200px; margin: 0 auto; font-family: sans-serif; line-height: 1.6; color: inherit; background-color: transparent;\"><!-- Secci\u00f3n de imagen + descripci\u00f3n (2 columnas) --> <\/p>\n<div style=\"display: flex; flex-wrap: wrap; gap: 30px; margin-bottom: 30px;\"><!-- Columna de imagen --> <\/p>\n<div style=\"flex: 1 1 300px; min-width: 280px; display: flex; justify-content: center;\"><img decoding=\"async\" style=\"width: 100%; max-width: 590px; height: auto; object-fit: contain; border: 1px solid rgba(150&comma;150&comma;150&comma;0.3); border-radius: 8px;\" src=\"https:\/\/ftp3.syscom.mx\/usuarios\/fotos\/TAPOC210\/208279-2.jpeg\" alt=\"C&aacute;mara WiFi para Interior&comma; movimiento 360&deg;\" \/><\/div>\n<p> <!-- Columna de descripci\u00f3n --> <\/p>\n<div style=\"flex: 1 1 300px; min-width: 280px;\">\n<h1 style=\"font-size: 22px; font-weight: 400; line-height: 1.2; color: inherit; border: none; text-align: left; margin: 0; padding: 0;\">C&aacute;mara WiFi para Interior&comma; movimiento 360&deg;<\/h1>\n<div style=\"margin: 0 0 20px; padding: 0 0 10px; border-bottom: 1px solid rgba(150&comma;150&comma;150&comma;0.3); color: inherit; font-size: 16px;\">&nbsp;<\/div>\n<ul style=\"padding-left: 20px; font-size: 15px; color: inherit; list-style-type: disc;\">\n<li style=\"margin-bottom: 5px;\"><strong>Resoluci&oacute;n 3MP:<\/strong> Graba cada imagen con una definici&oacute;n n&iacute;tida.<\/li>\n<li style=\"margin-bottom: 5px;\"><strong>Redes al&aacute;mbricas o inal&aacute;mbricas:<\/strong> Conecte su c&aacute;mara a la red a trav&eacute;s de WiFi&comma; esto para una instalaci&oacute;n m&aacute;s flexible.<\/li>\n<li style=\"margin-bottom: 5px;\"><strong>Starlight Bigth Vision:<\/strong> El sensor Starlight de alta sensibilidad captura im&aacute;genes de mayor calidad incluso en condiciones de poca luz.<\/li>\n<li style=\"margin-bottom: 5px;\"><strong>Almacenamiento seguro:<\/strong> Almacena localmente hasta 256 GB de video 2K QHD en una tarjeta microSD&comma; lo que ofrece un acceso conveniente a sus secuencias de video.<\/li>\n<li style=\"margin-bottom: 5px;\"><strong>Audio Bidireccional:<\/strong> Permite la comunicaci&oacute;n a trav&eacute;s de un microfono y un altavoz integrados&comma; esto permite esta interactuando desde cualqueir lado.<\/li>\n<li style=\"margin-bottom: 5px;\"><strong>Herramientas:<\/strong> Cuenta con detecci&oacute;n de movimiento y notifitaci&oacute;n instantanea&comma; alarma de luz y sonido&comma; junto con control de voz integrado para Alex \/ Assisten.<\/li>\n<\/ul><\/div>\n<\/p><\/div>\n<p> <!-- Especificaciones en 3 columnas --> <\/p>\n<div style=\"display: flex; flex-wrap: wrap; gap: 20px; margin-bottom: 30px;\"><!-- Caracter\u00edsticas principales --> <\/p>\n<div style=\"flex: 1 1 250px; min-width: 250px; border: 1px solid rgba(150&comma;150&comma;150&comma;0.3); border-radius: 8px; overflow: hidden; display: flex; flex-direction: column;\">\n<div style=\"padding: 15px; border-bottom: 1px solid rgba(150&comma;150&comma;150&comma;0.3); font-weight: bold; font-size: 18px; color: inherit;\">Caracter&iacute;sticas principales<\/div>\n<div style=\"padding: 15px; color: inherit;\">\n<ul style=\"padding-left: 20px; margin: 0; font-size: 14px; list-style-type: disc;\">\n<li style=\"margin-bottom: 5px;\">Resoluci&oacute;n 3MP.<\/li>\n<li style=\"margin-bottom: 5px;\">Notificaci&oacute;n de salidad a trav&eacute;s de la aplicaci&oacute;n.<\/li>\n<li style=\"margin-bottom: 5px;\">Disparador de entrada: Detecci&oacute;n de movimiento.<\/li>\n<li style=\"margin-bottom: 5px;\">Codec H.264<\/li>\n<li style=\"margin-bottom: 5px;\">IP66<\/li>\n<li style=\"margin-bottom: 5px;\">Audio en 2 vias.<\/li>\n<li style=\"margin-bottom: 5px;\">15 FPS.<\/li>\n<li style=\"margin-bottom: 5px;\">Frecuencia 2.4GHz.<\/li>\n<li style=\"margin-bottom: 5px;\">Soporta memoria MicroSD de 128 GB para grabaci&oacute;n local (no incluye memoria).<\/li>\n<li style=\"margin-bottom: 5px;\">Visi&oacute;n nocturna hasta 30 metros.<\/li>\n<li style=\"margin-bottom: 5px;\">Lente focal de 3.89mm.<\/li>\n<\/ul><\/div>\n<\/p><\/div>\n<p> <!-- Caracter\u00edsticas F\u00edsicas y El\u00e9ctricas --> <\/p>\n<div style=\"flex: 1 1 250px; min-width: 250px; border: 1px solid rgba(150&comma;150&comma;150&comma;0.3); border-radius: 8px; overflow: hidden; display: flex; flex-direction: column;\">\n<div style=\"padding: 15px; border-bottom: 1px solid rgba(150&comma;150&comma;150&comma;0.3); font-weight: bold; font-size: 18px; color: inherit;\">Caracter&iacute;sticas F&iacute;sicas y El&eacute;ctricas<\/div>\n<div style=\"padding: 15px; color: inherit;\">\n<ul style=\"padding-left: 20px; margin: 0; font-size: 14px; list-style-type: disc;\">\n<li style=\"margin-bottom: 5px;\">Entrada del adaptador 100-240V AC&comma; 50\/60 Hz. \/ 0.3A<\/li>\n<li style=\"margin-bottom: 5px;\">Salida del adaptador 9.0V\/0.6A.<\/li>\n<li style=\"margin-bottom: 5px;\">Bot&oacute;n de reset.<\/li>\n<li style=\"margin-bottom: 5px;\">Indicador LED (luz blanca).<\/li>\n<li style=\"margin-bottom: 5px;\">Microfono y altavoz integrado.<\/li>\n<li style=\"margin-bottom: 5px;\">Temperatura de operaci&oacute;n: -20&ordm; ~ 45 C.<\/li>\n<li style=\"margin-bottom: 5px;\">Dimensiones: 142.3 &times; 103.4 &times; 64.3 mm.<\/li>\n<\/ul><\/div>\n<\/p><\/div>\n<p> <!-- Contenido --> <\/p>\n<div style=\"flex: 1 1 250px; min-width: 250px; border: 1px solid rgba(150&comma;150&comma;150&comma;0.3); border-radius: 8px; overflow: hidden; display: flex; flex-direction: column;\">\n<div style=\"padding: 15px; border-bottom: 1px solid rgba(150&comma;150&comma;150&comma;0.3); font-weight: bold; font-size: 18px; color: inherit;\">Contenido<\/div>\n<div style=\"padding: 15px; color: inherit;\">\n<ul style=\"padding-left: 20px; margin: 0; font-size: 14px; list-style-type: disc;\">\n<li style=\"margin-bottom: 5px;\">1 C&aacute;mara TAPO C320WS<\/li>\n<li style=\"margin-bottom: 5px;\">1 adaptador de corriente.<\/li>\n<li style=\"margin-bottom: 5px;\">1 Montaje de anclaje y tornillos.<\/li>\n<li style=\"margin-bottom: 5px;\">1 Sello a prueba de agua.<\/li>\n<li style=\"margin-bottom: 5px;\">1 Gu&iacute;a de instalaci&oacute;n r&aacute;pida.<\/li>\n<\/ul><\/div>\n<\/p><\/div>\n<\/p><\/div>\n<p> <!-- Im\u00e1genes adicionales --> <\/p>\n<div style=\"margin-bottom: 30px;\"><img decoding=\"async\" style=\"width: 100%; height: auto; border: 1px solid rgba(150&comma;150&comma;150&comma;0.3); border-radius: 8px; margin-bottom: 20px;\" src=\"https:\/\/ftp3.syscom.mx\/usuarios\/fotos\/TAPOC210\/208279-image_(52).png\" alt=\"Imagen descriptiva\" \/> <img decoding=\"async\" style=\"width: 100%; height: auto; border: 1px solid rgba(150&comma;150&comma;150&comma;0.3); border-radius: 8px; margin-bottom: 20px;\" src=\"https:\/\/ftp3.syscom.mx\/usuarios\/fotos\/TAPOC210\/208279-image_(53).png\" alt=\"Imagen descriptiva\" \/> <img decoding=\"async\" style=\"width: 100%; height: auto; border: 1px solid rgba(150&comma;150&comma;150&comma;0.3); border-radius: 8px; margin-bottom: 20px;\" src=\"https:\/\/ftp3.syscom.mx\/usuarios\/fotos\/TAPOC210\/208279-image_(54).png\" alt=\"Imagen descriptiva\" \/> <img decoding=\"async\" style=\"width: 100%; height: auto; border: 1px solid rgba(150&comma;150&comma;150&comma;0.3); border-radius: 8px; margin-bottom: 20px;\" src=\"https:\/\/ftp3.syscom.mx\/usuarios\/fotos\/TAPOC210\/208279-image_(55).png\" alt=\"Imagen descriptiva\" \/> <img decoding=\"async\" style=\"width: 100%; height: auto; border: 1px solid rgba(150&comma;150&comma;150&comma;0.3); border-radius: 8px; margin-bottom: 20px;\" src=\"https:\/\/ftp3.syscom.mx\/usuarios\/fotos\/TAPOC210\/208279-image_(56).png\" alt=\"Imagen descriptiva\" \/><\/div>\n<\/p><\/div>\n","protected":false},"excerpt":{"rendered":"<p>C\u00e1mara IP Wi-Fi para hogar, 3 megapixel, audio doble v\u00eda, visi\u00f3n nocturna, notificaci\u00f3n Push, acepta memoria Micro SD de para grabaci\u00f3n.<\/p>\n","protected":false},"featured_media":32,"comment_status":"open","ping_status":"closed","template":"","meta":[],"product_brand":[],"product_cat":[1224],"product_tag":[122,1225,71],"class_list":{"0":"post-102653","1":"product","2":"type-product","3":"status-publish","4":"has-post-thumbnail","6":"product_cat-ptz","7":"product_tag-camaras-ip-y-nvrs","8":"product_tag-ptz","9":"product_tag-tp-link","11":"first","12":"instock","13":"sale","14":"shipping-taxable","15":"purchasable","16":"product-type-simple"},"_links":{"self":[{"href":"https:\/\/soydeaqui.ddns.net\/pachuca\/index.php\/wp-json\/wp\/v2\/product\/102653","targetHints":{"allow":["GET"]}}],"collection":[{"href":"https:\/\/soydeaqui.ddns.net\/pachuca\/index.php\/wp-json\/wp\/v2\/product"}],"about":[{"href":"https:\/\/soydeaqui.ddns.net\/pachuca\/index.php\/wp-json\/wp\/v2\/types\/product"}],"replies":[{"embeddable":true,"href":"https:\/\/soydeaqui.ddns.net\/pachuca\/index.php\/wp-json\/wp\/v2\/comments?post=102653"}],"wp:featuredmedia":[{"embeddable":true,"href":"https:\/\/soydeaqui.ddns.net\/pachuca\/index.php\/wp-json\/wp\/v2\/media\/32"}],"wp:attachment":[{"href":"https:\/\/soydeaqui.ddns.net\/pachuca\/index.php\/wp-json\/wp\/v2\/media?parent=102653"}],"wp:term":[{"taxonomy":"product_brand","embeddable":true,"href":"https:\/\/soydeaqui.ddns.net\/pachuca\/index.php\/wp-json\/wp\/v2\/product_brand?post=102653"},{"taxonomy":"product_cat","embeddable":true,"href":"https:\/\/soydeaqui.ddns.net\/pachuca\/index.php\/wp-json\/wp\/v2\/product_cat?post=102653"},{"taxonomy":"product_tag","embeddable":true,"href":"https:\/\/soydeaqui.ddns.net\/pachuca\/index.php\/wp-json\/wp\/v2\/product_tag?post=102653"}],"curies":[{"name":"wp","href":"https:\/\/api.w.org\/{rel}","templated":true}]}}