{"id":102648,"date":"2026-03-20T13:03:12","date_gmt":"2026-03-20T13:03:12","guid":{"rendered":"https:\/\/soydeaqui.ddns.net\/pachuca\/index.php\/producto\/camara-ip-wi-fi-5mp-vision-360o-proteccion-ip66-audio-doble-vias-vision-nocturna-en-color-notificacion-push-3\/"},"modified":"2026-03-20T13:03:23","modified_gmt":"2026-03-20T13:03:23","slug":"camara-ip-wi-fi-5mp-vision-360o-proteccion-ip66-audio-doble-vias-vision-nocturna-en-color-notificacion-push-3","status":"publish","type":"product","link":"https:\/\/soydeaqui.ddns.net\/pachuca\/index.php\/producto\/camara-ip-wi-fi-5mp-vision-360o-proteccion-ip66-audio-doble-vias-vision-nocturna-en-color-notificacion-push-3\/","title":{"rendered":"C\u00e1mara IP Wi-Fi 5MP \/ Visi\u00f3n 360\u00ba \/ Protecci\u00f3n IP66 \/ Audio doble v\u00edas \/ Visi\u00f3n Nocturna en color \/  Notificaci\u00f3n Push"},"content":{"rendered":"<div style=\"width: 100%; max-width: 1200px; margin: 0 auto; font-family: sans-serif; line-height: 1.6; color: inherit; background-color: transparent;\"><!-- Secci\u00f3n principal producto --><\/p>\n<div style=\"display: flex; flex-wrap: wrap; gap: 30px; align-items: center; margin-bottom: 30px; border: 1px solid rgba(150&comma; 150&comma; 150&comma; 0.3); border-radius: 12px; padding: 20px;\">\n<div style=\"flex: 1 1 320px; min-width: 280px;\"><img decoding=\"async\" style=\"width: 100%; height: auto; border: 1px solid rgba(150&comma; 150&comma; 150&comma; 0.3); border-radius: 12px;\" src=\"http:\/\/ftp3.syscom.mx\/usuarios\/ftp\/2026\/02\/10\/1908\/1.jpg_froala_698b4d9177bf1\" alt=\"Punto de Acceso WiFi 7 EAP783\" class=\"fr-fic fr-dii\"><\/div>\n<div style=\"flex: 1 1 360px; min-width: 280px;\">\n<h2 style=\"margin: 0 0 10px; font-size: 1.8rem; color: inherit;\">Inteligente&comma; Seguro y F&aacute;cil<\/h2>\n<div style=\"margin: 0 0 15px; color: inherit; font-weight: 600;\">Modelo: Tapo C530WS<\/div>\n<p style=\"margin: 0; color: inherit;\">La TP-Link Tapo C530WS es una c&aacute;mara de seguridad exterior PTZ con IA avanzada. Ofrece seguimiento autom&aacute;tico de personas y veh&iacute;culos gracias a su rotaci&oacute;n 360&deg; y movimiento de alta velocidad&comma; notific&aacute;ndote de forma inteligente.<\/p>\n<\/div>\n<\/div>\n<p><!-- Grid de especificaciones t\u00e9cnicas --><\/p>\n<div style=\"display: flex; flex-wrap: wrap; gap: 20px; margin-bottom: 30px;\"><!-- Card: Caracter\u00edsticas principales --><\/p>\n<div style=\"flex: 1 1 280px; min-width: 260px; border: 1px solid rgba(150&comma; 150&comma; 150&comma; 0.3); border-radius: 8px; overflow: hidden; display: flex; flex-direction: column;\">\n<div style=\"padding: 15px; border-bottom: 1px solid rgba(150&comma; 150&comma; 150&comma; 0.2); font-weight: bold; font-size: 18px; color: inherit;\">Caracter&iacute;sticas principales<\/div>\n<div style=\"padding: 15px; color: inherit;\">\n<ul style=\"padding-left: 20px; margin: 0; font-size: 14px; list-style-type: disc;\">\n<li style=\"box-sizing: border-box; border: 0px solid; margin: 0px 0px 5px; padding: 0px; letter-spacing: 0.01em;\" data-pasted=\"true\">Resoluci&oacute;n: Video 3K 5MP (2880 x 1620px)<\/li>\n<li style=\"box-sizing: border-box; border: 0px solid; margin: 0px 0px 5px; padding: 0px; letter-spacing: 0.01em;\" data-pasted=\"true\">Detecci&oacute;n de movimiento y de personas<\/li>\n<li style=\"box-sizing: border-box; border: 0px solid; margin: 0px 0px 5px; padding: 0px; letter-spacing: 0.01em;\">Notificaci&oacute;n Push<\/li>\n<li style=\"box-sizing: border-box; border: 0px solid; margin: 0px 0px 5px; padding: 0px; letter-spacing: 0.01em;\">Codec H.264<\/li>\n<li style=\"box-sizing: border-box; border: 0px solid; margin: 0px 0px 5px; padding: 0px; letter-spacing: 0.01em;\">Cuadros por segundo: 15\/20\/25\/30 fps (predeterminado 15 fps)<\/li>\n<li style=\"box-sizing: border-box; border: 0px solid; margin: 0px 0px 5px; padding: 0px; letter-spacing: 0.01em;\">Audio en 2 v&iacute;as<\/li>\n<li style=\"box-sizing: border-box; border: 0px solid; margin: 0px 0px 5px; padding: 0px; letter-spacing: 0.01em;\">Frecuencia 2.4GHz<\/li>\n<li style=\"box-sizing: border-box; border: 0px solid; margin: 0px 0px 5px; padding: 0px; letter-spacing: 0.01em;\">Memoria microSD de 512 GB (<span style=\"color: rgb(184&comma; 49&comma; 47);\">no incluye memoria<\/span>)<\/li>\n<li style=\"box-sizing: border-box; border: 0px solid; margin: 0px 0px 5px; padding: 0px; letter-spacing: 0.01em;\" data-pasted=\"true\">Zoom digital: 12x<\/li>\n<li style=\"box-sizing: border-box; border: 0px solid; margin: 0px 0px 5px; padding: 0px; letter-spacing: 0.01em;\">Visi&oacute;n nocturna hasta 9 metros<\/li>\n<li style=\"box-sizing: border-box; border: 0px solid; margin: 0px 0px 5px; padding: 0px; letter-spacing: 0.01em;\">Certificaciones: CE&comma; FCC&comma; RoHS&comma; RCM<\/li>\n<li style=\"margin-bottom: 8px;\" data-pasted=\"true\">Visi&oacute;n nocturna en color: LED IR de 850 nm hasta 98 pies<\/li>\n<\/ul>\n<\/div>\n<\/div>\n<p><!-- Card: Caracter\u00edsticas f\u00edsicas y el\u00e9ctricas --><\/p>\n<div style=\"flex: 1 1 280px; min-width: 260px; border: 1px solid rgba(150&comma; 150&comma; 150&comma; 0.3); border-radius: 8px; overflow: hidden; display: flex; flex-direction: column;\">\n<div style=\"padding: 15px; border-bottom: 1px solid rgba(150&comma; 150&comma; 150&comma; 0.2); font-weight: bold; font-size: 18px; color: inherit;\">Caracter&iacute;sticas f&iacute;sicas y el&eacute;ctricas<\/div>\n<div style=\"padding: 15px; color: inherit;\">\n<ul style=\"padding-left: 20px; margin: 0; font-size: 14px; list-style-type: disc;\">\n<li style=\"box-sizing: border-box; border: 0px solid; margin: 0px 0px 5px; padding: 0px; letter-spacing: 0.01em;\" data-pasted=\"true\">Adaptador corriente: 9 Vcc \/ 0.6 A<\/li>\n<li style=\"box-sizing: border-box; border: 0px solid; margin: 0px 0px 5px; padding: 0px; letter-spacing: 0.01em;\">Bot&oacute;n de reset<\/li>\n<li style=\"box-sizing: border-box; border: 0px solid; margin: 0px 0px 5px; padding: 0px; letter-spacing: 0.01em;\">Indicador LED<\/li>\n<li style=\"box-sizing: border-box; border: 0px solid; margin: 0px 0px 5px; padding: 0px; letter-spacing: 0.01em;\">Micr&oacute;fono y altavoz integrado<\/li>\n<li style=\"box-sizing: border-box; border: 0px solid; margin: 0px 0px 5px; padding: 0px; letter-spacing: 0.01em;\">Temperatura de operaci&oacute;n: -30&ordm; ~ 60&ordm; C<\/li>\n<li style=\"box-sizing: border-box; border: 0px solid; margin: 0px 0px 5px; padding: 0px; letter-spacing: 0.01em;\">Humedad en operaci&oacute;n: 10%~90% HR&comma; sin condensaci&oacute;n<\/li>\n<li style=\"box-sizing: border-box; border: 0px solid; margin: 0px 0px 5px; padding: 0px; letter-spacing: 0.01em;\">Dimensiones: 123&comma;8 x 123 x 90 mm<\/li>\n<li style=\"box-sizing: border-box; border: 0px solid; margin: 0px 0px 5px; padding: 0px; letter-spacing: 0.01em;\">Protecci&oacute;n IP66<\/li>\n<li style=\"margin-bottom: 8px;\" data-pasted=\"true\">Rango mec&aacute;nico de giro: 340&deg; (cobertura de giro de 360&deg;)<\/li>\n<li style=\"margin-bottom: 8px;\" data-pasted=\"true\">Rango mec&aacute;nico de inclinaci&oacute;n: 90&deg; (cobertura de inclinaci&oacute;n de 131&deg;)<\/li>\n<li style=\"margin-bottom: 8px;\" data-pasted=\"true\">Iluminaci&oacute;n 2 focos incorporados<\/li>\n<\/ul>\n<\/div>\n<\/div>\n<p><!-- Card: Contenido del paquete --><\/p>\n<div style=\"flex: 1 1 280px; min-width: 260px; border: 1px solid rgba(150&comma; 150&comma; 150&comma; 0.3); border-radius: 8px; overflow: hidden; display: flex; flex-direction: column;\">\n<div style=\"padding: 15px; border-bottom: 1px solid rgba(150&comma; 150&comma; 150&comma; 0.2); font-weight: bold; font-size: 18px; color: inherit;\">Contenido del Paquete<\/div>\n<div style=\"padding: 15px; color: inherit;\">\n<ul style=\"padding-left: 20px; margin: 0; font-size: 14px; list-style-type: disc;\">\n<li style=\"box-sizing: border-box; border: 0px solid; margin: 0px 0px 5px; padding: 0px; letter-spacing: 0.01em;\" data-pasted=\"true\">Tapo C530WS<\/li>\n<li style=\"box-sizing: border-box; border: 0px solid; margin: 0px 0px 5px; padding: 0px; letter-spacing: 0.01em;\">Adaptador de corriente<\/li>\n<li style=\"box-sizing: border-box; border: 0px solid; margin: 0px 0px 5px; padding: 0px; letter-spacing: 0.01em;\">Gu&iacute;a de instalaci&oacute;n r&aacute;pida<\/li>\n<li style=\"box-sizing: border-box; border: 0px solid; margin: 0px 0px 5px; padding: 0px; letter-spacing: 0.01em;\" data-pasted=\"true\">Placa de montaje<\/li>\n<li style=\"box-sizing: border-box; border: 0px solid; margin: 0px 0px 5px; padding: 0px; letter-spacing: 0.01em;\">Tornillos de montaje<\/li>\n<\/ul>\n<\/div>\n<\/div>\n<p><!-- Card: Funciones avanzadas --><\/p>\n<div style=\"flex: 1 1 280px; min-width: 260px; border: 1px solid rgba(150&comma; 150&comma; 150&comma; 0.3); border-radius: 8px; overflow: hidden; display: flex; flex-direction: column;\">\n<div style=\"padding: 15px; border-bottom: 1px solid rgba(150&comma; 150&comma; 150&comma; 0.2); font-weight: bold; font-size: 18px; color: inherit;\">Funciones Avanzadas<\/div>\n<div style=\"padding: 15px; color: inherit;\">\n<ul style=\"padding-left: 20px; margin: 0; font-size: 14px; list-style-type: disc;\">\n<li style=\"margin-bottom: 8px;\">Detecci&oacute;n IA: Detecci&oacute;n de movimiento \/ de personas<\/li>\n<li style=\"margin-bottom: 8px;\"><a href=\"https:\/\/www.tapo.com\/mx\/about-us\/tapo-story\/\"><\/a><a href=\"https:\/\/www.tapo.com\/mx\/about-us\/tapo-story\/\"><\/a><a href=\"https:\/\/www.tp-link.com\/es\/wifi7\/\" target=\"_blank\" rel=\"noopener noreferrer\" style=\"text-decoration: underline; color: inherit;\">Aprende m&aacute;s so<\/a>bre TAPO<\/li>\n<li style=\"margin-bottom: 8px;\">Seguridad: Cifrado AES de 128 bits con SSL\/TLS<\/li>\n<li style=\"margin-bottom: 8px;\">Notificaci&oacute;n&comma; Instant&aacute;nea (Tapo care)&comma; Clips (Tapo care).<\/li>\n<li style=\"margin-bottom: 8px;\">Micr&oacute;fono y altavoz integrados<\/li>\n<li style=\"margin-bottom: 8px;\">Mejora de la imagen: 3DNR \/ WDR<\/li>\n<li style=\"margin-bottom: 8px;\">Volumen de sirena: 93 dB (nivel medido a una distancia de 10 cm\/4 pulgadas)<\/li>\n<li style=\"margin-bottom: 8px;\">Servicios de almacenamiento en la nube de Tapo Care (<strong>se requiere suscripci&oacute;n<\/strong>)<\/li>\n<li style=\"margin-bottom: 8px;\">Integraci&oacute;n Inteligente: Asistente de Google&comma; Amazon Alexa<\/li>\n<\/ul>\n<\/div>\n<\/div>\n<\/div>\n<p><!-- Separador --><\/p>\n<hr style=\"border: 0; border-top: 1px solid rgba(150&comma; 150&comma; 150&comma; 0.3); margin: 30px 0;\"><!-- Secci\u00f3n: Soluci\u00f3n completa para redes de mayor velocidad --><\/p>\n<div style=\"display: flex; flex-wrap: wrap; gap: 30px; align-items: center; margin-bottom: 30px; border: 1px solid rgba(150&comma; 150&comma; 150&comma; 0.3); border-radius: 12px; padding: 20px;\">\n<div style=\"flex: 1 1 320px; min-width: 280px;\"><img decoding=\"async\" style=\"width: 100%; height: auto; border: 1px solid rgba(150&comma; 150&comma; 150&comma; 0.3); border-radius: 12px;\" src=\"http:\/\/ftp3.syscom.mx\/usuarios\/ftp\/2026\/02\/10\/1908\/noche.png_froala_698b9f8a64ebd\" alt=\"Soluci\u00f3n completa para redes de mayor velocidad\" class=\"fr-fic fr-dii\" mensaje=\"\" error=\"false\"><\/div>\n<div style=\"flex: 1 1 360px; min-width: 280px;\">\n<h2 style=\"margin: 0 0 10px; font-size: 1.8rem; color: inherit;\">Captura cada detalle&comma; de d&iacute;a y de noche<\/h2>\n<p data-pasted=\"true\">Con una resoluci&oacute;n de 3K&comma; Tapo C530WS ofrece una calidad de video mejorada&comma; mejor que 1080P. Disfruta de im&aacute;genes coloridas en condiciones de poca luz por la noche con focos integrados y un sensor de luz de estrellas. Con el modo inteligente&comma; la vista en vivo cambia de blanco y negro a color tras detectar a una persona.<\/p>\n<p><\/p>\n<\/div>\n<\/div>\n<p><!-- Secci\u00f3n: Wi-Fi 7: M\u00e1s r\u00e1pido&comma; m\u00e1s fluido&comma; m\u00e1s potente --><\/p>\n<div style=\"display: flex; flex-wrap: wrap; gap: 30px; align-items: center; margin-bottom: 30px; border: 1px solid rgba(150&comma; 150&comma; 150&comma; 0.3); border-radius: 12px; padding: 20px;\">\n<div style=\"flex: 1 1 360px; min-width: 280px; order: 1;\">\n<h2 style=\"margin: 0 0 10px; font-size: 1.8rem; color: inherit;\">Dise&ntilde;ado para soportar condiciones extremas<\/h2>\n<p style=\"color: inherit;\">Con resistencia a la intemperie IP66&comma; el Tapo C530WS ofrece un excelente rendimiento a prueba de agua y polvo para exteriores. Funciona bien con lluvia&comma; polvo y calor&comma; y funciona de forma fiable en diferentes entornos.<\/p>\n<\/div>\n<div style=\"flex: 1 1 320px; min-width: 280px; order: 2;\"><img decoding=\"async\" style=\"width: 100%; border: 1px solid rgba(150&comma; 150&comma; 150&comma; 0.3); border-radius: 12px;\" src=\"http:\/\/ftp3.syscom.mx\/usuarios\/ftp\/2026\/02\/10\/1908\/ext.png_froala_698ba2850f41d\" alt=\"Wi-Fi 7 caracter\u00edsticas\" class=\"fr-fic fr-dii\" error=\"false\" mensaje=\"\"><\/div>\n<\/div>\n<p><!-- Secci\u00f3n: Plataforma Omada SDN --><\/p>\n<div style=\"display: flex; flex-wrap: wrap; gap: 30px; align-items: center; margin-bottom: 30px; border: 1px solid rgba(150&comma; 150&comma; 150&comma; 0.3); border-radius: 12px; padding: 20px;\">\n<div style=\"flex: 1 1 320px; min-width: 280px;\"><img decoding=\"async\" style=\"width: 509px; height: 190px; border: 1px solid rgba(150&comma; 150&comma; 150&comma; 0.3); border-radius: 12px;\" src=\"http:\/\/ftp3.syscom.mx\/usuarios\/ftp\/2026\/02\/10\/1908\/detec.png_froala_698ba07213fd7\" alt=\"Plataforma Omada SDN\" class=\"fr-fic fr-dii\" error=\"false\" mensaje=\"\"><\/div>\n<div style=\"flex: 1 1 360px; min-width: 280px;\">\n<h2 style=\"margin: 0 0 10px; font-size: 1.8rem; color: inherit;\">Detecci&oacute;n de IA para notificaciones m&aacute;s relevantes&nbsp;<\/h2>\n<p>La IA inteligente identifica con precisi&oacute;n a personas&comma; mascotas y veh&iacute;culos&comma; y detecta manipulaciones y cruces de l&iacute;mites. Env&iacute;a notificaciones instant&aacute;neas al detectar objetos espec&iacute;ficos&comma; lo que garantiza alertas oportunas y precisas.<\/p>\n<\/div>\n<\/div>\n<p><!-- Secci\u00f3n: Administraci\u00f3n centralizada en la nube --><\/p>\n<div style=\"display: flex; flex-wrap: wrap; gap: 30px; align-items: center; margin-bottom: 30px; border: 1px solid rgba(150&comma; 150&comma; 150&comma; 0.3); border-radius: 12px; padding: 20px;\">\n<div style=\"flex: 1 1 360px; min-width: 280px; order: 1;\">\n<h2 style=\"margin: 0 0 10px; font-size: 1.8rem; color: inherit;\">F&aacute;cil configuraci&oacute;n por Tapo app<\/h2>\n<p style=\"color: inherit;\">Siga las instrucciones y finalice la configuraci&oacute;n en pocos minutos.<\/p>\n<ul style=\"padding-left: 20px; color: inherit;\">\n<li style=\"margin-bottom: 8px;\">Descarga Tapo app<\/li>\n<li style=\"margin-bottom: 8px;\">Conecta tu c&aacute;mara a la corriente el&eacute;ctrica<\/li>\n<li style=\"margin-bottom: 8px;\">Sigue las instrucciones de la app<\/li>\n<\/ul>\n<\/div>\n<div style=\"flex: 1 1 320px; min-width: 280px; order: 2;\"><img decoding=\"async\" style=\"width: 100%; height: auto; border: 1px solid rgba(150&comma; 150&comma; 150&comma; 0.3); border-radius: 12px;\" src=\"http:\/\/ftp3.syscom.mx\/usuarios\/ftp\/2026\/02\/09\/1908\/app.png_froala_698a4034c7b8b\" alt=\"Administraci\u00f3n centralizada Omada\" class=\"fr-fic fr-dii\"><\/div>\n<\/div>\n<\/div>\n","protected":false},"excerpt":{"rendered":"<p>C\u00e1mara IP Wi-Fi 5MP \/ Visi\u00f3n 360\u00ba \/ Protecci\u00f3n IP66 \/ Audio doble v\u00edas \/ Visi\u00f3n Nocturna en color \/  Notificaci\u00f3n Push<\/p>\n","protected":false},"featured_media":102647,"comment_status":"open","ping_status":"closed","template":"","meta":[],"product_brand":[],"product_cat":[121],"product_tag":[122,71,123],"class_list":{"0":"post-102648","1":"product","2":"type-product","3":"status-publish","4":"has-post-thumbnail","6":"product_cat-wifi-4g-inalambricas","7":"product_tag-camaras-ip-y-nvrs","8":"product_tag-tp-link","9":"product_tag-wifi-4g-inalambricas","11":"first","12":"outofstock","13":"sale","14":"shipping-taxable","15":"purchasable","16":"product-type-simple"},"_links":{"self":[{"href":"https:\/\/soydeaqui.ddns.net\/pachuca\/index.php\/wp-json\/wp\/v2\/product\/102648","targetHints":{"allow":["GET"]}}],"collection":[{"href":"https:\/\/soydeaqui.ddns.net\/pachuca\/index.php\/wp-json\/wp\/v2\/product"}],"about":[{"href":"https:\/\/soydeaqui.ddns.net\/pachuca\/index.php\/wp-json\/wp\/v2\/types\/product"}],"replies":[{"embeddable":true,"href":"https:\/\/soydeaqui.ddns.net\/pachuca\/index.php\/wp-json\/wp\/v2\/comments?post=102648"}],"wp:featuredmedia":[{"embeddable":true,"href":"https:\/\/soydeaqui.ddns.net\/pachuca\/index.php\/wp-json\/wp\/v2\/media\/102647"}],"wp:attachment":[{"href":"https:\/\/soydeaqui.ddns.net\/pachuca\/index.php\/wp-json\/wp\/v2\/media?parent=102648"}],"wp:term":[{"taxonomy":"product_brand","embeddable":true,"href":"https:\/\/soydeaqui.ddns.net\/pachuca\/index.php\/wp-json\/wp\/v2\/product_brand?post=102648"},{"taxonomy":"product_cat","embeddable":true,"href":"https:\/\/soydeaqui.ddns.net\/pachuca\/index.php\/wp-json\/wp\/v2\/product_cat?post=102648"},{"taxonomy":"product_tag","embeddable":true,"href":"https:\/\/soydeaqui.ddns.net\/pachuca\/index.php\/wp-json\/wp\/v2\/product_tag?post=102648"}],"curies":[{"name":"wp","href":"https:\/\/api.w.org\/{rel}","templated":true}]}}