{"id":102444,"date":"2026-03-20T12:52:55","date_gmt":"2026-03-20T12:52:55","guid":{"rendered":"https:\/\/soydeaqui.ddns.net\/pachuca\/index.php\/producto\/camera-junction-box-caja-de-conexiones-antimanipulacion-en-color-negro-para-camaras-unifi-protect-bullet-dome-y-turret\/"},"modified":"2026-03-20T12:53:12","modified_gmt":"2026-03-20T12:53:12","slug":"camera-junction-box-caja-de-conexiones-antimanipulacion-en-color-negro-para-camaras-unifi-protect-bullet-dome-y-turret","status":"publish","type":"product","link":"https:\/\/soydeaqui.ddns.net\/pachuca\/index.php\/producto\/camera-junction-box-caja-de-conexiones-antimanipulacion-en-color-negro-para-camaras-unifi-protect-bullet-dome-y-turret\/","title":{"rendered":"Camera Junction Box \u2013 Caja de Conexiones Antimanipulaci\u00f3n en Color Negro para C\u00e1maras UniFi Protect Bullet, Dome y Turret"},"content":{"rendered":"<div style='width: 100%; max-width: 1200px; margin: 0 auto; font-family: sans-serif; line-height: 1.6; color: inherit; background-color: transparent;'> <!-- Hero section --> <\/p>\n<div style='display: flex; flex-wrap: wrap; gap: 30px; align-items: center; margin-bottom: 30px; border: 1px solid rgba(150&comma;150&comma;150&comma;0.3); border-radius: 12px; padding: 20px;'>\n<div style='flex: 1 1 320px; min-width: 280px;'>\n<div style='position: relative; padding-bottom: 56.25%; height: 0; overflow: hidden; margin-bottom: 20px;'> <video style='position: absolute; top: 0; left: 0; width: 100%; height: 100%; border: 1px solid rgba(150&comma;150&comma;150&comma;0.3); border-radius: 8px;' autoplay muted loop playsinline preload='metadata' poster='https:\/\/ftp3.syscom.mx\/usuarios\/adiaz\/Ubiquiti\/Imagenes\/Accesorios\/Camaras\/UACC-Camera-JB\/fallbackb.png'><source src='https:\/\/ftp3.syscom.mx\/usuarios\/adiaz\/Ubiquiti\/Imagenes\/Accesorios\/Camaras\/UACC-Camera-JB\/loopb.mp4' type='video\/mp4'><img src='https:\/\/ftp3.syscom.mx\/usuarios\/adiaz\/Ubiquiti\/Imagenes\/Accesorios\/Camaras\/UACC-Camera-JB\/fallbackb.png' alt='Ubiquiti UACC-Camera-JB-B' style='width: 100%; height: auto; border: 1px solid rgba(150&comma;150&comma;150&comma;0.3); border-radius: 8px;'><\/video> <\/div>\n<\/p><\/div>\n<div style='flex: 1 1 360px; min-width: 280px;'>\n<h2 style='font-size: 22px; margin-top: 0; margin-bottom: 10px; color: inherit; opacity: 0.9;'>Camera Junction Box<\/h2>\n<div style='margin-bottom: 15px; font-weight: 600; color: inherit; opacity: 0.8;'>Modelo: <span style='font-weight: 700; opacity: 1;'>UACC-Camera-JB-B<\/span><\/div>\n<p style='margin: 0; color: inherit; font-size: 15px;'>Caja de conexiones <strong style='color: inherit;'>antimanipulaci\u00f3n<\/strong> para c\u00e1maras compactas UniFi <strong style='color: inherit;'>Bullet<\/strong>&comma; <strong style='color: inherit;'>Dome<\/strong> y <strong style='color: inherit;'>Turret<\/strong>&comma; dise\u00f1ada para mejorar la durabilidad del montaje&comma; la est\u00e9tica y la facilidad de mantenimiento.<\/p>\n<\/p><\/div>\n<\/p><\/div>\n<p> <!-- Especificaciones section --> <\/p>\n<div style='text-align: center; margin: 40px 0 20px;'> <span style='font-size: 20px; font-weight: 700; color: inherit; display: inline-block; padding: 8px 16px; border-radius: 20px; background-color: rgba(150&comma;150&comma;150&comma;0.1);'>Especificaciones<\/span> <\/div>\n<p> <!-- Features grid --> <\/p>\n<div style='display: flex; flex-wrap: wrap; gap: 20px; margin-bottom: 30px;'> <!-- F\u00edsicas y el\u00e9ctricas --> <\/p>\n<div style='flex: 1 1 250px; border: 1px solid rgba(150&comma;150&comma;150&comma;0.3); border-radius: 8px; overflow: hidden; display: flex; flex-direction: column;'>\n<div style='padding: 15px; border-bottom: 1px solid rgba(150&comma;150&comma;150&comma;0.2); font-weight: 700; color: inherit;'>Caracter\u00edsticas f\u00edsicas y el\u00e9ctricas<\/div>\n<div style='flex-grow: 1; padding: 15px; color: inherit;'>\n<ul style='padding-left: 20px; margin: 0; font-size: 14px; list-style-type: disc;'>\n<li style='margin-bottom: 8px;'><strong style='color: inherit;'>Dimensiones<\/strong>: \u00d8140.4 \u00d7 59.7 mm (\u00d85.5 \u00d7 2.4&#8242;)<\/li>\n<li style='margin-bottom: 8px;'><strong style='color: inherit;'>Di\u00e1metro de montaje en poste<\/strong>: 1.5\u20132&#8242; (38\u201350 mm)<\/li>\n<li style='margin-bottom: 8px;'><strong style='color: inherit;'>Peso<\/strong>:<br \/><em>Caja de conexiones<\/em> 470 g (16.6 oz) | <em>Soporte de montaje<\/em> 66 g (2.3 oz) | <em>Anillo decorativo<\/em> 17 g (0.6 oz) | <em>Soporte para poste<\/em> 62 g (2.2 oz)<\/li>\n<li style='margin-bottom: 8px;'><strong style='color: inherit;'>Material de la carcasa<\/strong>: aleaci\u00f3n de aluminio y policarbonato<\/li>\n<li style='margin-bottom: 8px;'><strong style='color: inherit;'>Salidas roscadas<\/strong>: G3\/4&#8242;<\/li>\n<\/ul><\/div>\n<\/p><\/div>\n<p> <!-- Compatibilidad --> <\/p>\n<div style='flex: 1 1 250px; border: 1px solid rgba(150&comma;150&comma;150&comma;0.3); border-radius: 8px; overflow: hidden; display: flex; flex-direction: column;'>\n<div style='padding: 15px; border-bottom: 1px solid rgba(150&comma;150&comma;150&comma;0.2); font-weight: 700; color: inherit;'>Compatibilidad<\/div>\n<div style='flex-grow: 1; padding: 15px; color: inherit;'>\n<ul style='padding-left: 20px; margin: 0; font-size: 14px; list-style-type: disc;'>\n<li style='margin-bottom: 6px;'><strong style='color: inherit;'>UVC-AI-Bullet<\/strong><\/li>\n<li style='margin-bottom: 6px;'><strong style='color: inherit;'>UVC-AI-PRO<\/strong><\/li>\n<li style='margin-bottom: 6px;'><strong style='color: inherit;'>UVC-AI-DSLR<\/strong><\/li>\n<li style='margin-bottom: 6px;'><strong style='color: inherit;'>UVC-AI-Dome<\/strong><\/li>\n<li style='margin-bottom: 6px;'><strong style='color: inherit;'>UVC-AI-Turret<\/strong><\/li>\n<li style='margin-bottom: 6px;'><strong style='color: inherit;'>UVC-G6-Bullet<\/strong><\/li>\n<li style='margin-bottom: 6px;'><strong style='color: inherit;'>UVC-G6-Turret<\/strong><\/li>\n<li style='margin-bottom: 6px;'><strong style='color: inherit;'>UVC-G6-Pro-Turret<\/strong><\/li>\n<li style='margin-bottom: 6px;'><strong style='color: inherit;'>UVC-G6-Dome<\/strong><\/li>\n<li style='margin-bottom: 6px;'><strong style='color: inherit;'>UVC-G6-Pro-Dome<\/strong><\/li>\n<li style='margin-bottom: 6px;'><strong style='color: inherit;'>UVC-G6-180<\/strong><\/li>\n<li style='margin-bottom: 6px;'><strong style='color: inherit;'>UVC-G5-Dome<\/strong><\/li>\n<li style='margin-bottom: 6px;'><strong style='color: inherit;'>UVC-G5-Dome-Ultra<\/strong><\/li>\n<li style='margin-bottom: 6px;'><strong style='color: inherit;'>UVC-G5-Turret-Ultra<\/strong><\/li>\n<li style='margin-bottom: 6px;'><strong style='color: inherit;'>UVC-G5-Pro<\/strong><\/li>\n<li style='margin-bottom: 6px;'><strong style='color: inherit;'>UVC-G5-Bullet<\/strong><\/li>\n<li style='margin-bottom: 6px;'><strong style='color: inherit;'>UVC-G4-Pro<\/strong><\/li>\n<li style='margin-bottom: 6px;'><strong style='color: inherit;'>UVC-G4-Bullet<\/strong><\/li>\n<li style='margin-bottom: 6px;'><strong style='color: inherit;'>UVC-G4-Dome<\/strong><\/li>\n<li style='margin-bottom: 6px;'><strong style='color: inherit;'>UVC-G3-Pro<\/strong><\/li>\n<li style='margin-bottom: 6px;'><strong style='color: inherit;'>UVC-G3-Bullet<\/strong><\/li>\n<\/ul><\/div>\n<\/p><\/div>\n<\/p><\/div>\n<p> <!-- Contenido del paquete --> <\/p>\n<div style='border: 1px solid rgba(150&comma;150&comma;150&comma;0.3); border-radius: 8px; padding: 20px; margin-top: 30px; text-align: center;'>\n<h3 style='font-size: 18px; margin: 0 0 15px; color: inherit; opacity: 0.8;'>Contenido del paquete<\/h3>\n<p> <img style='width: 100%; height: auto; border: 1px solid rgba(150&comma;150&comma;150&comma;0.3); border-radius: 8px;' src='https:\/\/ftp3.syscom.mx\/usuarios\/adiaz\/Ubiquiti\/Imagenes\/Accesorios\/Camaras\/UACC-Camera-JB\/contenidob.png' alt='Contenido del paquete UACC-Camera-JB-B'> <\/div>\n<p> <!-- Separador final --> <\/p>\n<hr style='border: 0; border-top: 1px solid rgba(150&comma;150&comma;150&comma;0.3); margin: 40px 0;'> <\/div>\n","protected":false},"excerpt":{"rendered":"<p>Camera Junction Box \u2013 Caja de Conexiones Antimanipulaci\u00f3n en Color Negro para C\u00e1maras UniFi Protect Bullet, Dome y Turret<\/p>\n","protected":false},"featured_media":102443,"comment_status":"open","ping_status":"closed","template":"","meta":[],"product_brand":[],"product_cat":[416],"product_tag":[417,418,166],"class_list":{"0":"post-102444","1":"product","2":"type-product","3":"status-publish","4":"has-post-thumbnail","6":"product_cat-montajes-y-brackets-para-camaras","7":"product_tag-accesorios-generales","8":"product_tag-montajes-y-brackets-para-camaras","9":"product_tag-ubiquiti","11":"first","12":"outofstock","13":"sale","14":"shipping-taxable","15":"purchasable","16":"product-type-simple"},"_links":{"self":[{"href":"https:\/\/soydeaqui.ddns.net\/pachuca\/index.php\/wp-json\/wp\/v2\/product\/102444","targetHints":{"allow":["GET"]}}],"collection":[{"href":"https:\/\/soydeaqui.ddns.net\/pachuca\/index.php\/wp-json\/wp\/v2\/product"}],"about":[{"href":"https:\/\/soydeaqui.ddns.net\/pachuca\/index.php\/wp-json\/wp\/v2\/types\/product"}],"replies":[{"embeddable":true,"href":"https:\/\/soydeaqui.ddns.net\/pachuca\/index.php\/wp-json\/wp\/v2\/comments?post=102444"}],"wp:featuredmedia":[{"embeddable":true,"href":"https:\/\/soydeaqui.ddns.net\/pachuca\/index.php\/wp-json\/wp\/v2\/media\/102443"}],"wp:attachment":[{"href":"https:\/\/soydeaqui.ddns.net\/pachuca\/index.php\/wp-json\/wp\/v2\/media?parent=102444"}],"wp:term":[{"taxonomy":"product_brand","embeddable":true,"href":"https:\/\/soydeaqui.ddns.net\/pachuca\/index.php\/wp-json\/wp\/v2\/product_brand?post=102444"},{"taxonomy":"product_cat","embeddable":true,"href":"https:\/\/soydeaqui.ddns.net\/pachuca\/index.php\/wp-json\/wp\/v2\/product_cat?post=102444"},{"taxonomy":"product_tag","embeddable":true,"href":"https:\/\/soydeaqui.ddns.net\/pachuca\/index.php\/wp-json\/wp\/v2\/product_tag?post=102444"}],"curies":[{"name":"wp","href":"https:\/\/api.w.org\/{rel}","templated":true}]}}