{"id":102424,"date":"2026-03-20T12:51:46","date_gmt":"2026-03-20T12:51:46","guid":{"rendered":"https:\/\/soydeaqui.ddns.net\/pachuca\/index.php\/producto\/modulo-de-distribucion-de-energia-ul-pd8ulcb-8-salidas-clase-2-ptc-protegidas-entrada-12-24vdc-o-24-28vac-auto-resetable-montaje-incluido-garantia-de-por-vida\/"},"modified":"2026-03-20T12:51:51","modified_gmt":"2026-03-20T12:51:51","slug":"modulo-de-distribucion-de-energia-ul-pd8ulcb-8-salidas-clase-2-ptc-protegidas-entrada-12-24vdc-o-24-28vac-auto-resetable-montaje-incluido-garantia-de-por-vida","status":"publish","type":"product","link":"https:\/\/soydeaqui.ddns.net\/pachuca\/index.php\/producto\/modulo-de-distribucion-de-energia-ul-pd8ulcb-8-salidas-clase-2-ptc-protegidas-entrada-12-24vdc-o-24-28vac-auto-resetable-montaje-incluido-garantia-de-por-vida\/","title":{"rendered":"M\u00f3dulo de Distribuci\u00f3n de Energ\u00eda UL PD8ULCB \/ 8 Salidas Clase 2 PTC Protegidas \/ Entrada 12-24VDC o 24-28VAC \/ Auto-resetable \/ Montaje Incluido \/ Garant\u00eda de Por Vida"},"content":{"rendered":"<div style='width: 100%; max-width: 1200px; margin: 0 auto; font-family: sans-serif; line-height: 1.6; color: inherit; background-color: transparent;'>\n<div style='margin-bottom: 30px;'>\n<p style='font-size: 18px; line-height: 1.6; margin: 0; color: inherit;'>El m\u00f3dulo de distribuci\u00f3n de energ\u00eda PD8ULCB de Altronix es un sub-ensamblaje listado UL dise\u00f1ado para convertir una \u00fanica entrada AC o DC en ocho salidas limitadas de potencia Clase 2 protegidas por PTC. Este dispositivo ofrece una soluci\u00f3n confiable y segura para la distribuci\u00f3n de energ\u00eda en sistemas de seguridad y control de acceso&comma; con certificaciones UL para sistemas de alarma contra intrusiones&comma; control de acceso y alarma contra incendios.<\/p>\n<\/p><\/div>\n<div style='display: flex; flex-wrap: wrap; gap: 30px; margin-bottom: 30px;'>\n<div style='flex: 1 1 300px; min-width: 280px;'>\n<h3 style='font-size: 22px; border-bottom: 2px solid currentColor; padding-bottom: 5px; margin-top: 0; color: inherit; opacity: 0.8;'>Caracter\u00edsticas Principales<\/h3>\n<ul style='padding-left: 20px; font-size: 15px; color: inherit;'>\n<li style='margin-bottom: 5px;'>Ocho salidas protegidas por PTC con clasificaci\u00f3n Clase 2 (auto-resetable)<\/li>\n<li style='margin-bottom: 5px;'>Compatibilidad con entradas de 12VDC o 24VDC (hasta 10A) y 24VAC o 28VAC (hasta 12A)<\/li>\n<li style='margin-bottom: 5px;'>Protecci\u00f3n PTC clasificada a 2A\/250V por salida<\/li>\n<li style='margin-bottom: 5px;'>M\u00e1ximo de 2A por salida individual<\/li>\n<li style='margin-bottom: 5px;'>Certificaciones UL294 (Control de Acceso)&comma; UL603 (Alarma contra Intrusiones)&comma; UL1481 (Alarma contra Incendios)<\/li>\n<li style='margin-bottom: 5px;'>Certificaci\u00f3n cUL seg\u00fan est\u00e1ndar CSA C22.2 No.205-M1983<\/li>\n<li style='margin-bottom: 5px;'>Garant\u00eda de por vida del fabricante<\/li>\n<li style='margin-bottom: 5px;'>Hardware de montaje incluido<\/li>\n<\/ul><\/div>\n<\/p><\/div>\n<div style='display: flex; flex-wrap: wrap; gap: 30px; margin-bottom: 30px;'>\n<div style='flex: 1 1 250px; border: 1px solid rgba(150&comma; 150&comma; 150&comma; 0.4); border-radius: 8px; overflow: hidden; display: flex; flex-direction: column;'>\n<div style='padding: 15px; border-bottom: 1px solid rgba(150&comma; 150&comma; 150&comma; 0.2); font-weight: bold; font-size: 18px; color: inherit;'>Especificaciones<\/div>\n<div style='padding: 15px; color: inherit;'>\n<ul style='padding-left: 20px; margin: 0; font-size: 14px; list-style-type: disc;'>\n<li style='margin-bottom: 5px;'><strong>Dimensiones:<\/strong> 5.25&#8242; x 3.25&#8242; x 1&#8242; (133.4mm x 82.6mm x 25.4mm)<\/li>\n<li style='margin-bottom: 5px;'><strong>Peso del producto:<\/strong> 0.25 lb (0.11 kg)<\/li>\n<li style='margin-bottom: 5px;'><strong>Peso de env\u00edo:<\/strong> 0.3 lb (0.14 kg)<\/li>\n<li style='margin-bottom: 5px;'><strong>Temperatura de operaci\u00f3n:<\/strong> 0\u00baC a 49\u00baC (32\u00baF a 120\u00baF)<\/li>\n<li style='margin-bottom: 5px;'><strong>Temperatura de almacenamiento:<\/strong> -20\u00baC a 70\u00baC (-4\u00baF a 158\u00baF)<\/li>\n<li style='margin-bottom: 5px;'><strong>Humedad relativa:<\/strong> 85% +\/-5%<\/li>\n<li style='margin-bottom: 5px;'><strong>Distancia entre agujeros de montaje horizontal:<\/strong> 4.9&#8242; (124.5mm)<\/li>\n<li style='margin-bottom: 5px;'><strong>Distancia entre agujeros de montaje vertical:<\/strong> 2.4&#8242; (61mm)<\/li>\n<li style='margin-bottom: 5px;'><strong>Di\u00e1metro de agujeros de montaje:<\/strong> 0.156&#8242; (3.9mm)<\/li>\n<\/ul><\/div>\n<\/p><\/div>\n<div style='flex: 1 1 250px; border: 1px solid rgba(150&comma; 150&comma; 150&comma; 0.4); border-radius: 8px; overflow: hidden; display: flex; flex-direction: column;'>\n<div style='padding: 15px; border-bottom: 1px solid rgba(150&comma; 150&comma; 150&comma; 0.2); font-weight: bold; font-size: 18px; color: inherit;'>Interfaces y Conectividad<\/div>\n<div style='padding: 15px; color: inherit;'>\n<ul style='padding-left: 20px; margin: 0; font-size: 14px; list-style-type: disc;'>\n<li style='margin-bottom: 5px;'><strong>Entrada de voltaje:<\/strong> 12VDC o 24VDC (hasta 10A)<\/li>\n<li style='margin-bottom: 5px;'><strong>Entrada alternativa:<\/strong> 24VAC o 28VAC (hasta 12A)<\/li>\n<li style='margin-bottom: 5px;'><strong>Ocho salidas PTC protegidas Clase 2<\/strong><\/li>\n<li style='margin-bottom: 5px;'><strong>M\u00e1ximo 2A por salida individual<\/strong><\/li>\n<li style='margin-bottom: 5px;'><strong>Corriente total de salida:<\/strong> No debe exceder la clasificaci\u00f3n m\u00e1xima de la fuente de alimentaci\u00f3n empleada<\/li>\n<li style='margin-bottom: 5px;'><strong>LED indicador de salida DC<\/strong><\/li>\n<li style='margin-bottom: 5px;'><strong>LED indicador de potencia<\/strong><\/li>\n<\/ul><\/div>\n<\/p><\/div>\n<\/p><\/div>\n<div style='display: flex; flex-wrap: wrap; gap: 30px; margin-bottom: 30px;'>\n<div style='flex: 1 1 300px; min-width: 280px;'>\n<div style='border: 1px solid rgba(150&comma; 150&comma; 150&comma; 0.4); border-radius: 8px; overflow: hidden; margin-bottom: 20px;'>\n<div style='padding: 15px; border-bottom: 1px solid rgba(150&comma; 150&comma; 150&comma; 0.2); font-weight: bold; font-size: 18px; color: inherit;'>Sistemas de Control de Acceso<\/div>\n<div style='padding: 15px; color: inherit;'>\n<p style='margin: 0; font-size: 14px;'>Ideal para distribuir energ\u00eda a m\u00faltiples lectores de tarjetas&comma; cerraduras electromagn\u00e9ticas y otros dispositivos de control de acceso con certificaci\u00f3n UL294.<\/p>\n<\/p><\/div>\n<\/p><\/div>\n<div style='border: 1px solid rgba(150&comma; 150&comma; 150&comma; 0.4); border-radius: 8px; overflow: hidden; margin-bottom: 20px;'>\n<div style='padding: 15px; border-bottom: 1px solid rgba(150&comma; 150&comma; 150&comma; 0.2); font-weight: bold; font-size: 18px; color: inherit;'>Sistemas de Alarma<\/div>\n<div style='padding: 15px; color: inherit;'>\n<p style='margin: 0; font-size: 14px;'>Perfecto para sistemas de alarma contra intrusiones (UL603) y alarma contra incendios (UL1481)&comma; proporcionando distribuci\u00f3n de energ\u00eda segura y protegida.<\/p>\n<\/p><\/div>\n<\/p><\/div>\n<div style='border: 1px solid rgba(150&comma; 150&comma; 150&comma; 0.4); border-radius: 8px; overflow: hidden;'>\n<div style='padding: 15px; border-bottom: 1px solid rgba(150&comma; 150&comma; 150&comma; 0.2); font-weight: bold; font-size: 18px; color: inherit;'>Instalaciones Comerciales<\/div>\n<div style='padding: 15px; color: inherit;'>\n<p style='margin: 0; font-size: 14px;'>Adecuado para aplicaciones comerciales e industriales que requieren distribuci\u00f3n de energ\u00eda confiable con protecci\u00f3n PTC auto-resetable y certificaciones UL\/cUL.<\/p>\n<\/p><\/div>\n<\/p><\/div>\n<\/p><\/div>\n<\/p><\/div>\n<hr style='border: 0; border-top: 1px solid rgba(150&comma; 150&comma; 150&comma; 0.3); margin: 30px 0;'> <\/div>\n","protected":false},"excerpt":{"rendered":"<p>M\u00f3dulo de Distribuci\u00f3n de Energ\u00eda UL PD8ULCB \/ 8 Salidas Clase 2 PTC Protegidas \/ Entrada 12-24VDC o 24-28VAC \/ Auto-resetable \/ Montaje Incluido \/ Garant\u00eda de Por Vida<\/p>\n","protected":false},"featured_media":102423,"comment_status":"open","ping_status":"closed","template":"","meta":[],"product_brand":[],"product_cat":[1103],"product_tag":[495,142,457],"class_list":{"0":"post-102424","1":"product","2":"type-product","3":"status-publish","4":"has-post-thumbnail","6":"product_cat-fuentes-de-alimentacion-energia-videovigilancia","7":"product_tag-altronix","8":"product_tag-energia","9":"product_tag-fuentes-de-alimentacion","11":"first","12":"outofstock","13":"sale","14":"shipping-taxable","15":"purchasable","16":"product-type-simple"},"_links":{"self":[{"href":"https:\/\/soydeaqui.ddns.net\/pachuca\/index.php\/wp-json\/wp\/v2\/product\/102424","targetHints":{"allow":["GET"]}}],"collection":[{"href":"https:\/\/soydeaqui.ddns.net\/pachuca\/index.php\/wp-json\/wp\/v2\/product"}],"about":[{"href":"https:\/\/soydeaqui.ddns.net\/pachuca\/index.php\/wp-json\/wp\/v2\/types\/product"}],"replies":[{"embeddable":true,"href":"https:\/\/soydeaqui.ddns.net\/pachuca\/index.php\/wp-json\/wp\/v2\/comments?post=102424"}],"wp:featuredmedia":[{"embeddable":true,"href":"https:\/\/soydeaqui.ddns.net\/pachuca\/index.php\/wp-json\/wp\/v2\/media\/102423"}],"wp:attachment":[{"href":"https:\/\/soydeaqui.ddns.net\/pachuca\/index.php\/wp-json\/wp\/v2\/media?parent=102424"}],"wp:term":[{"taxonomy":"product_brand","embeddable":true,"href":"https:\/\/soydeaqui.ddns.net\/pachuca\/index.php\/wp-json\/wp\/v2\/product_brand?post=102424"},{"taxonomy":"product_cat","embeddable":true,"href":"https:\/\/soydeaqui.ddns.net\/pachuca\/index.php\/wp-json\/wp\/v2\/product_cat?post=102424"},{"taxonomy":"product_tag","embeddable":true,"href":"https:\/\/soydeaqui.ddns.net\/pachuca\/index.php\/wp-json\/wp\/v2\/product_tag?post=102424"}],"curies":[{"name":"wp","href":"https:\/\/api.w.org\/{rel}","templated":true}]}}