{"id":102362,"date":"2026-03-20T12:48:38","date_gmt":"2026-03-20T12:48:38","guid":{"rendered":"https:\/\/soydeaqui.ddns.net\/pachuca\/index.php\/producto\/dvr-4-canales-turbohd-2-canales-ip-5-megapixel-lite-3k-lite-audio-por-coaxitron-acusense-lite-1-bahia-de-disco-duro-h-265-salida-en-full-hd-3\/"},"modified":"2026-03-20T12:48:39","modified_gmt":"2026-03-20T12:48:39","slug":"dvr-4-canales-turbohd-2-canales-ip-5-megapixel-lite-3k-lite-audio-por-coaxitron-acusense-lite-1-bahia-de-disco-duro-h-265-salida-en-full-hd-3","status":"publish","type":"product","link":"https:\/\/soydeaqui.ddns.net\/pachuca\/index.php\/producto\/dvr-4-canales-turbohd-2-canales-ip-5-megapixel-lite-3k-lite-audio-por-coaxitron-acusense-lite-1-bahia-de-disco-duro-h-265-salida-en-full-hd-3\/","title":{"rendered":"DVR 4 Canales TurboHD + 2 Canales IP \/ 5 Megapixel Lite &#8211; 3K Lite \/ Audio por Coaxitron \/ ACUSENSE Lite \/ 1 Bah\u00eda de Disco Duro \/ H.265+ \/ Salida en Full HD"},"content":{"rendered":"<div style='width: 100%; max-width: 1200px; margin: 0 auto; font-family: sans-serif; line-height: 1.6; color: inherit; background-color: transparent;'> <!-- Header --> <\/p>\n<div style='padding: 1.5rem 0; text-align: center;'> <img style='max-height: 6rem; width: auto; border: 1px solid rgba(150&comma;150&comma;150&comma;0.3); border-radius: 8px;' src='https:\/\/ftp3.syscom.mx\/usuarios\/fotos\/logotipos\/hilook_by_hikvision.png' alt='Logo'> <\/p>\n<h1 style='font-size: 2.5rem; font-weight: bold; margin: 1rem 0; color: inherit;'>Controla y monitorea tus dispositivos de seguridad<\/h1>\n<p style='font-size: 1.25rem; margin-bottom: 2rem; color: inherit;'>Descarga la app oficial y aprovecha al m\u00e1ximo tu producto inteligente<\/p>\n<\/p><\/div>\n<p> <!-- Features --> <\/p>\n<div style='padding: 2rem 0; background-color: rgba(150&comma;150&comma;150&comma;0.05);'>\n<h2 style='text-align: center; font-size: 2rem; margin-bottom: 2rem; border-bottom: 2px solid currentColor; padding-bottom: 0.5rem; color: inherit;'>Beneficios principales<\/h2>\n<div style='display: flex; flex-wrap: wrap; gap: 1.5rem; justify-content: center;'>\n<div style='flex: 1 1 200px; min-width: 180px; background: rgba(150&comma;150&comma;150&comma;0.05); border-radius: 8px; padding: 1rem; text-align: center;'>\n<div style='width: 50px; height: 50px; margin: 0 auto 1rem; background-color: #007bff; border-radius: 50%;'><\/div>\n<h5 style='margin-bottom: 0.5rem; color: inherit;'>Control remoto<\/h5>\n<p style='color: inherit;'>Controla tus dispositivos desde cualquier lugar<\/p>\n<\/p><\/div>\n<div style='flex: 1 1 200px; min-width: 180px; background: rgba(150&comma;150&comma;150&comma;0.05); border-radius: 8px; padding: 1rem; text-align: center;'>\n<div style='width: 50px; height: 50px; margin: 0 auto 1rem; background-color: #28a745; border-radius: 50%;'><\/div>\n<h5 style='margin-bottom: 0.5rem; color: inherit;'>Monitoreo en tiempo real<\/h5>\n<p style='color: inherit;'>Visualiza tus dispositivos al instante<\/p>\n<\/p><\/div>\n<div style='flex: 1 1 200px; min-width: 180px; background: rgba(150&comma;150&comma;150&comma;0.05); border-radius: 8px; padding: 1rem; text-align: center;'>\n<div style='width: 50px; height: 50px; margin: 0 auto 1rem; background-color: #17a2b8; border-radius: 50%;'><\/div>\n<h5 style='margin-bottom: 0.5rem; color: inherit;'>Notificaciones<\/h5>\n<p style='color: inherit;'>Recibe notificaciones y alertas de los eventos que registra tu dispositivo.<\/p>\n<\/p><\/div>\n<div style='flex: 1 1 200px; min-width: 180px; background: rgba(150&comma;150&comma;150&comma;0.05); border-radius: 8px; padding: 1rem; text-align: center;'>\n<div style='width: 50px; height: 50px; margin: 0 auto 1rem; background-color: #ffc107; border-radius: 50%;'><\/div>\n<h5 style='margin-bottom: 0.5rem; color: inherit;'>Interfaz de usuario sencilla<\/h5>\n<p style='color: inherit;'>Amigable para usuarios finales<\/p>\n<\/p><\/div>\n<\/p><\/div>\n<\/p><\/div>\n<p> <!-- Galer\u00eda de im\u00e1genes --> <\/p>\n<div style='padding: 2rem 0;'>\n<h2 style='text-align: center; font-size: 2rem; margin-bottom: 2rem; border-bottom: 2px solid currentColor; padding-bottom: 0.5rem; color: inherit;'>Galer\u00eda de im\u00e1genes<\/h2>\n<div style='display: flex; flex-wrap: wrap; gap: 1.5rem; justify-content: center;'>\n<div style='flex: 1 1 200px; min-width: 180px;'> <img style='width: 100%; height: auto; border: 1px solid rgba(150&comma;150&comma;150&comma;0.3); border-radius: 8px;' src='https:\/\/ftp3.syscom.mx\/usuarios\/ftp\/single_page\/hilook\/interfaz.jpg' alt='Imagen 1'> <\/div>\n<div style='flex: 1 1 200px; min-width: 180px;'> <img style='width: 100%; height: auto; border: 1px solid rgba(150&comma;150&comma;150&comma;0.3); border-radius: 8px;' src='https:\/\/ftp3.syscom.mx\/usuarios\/ftp\/single_page\/hilook\/grabaciones.jpg' alt='Imagen 2'> <\/div>\n<div style='flex: 1 1 200px; min-width: 180px;'> <img style='width: 100%; height: auto; border: 1px solid rgba(150&comma;150&comma;150&comma;0.3); border-radius: 8px;' src='https:\/\/ftp3.syscom.mx\/usuarios\/ftp\/single_page\/hilook\/directo.jpg' alt='Imagen 3'> <\/div>\n<div style='flex: 1 1 200px; min-width: 180px;'> <img style='width: 100%; height: auto; border: 1px solid rgba(150&comma;150&comma;150&comma;0.3); border-radius: 8px;' src='https:\/\/ftp3.syscom.mx\/usuarios\/ftp\/single_page\/hilook\/notificaciones2.jpg' alt='Imagen 4'> <\/div>\n<\/p><\/div>\n<\/p><\/div>\n<p> <!-- Caracter\u00edsticas --> <\/p>\n<div style='display: flex; flex-wrap: wrap; gap: 30px; margin: 2rem 0;'>\n<div style='flex: 1 1 300px; min-width: 280px;'>\n<h3 style='font-size: 22px; border-bottom: 2px solid currentColor; padding-bottom: 5px; margin-top: 0; color: inherit; opacity: 0.8;'>Caracter\u00edsticas Principales<\/h3>\n<ul style='padding-left: 20px; font-size: 15px; color: inherit;'>\n<li style='margin-bottom: 5px;'>Soporte de tecnolog\u00edas: HD-TVI \/ HD-CVI \/ AHD \/ Anal\u00f3gico<\/li>\n<li style='margin-bottom: 5px;'>Compatible con Hik-Connect (P2P)<\/li>\n<li style='margin-bottom: 5px;'>Soporta servicio Hik-connect Domain \/ DynDNS \/ NO-IP<\/li>\n<li style='margin-bottom: 5px;'>Soporta 4 canales TURBOHD \/ anal\u00f3gicos + 2 canal IP = 6 canales en total<\/li>\n<li style='margin-bottom: 5px;'>H.265+ \/ H.265 \/ H.264<\/li>\n<li style='margin-bottom: 5px;'>HD-TVI: 3K Lite \/ 5 Megap\u00edxel Lite \/ 2 Megapixel<\/li>\n<li style='margin-bottom: 5px;'>HD-CVI: 3K Lite \/ 5 Megap\u00edxel Lite \/ 2 Megapixel<\/li>\n<li style='margin-bottom: 5px;'>AHD: 3K Lite \/ 5 Megap\u00edxel Lite \/ 2 Megapixel<\/li>\n<li style='margin-bottom: 5px;'>IP: 6 Megap\u00edxel \/ 5 Megapixel \/ 4 Megapixel \/ 2 Megapixel<\/li>\n<li style='margin-bottom: 5px;'>No soporta canal cero<\/li>\n<\/ul><\/div>\n<div style='flex: 1 1 300px; min-width: 280px;'>\n<h3 style='font-size: 22px; border-bottom: 2px solid currentColor; padding-bottom: 5px; margin-top: 0; color: inherit; opacity: 0.8;'>Caracter\u00edsticas F\u00edsicas<\/h3>\n<ul style='padding-left: 20px; font-size: 15px; color: inherit;'>\n<li style='margin-bottom: 5px;'>Alimentaci\u00f3n: 12 Vcc<\/li>\n<li style='margin-bottom: 5px;'>Consumo sin disco duro: 8 W<\/li>\n<li style='margin-bottom: 5px;'>Temperatura de operaci\u00f3n: -10 \u00baC hasta 55 \u00baC<\/li>\n<li style='margin-bottom: 5px;'>Dimensiones: 260 \u00d7 222 \u00d7 45 mm (W \u00d7 D \u00d7 H)<\/li>\n<li style='margin-bottom: 5px;'>Peso: 1 Kg sin disco duro<\/li>\n<\/ul>\n<h3 style='font-size: 22px; border-bottom: 2px solid currentColor; padding-bottom: 5px; margin-top: 20px; color: inherit; opacity: 0.8;'>Entradas y Salidas de Audio \/ Alarmas \/ Red \/ Almacenamiento<\/h3>\n<ul style='padding-left: 20px; font-size: 15px; color: inherit;'>\n<li style='margin-bottom: 5px;'>Entrada audio: 1 (RCA&comma; 2.0 Vp-p&comma; 1K\u03a9)<\/li>\n<li style='margin-bottom: 5px;'>4 Entradas de audio por coaxitron<\/li>\n<li style='margin-bottom: 5px;'>Salida audio: 1 (RCA&comma; 2.0 Vp-p&comma; 1K\u03a9)<\/li>\n<li style='margin-bottom: 5px;'>Entrada alarma: N\/A<\/li>\n<li style='margin-bottom: 5px;'>Salida alarma: N\/A<\/li>\n<li style='margin-bottom: 5px;'>Interfaz USB: 2 puerto (2.0) trasero<\/li>\n<li style='margin-bottom: 5px;'>Interfaz red: 1 puerto (RJ-45 10\/100 Mbps)<\/li>\n<li style='margin-bottom: 5px;'>Capacidad de almacenamiento (HDD): 1 hasta 10 TB<\/li>\n<\/ul><\/div>\n<\/p><\/div>\n<p> <!-- Caracter\u00edsticas Destacadas --> <\/p>\n<div style='margin: 2rem 0;'>\n<h3 style='font-size: 22px; border-bottom: 2px solid currentColor; padding-bottom: 5px; margin-top: 0; color: inherit; opacity: 0.8;'>Caracter\u00edsticas Destacadas<\/h3>\n<ul style='padding-left: 20px; font-size: 15px; color: inherit;'>\n<li style='margin-bottom: 5px;'>Permite apagar canales TURBOHD para poder agregar m\u00e1s canales IP (hasta 6 canales IP en total)<\/li>\n<li style='margin-bottom: 5px;'>Para conectar las c\u00e1maras IP requiere utilizar un switch PoE (no incluido)<\/li>\n<li style='margin-bottom: 5px;'>Soporta audio por coaxitron (c\u00e1maras que soporten microfono integrado)<\/li>\n<li style='margin-bottom: 5px;'>Soporta hasta 4 canales con la tecnolog\u00eda ACUSENSE Lite (humano y vehiculo pero con deteccion de movimiento&comma; no anal\u00edticos)<\/li>\n<\/ul><\/div>\n<p> <!-- Audio por coaxitron --> <\/p>\n<div style='margin: 2rem 0;'>\n<h3 style='font-size: 22px; border-bottom: 2px solid currentColor; padding-bottom: 5px; margin-top: 0; color: inherit; opacity: 0.8;'>Audio&comma; Video y Datos por el Mismo Cable<\/h3>\n<p> <img style='width: 100%; height: auto; border: 1px solid rgba(150&comma;150&comma;150&comma;0.3); border-radius: 8px;' src='https:\/\/ftp3.syscom.mx\/usuarios\/jsosa\/HIKVISION\/imagenes\/coaxitron\/coaxitron.jpg' alt='Audio&comma; Video y Datos por el Mismo Cable'> <\/div>\n<p> <!-- Videos --> <\/p>\n<div style='display: flex; flex-wrap: wrap; gap: 2rem; margin: 2rem 0;'>\n<div style='flex: 1 1 300px; min-width: 280px;'>\n<div style='position: relative; padding-bottom: 56.25%; height: 0; overflow: hidden; margin-bottom: 30px;'>   <\/div>\n<\/p><\/div>\n<div style='flex: 1 1 300px; min-width: 280px;'>\n<h3 style='font-size: 22px; border-bottom: 2px solid currentColor; padding-bottom: 5px; margin-top: 0; color: inherit; opacity: 0.8;'>Visualizaci\u00f3n F\u00e1cil&comma; R\u00e1pida y Segura desde Hik-Connect<\/h3>\n<p style='color: inherit;'>Hik-Connect es la aplicaci\u00f3n para dispositivos m\u00f3viles&comma; tabletas y smartphones en los cuales usted puede visualizar sus c\u00e1maras en vivo&comma; grabaciones&comma; grabar eventos de p\u00e1nico&comma; tomar fotograf\u00edas.<\/p>\n<p style='color: inherit;'>Adem\u00e1s&comma; si lo combina con las otras soluciones de Hikvision como lo son control de acceso&comma; videoporteros y alarmas&comma; podr\u00e1 tener el control en una misma aplicaci\u00f3n&comma; y lo mejor es que la aplicaci\u00f3n es y seguir\u00e1 siendo gratuita. Dada las actualizaciones constantes que realiza Hikvision&comma; la app la puede descargar dando clic <a style='color: #007bff; text-decoration: none;' href='https:\/\/appstore.hikvision.com\/' target='_blank' rel='noopener'>aqu\u00ed<\/a>.<\/p>\n<\/p><\/div>\n<\/p><\/div>\n<p> <!-- Comparativo 3K Lite vs 3K Est\u00e1ndar --> <\/p>\n<div style='margin: 2rem 0;'>\n<h3 style='font-size: 1.5rem; font-weight: bold; text-align: center; margin-bottom: 1.5rem; color: inherit;'>Comparativo 3K Lite vs 3K Est\u00e1ndar<\/h3>\n<div style='overflow-x: auto;'>\n<table style='width: 100%; border-collapse: collapse; border: 2px solid rgba(53&comma;152&comma;219&comma;0.6);'>\n<thead>\n<tr>\n<th style='width: 33%; text-align: center; border: 1px solid rgba(53&comma;152&comma;219&comma;0.6); padding: 8px; background-color: rgba(53&comma;152&comma;219&comma;0.2); color: inherit;'>Caracter\u00edstica<\/th>\n<th style='width: 33%; text-align: center; border: 1px solid rgba(53&comma;152&comma;219&comma;0.6); padding: 8px; background-color: rgba(53&comma;152&comma;219&comma;0.2); color: inherit;'>3K Lite (2.5MP)<\/th>\n<th style='width: 33%; text-align: center; border: 1px solid rgba(53&comma;152&comma;219&comma;0.6); padding: 8px; background-color: rgba(53&comma;152&comma;219&comma;0.2); color: inherit;'>3K Est\u00e1ndar (5MP)<\/th>\n<\/tr>\n<\/thead>\n<tbody>\n<tr>\n<th style='text-align: center; border: 1px solid rgba(53&comma;152&comma;219&comma;0.6); padding: 8px; background-color: rgba(150&comma;150&comma;150&comma;0.05); color: inherit;'>Resoluci\u00f3n<\/th>\n<td style='text-align: center; border: 1px solid rgba(53&comma;152&comma;219&comma;0.6); padding: 8px; color: inherit;'>2560\u00d71440<\/td>\n<td style='text-align: center; border: 1px solid rgba(53&comma;152&comma;219&comma;0.6); padding: 8px; color: inherit;'>2880\u00d71620<\/td>\n<\/tr>\n<tr>\n<th style='text-align: center; border: 1px solid rgba(53&comma;152&comma;219&comma;0.6); padding: 8px; background-color: rgba(150&comma;150&comma;150&comma;0.05); color: inherit;'>Almacenamiento<\/th>\n<td style='text-align: center; border: 1px solid rgba(53&comma;152&comma;219&comma;0.6); padding: 8px; color: inherit;'>Optimizado (+30% duraci\u00f3n)<\/td>\n<td style='text-align: center; border: 1px solid rgba(53&comma;152&comma;219&comma;0.6); padding: 8px; color: inherit;'>Mayor espacio requerido<\/td>\n<\/tr>\n<tr>\n<th style='text-align: center; border: 1px solid rgba(53&comma;152&comma;219&comma;0.6); padding: 8px; background-color: rgba(150&comma;150&comma;150&comma;0.05); color: inherit;'>Uso recomendado<\/th>\n<td style='text-align: center; border: 1px solid rgba(53&comma;152&comma;219&comma;0.6); padding: 8px; color: inherit;'>\u00c1reas medianas\/Interiores<\/td>\n<td style='text-align: center; border: 1px solid rgba(53&comma;152&comma;219&comma;0.6); padding: 8px; color: inherit;'>\u00c1reas extensas\/Exteriores<\/td>\n<\/tr>\n<\/tbody>\n<\/table><\/div>\n<\/p><\/div>\n<p> <!-- Video comparativo --> <\/p>\n<div style='display: flex; flex-wrap: wrap; gap: 2rem; margin: 2rem 0;'>\n<div style='flex: 1 1 300px; min-width: 280px;'>\n<div style='position: relative; padding-bottom: 56.25%; height: 0; overflow: hidden; margin-bottom: 30px;'>   <\/div>\n<\/p><\/div>\n<div style='flex: 1 1 300px; min-width: 280px;'>\n<h3 style='font-size: 22px; border-bottom: 2px solid currentColor; padding-bottom: 5px; margin-top: 0; color: inherit; opacity: 0.8;'>Audio por Coaxitron en Todos los Canales<\/h3>\n<p style='color: inherit;'>Una de las m\u00faltiples ventajas de los nuevos sistemas de videovigilancia es el audio por coaxitron. Al realizar la combinaci\u00f3n de una c\u00e1mara con micr\u00f3fono interconstruido y un videograbador con audio por coaxitron&comma; usted podr\u00e1 almacenar video y audio sin tener que a\u00f1adir componentes extras&comma; ya que la instalaci\u00f3n de una c\u00e1mara con micr\u00f3fono interconstruido es exactamente igual a una que no tenga micr\u00f3fono interconstruido y s\u00ed&#8230; as\u00ed es usted puede a\u00f1adir c\u00e1maras con micr\u00f3fono interconstruido en todos los canales TurboHD (la funci\u00f3n de audio por coaxitron \u00fanicamente funciona en TVI\/TurboHD).<\/p>\n<p style='color: inherit;'>Clic aqu\u00ed para <a style='color: #007bff; text-decoration: none;' href='https:\/\/www.syscom.mx\/principal\/promociones\/camaras_con_audio_por_coaxitron_2_mp-5477.html?ordenar=Relevancia&#038;pag=1' target='_blank' rel='noopener'>Ver modelos compatibles con Audio por Coaxitron en C\u00e1maras TurboHD<\/a><\/p>\n<\/p><\/div>\n<\/p><\/div>\n<p> <!-- Banner final --> <\/p>\n<div style='margin: 2rem 0;'> <img style='width: 100%; height: auto; border: 1px solid rgba(150&comma;150&comma;150&comma;0.3); border-radius: 8px;' src='https:\/\/ftp3.syscom.mx\/usuarios\/yvalenzuela\/Hilook\/hiklook.jpg' alt='Banner final'> <\/div>\n<\/p><\/div>\n","protected":false},"excerpt":{"rendered":"<p>DVR 4 Canales TurboHD + 2 Canales IP \/ 5 Megapixel Lite &#8211; 3K Lite \/ Audio por Coaxitron \/ ACUSENSE Lite \/ 1 Bah\u00eda de Disco Duro \/ H.265+ \/ Salida en Full HD<\/p>\n","protected":false},"featured_media":102361,"comment_status":"open","ping_status":"closed","template":"","meta":[],"product_brand":[],"product_cat":[2254],"product_tag":[2255,715,2256],"class_list":{"0":"post-102362","1":"product","2":"type-product","3":"status-publish","4":"has-post-thumbnail","6":"product_cat-videograbadoras-analogicas-turbohd-tvi-ahd-cvi","7":"product_tag-camaras-y-dvrs-hd-turbohd-ahd-hd-tvi","8":"product_tag-hilook-by-hikvision","9":"product_tag-videograbadoras-analogicas-turbohd-tvi-ahd-cvi","11":"first","12":"instock","13":"sale","14":"shipping-taxable","15":"purchasable","16":"product-type-simple"},"_links":{"self":[{"href":"https:\/\/soydeaqui.ddns.net\/pachuca\/index.php\/wp-json\/wp\/v2\/product\/102362","targetHints":{"allow":["GET"]}}],"collection":[{"href":"https:\/\/soydeaqui.ddns.net\/pachuca\/index.php\/wp-json\/wp\/v2\/product"}],"about":[{"href":"https:\/\/soydeaqui.ddns.net\/pachuca\/index.php\/wp-json\/wp\/v2\/types\/product"}],"replies":[{"embeddable":true,"href":"https:\/\/soydeaqui.ddns.net\/pachuca\/index.php\/wp-json\/wp\/v2\/comments?post=102362"}],"wp:featuredmedia":[{"embeddable":true,"href":"https:\/\/soydeaqui.ddns.net\/pachuca\/index.php\/wp-json\/wp\/v2\/media\/102361"}],"wp:attachment":[{"href":"https:\/\/soydeaqui.ddns.net\/pachuca\/index.php\/wp-json\/wp\/v2\/media?parent=102362"}],"wp:term":[{"taxonomy":"product_brand","embeddable":true,"href":"https:\/\/soydeaqui.ddns.net\/pachuca\/index.php\/wp-json\/wp\/v2\/product_brand?post=102362"},{"taxonomy":"product_cat","embeddable":true,"href":"https:\/\/soydeaqui.ddns.net\/pachuca\/index.php\/wp-json\/wp\/v2\/product_cat?post=102362"},{"taxonomy":"product_tag","embeddable":true,"href":"https:\/\/soydeaqui.ddns.net\/pachuca\/index.php\/wp-json\/wp\/v2\/product_tag?post=102362"}],"curies":[{"name":"wp","href":"https:\/\/api.w.org\/{rel}","templated":true}]}}