{"id":102309,"date":"2026-03-20T12:46:02","date_gmt":"2026-03-20T12:46:02","guid":{"rendered":"https:\/\/soydeaqui.ddns.net\/pachuca\/index.php\/producto\/amplificador-de-rf-ml-ampl-4ghz-sot-89\/"},"modified":"2026-03-20T12:46:03","modified_gmt":"2026-03-20T12:46:03","slug":"amplificador-de-rf-ml-ampl-4ghz-sot-89","status":"publish","type":"product","link":"https:\/\/soydeaqui.ddns.net\/pachuca\/index.php\/producto\/amplificador-de-rf-ml-ampl-4ghz-sot-89\/","title":{"rendered":"Amplificador de RF ML AMPL , 4GHZ, SOT-89"},"content":{"rendered":"<div style='width: 100%; max-width: 1200px; margin: 0 auto; font-family: sans-serif; line-height: 1.6; color: inherit; background-color: transparent;'> <!-- Imagen del producto --> <\/p>\n<div style='display: flex; justify-content: center; margin: 30px 0;'> <img style='width: 100%; max-width: 400px; height: auto; border: 1px solid rgba(150&comma;150&comma;150&comma;0.3); border-radius: 8px;' src='data:image\/png;base64&comma;iVBORw0KGgoAAAANSUhEUgAAAKYAAABZCAYAAAC0TF+7AAAAAXNSR0IArs4c6QAAAARnQU1BAACxjwv8YQUAAAAJcEhZcwAADsMAAA7DAcdvqGQAABGbSURBVHhe7Zx5dBRVvse\/t6rXdDqQpJNAwmLYEgzgRJSdgAqIENHhjAvzXMBBwPdEUZ8b78mb0RlZ3kPejHgOOPqQRJCZUAGEiHsyZJk2ZCgMBIYgQhISQjI977+6u1Kp1d3pQ0jC93yf85yT86m691dV3733u7\/7u7+7+quqGia5PQRubIzB4TD8j8L8AgfHJLg0OZqEC5OjSbgwOZqEC5OjSbgwOZqEC5OjSbgwOZqEC5OjSbgwOZqEC5OjSbgwOZqEC5OjSbgwOZqEC5OjSbgwOZqEC5OjSbgwOZqEC5OjSbgwOZqEC5OjSbgwOZqEC5OjSbgwOZqEC5OjSbgwOZqEC5OjSbgwOZqEC5OjSbgwOZqEC5OjSbgwOZqEC5OjSbgwOZqEC5OjSbgwOZqEC5OjSbgwOZqEC5OjSbgwOZqEC5OjSbgwOZqEC5OjSbgwOZqEC5OjSbgwOZqEC5OjSbgwOZqEC5OjSbgwOZqEC5OjSbgwOZqEC5OjSbgwOZqEC5OjSbgwOZqEC5OjSbgwOZqEC5OjSbgwOZqEC5OjSbgwOZqEC5OjSbgwOZqEC5OjSbgwOZqEC5OjSbgwOZqEC5OjSbgwOZqEC5OjSbgwOZqEC5OjSbgwOZqEC5OjSbgwOZqEC5OjSbgwOZqEC5OjSbgwOZqEC5OjSbgwOZqEC5OjSbgwOZqEC5OjSbgwOZqEC5OjSbgwOZqEC5OjSbgwOZqEC5OjSbgwOZqEC5OjSbgwOZqEC5OjSbgwOZqEC5OjSbgwOZqEC5OjSbgwOZqEC5OjSbgwOZqEC5OjSbgwOZqEC5OjSbgwOZqEC5OjSbgwOZqEC5OjSbgwOZqEC5OjSbgwOZqEC5OjSbgwOZqEC5OjSbgwOZqEC5OjSbgwOZqEC5OjSbgwOZqEC5OjSbgwOZqEC5OjSbgwOZqEC5OjSbgwOZqEC5OjSbgwOZqEC5OjSbgwOZqEC5OjSbgwOZqEC5OjSbgwOZqEC5OjSbgwOZqEC5OjSbgwOZqEC5OjSbgwOZqEC5OjSbgwOZqEC5OjSbgwOZqEC5OjSbgwOZqEC5OjSbgwOZqEC5OjSbgwOZqEC5OjSbgwOZqEC5OjSbgwOZqEC5OjSbgwOZqEC5OjSbgwOZqEC5OjSbgwOZqEC5OjSbgwOZqEC5OjSbgwOZqEC5OjSbgwOZqEC5OjSbgwOZqEC5OjSbgwOZqEC5OjSbgwOZqEC5OjSbgwOZqEC5OjSbgwOZqEC5OjSbgwOZqEC5OjSbgwOZqEC5OjSbgwOZqEC5OjSbgwOZqEC5OjSbgwOZqEC5OjSbgwOZqEC5OjSbgwOZqEC5OjSbgwOZqEC5OjSbgwOZqEC5OjSbgwOZqEC5OjSbgwOZqEC5OjSbgwOZqEC5OjSbgwOZqEC5OjSbgwOZqEC5OjSbgwOZqEC5OjSbgwOZqEC5OjSbgwOZqEC5OjSbgwOZqEC5OjSbgwOZqEC5OjSbgwOZqEC5OjSbgwOZqEC5OjSbgwOZqEC5OjSbgwOZqEC5OjSbgwOZqEC5OjSbgwOZqEC5OjSbgwOZqEC5OjSbgwOZqEC5OjSbgwOZqEC5OjSbgwOZqEC5OjSbgwOZqEC5OjSbgwOZqEC5OjSbgwOZqEC5OjSbgwOZqEC5OjSbgwOZqEC5OjSbgwOZqEC5OjSbgwOZqEC5OjSbgwOZqEC5OjSbgwOZqEC5OjSbgwOZqEC5OjSbgwOZqEC5OjSbgwOZqEC5OjSbgwOZqEC5OjSbgwOZqEC5OjSbgwOZqEC5OjSbgwOZqEC5OjSbgwOZqEC5OjSbgwOZqEC5OjSbgwOZqEC5OjSbgwOZqEC5OjSbgwOZqEC5OjSbgwOZqEC5OjSbgwOZqEC5OjSbgwOZqEC5OjSbgwOZqEC5OjSbgwOZqEC5OjSbgwOZqEC5OjSbgwOZqEC5OjSbgwOZqEC5OjSbgwOZqEC5OjSbgwOZqEC5OjSbgwOZqEC5OjSbgwOZqEC5OjSbgwOZqEC5OjZf4P7jB74jvF9ZoAAAAASUVORK5CYII=' alt=''> <\/div>\n<p> <!-- Descripci\u00f3n general --> <\/p>\n<div style='margin-bottom: 30px;'>\n<h3 style='font-size: 22px; border-bottom: 2px solid currentColor; padding-bottom: 5px; margin-top: 0; color: inherit; opacity: 0.8;'>Descripci\u00f3n<\/h3>\n<p style='font-size: 15px; color: inherit; margin-top: 15px;'> El <strong>PGA-103+<\/strong> es un amplificador avanzado de banda ancha fabricado con tecnolog\u00eda E-PHEMT que ofrece un rango din\u00e1mico extremadamente alto en una amplia gama de frecuencias y con un bajo nivel de ruido. Adem\u00e1s&comma; el PGA-103+ tiene una buena p\u00e9rdida de retorno de entrada y salida en un amplio rango de frecuencias sin necesidad de componentes de adaptaci\u00f3n externos y ha demostrado una excelente fiabilidad. <\/p>\n<\/p><\/div>\n<p> <!-- Especificaciones --> <\/p>\n<div style='display: flex; flex-wrap: wrap; gap: 20px; margin-bottom: 30px;'>\n<div style='flex: 1 1 250px; border: 1px solid rgba(150&comma; 150&comma; 150&comma; 0.4); border-radius: 8px; overflow: hidden; display: flex; flex-direction: column;'>\n<div style='padding: 15px; border-bottom: 1px solid rgba(150&comma; 150&comma; 150&comma; 0.2); font-weight: bold; font-size: 18px; color: inherit;'>Especificaciones<\/div>\n<div style='padding: 15px; color: inherit;'>\n<ul style='padding-left: 20px; margin: 0; font-size: 14px; list-style-type: disc;'>\n<li style='margin-bottom: 5px;'><strong>Frecuencia de trabajo:<\/strong> 50 MHz to 4 GHz<\/li>\n<li style='margin-bottom: 5px;'><strong>Voltaje de alimentaci\u00f3n operativo:<\/strong> 5 V<\/li>\n<li style='margin-bottom: 5px;'><strong>Corriente de suministro operativa:<\/strong> 97 mA<\/li>\n<li style='margin-bottom: 5px;'><strong>Ganancia:<\/strong> 6.2 dB<\/li>\n<li style='margin-bottom: 5px;'><strong>NF &#8211; Figura de ruido:<\/strong> 1.5 dB<\/li>\n<\/ul><\/div>\n<\/p><\/div>\n<div style='flex: 1 1 250px; border: 1px solid rgba(150&comma; 150&comma; 150&comma; 0.4); border-radius: 8px; overflow: hidden; display: flex; flex-direction: column;'>\n<div style='padding: 15px; border-bottom: 1px solid rgba(150&comma; 150&comma; 150&comma; 0.2); font-weight: bold; font-size: 18px; color: inherit;'>Caracter\u00edsticas<\/div>\n<div style='padding: 15px; color: inherit;'>\n<ul style='padding-left: 20px; margin: 0; font-size: 14px; list-style-type: disc;'>\n<li style='margin-bottom: 5px;'><strong>Tipo:<\/strong> Low Noise Amplifiers<\/li>\n<li style='margin-bottom: 5px;'><strong>Estilo de montaje:<\/strong> SMD\/SMT<\/li>\n<li style='margin-bottom: 5px;'><strong>Paquete \/ Cubierta:<\/strong> SOT-89-4<\/li>\n<\/ul><\/div>\n<\/p><\/div>\n<div style='flex: 1 1 250px; border: 1px solid rgba(150&comma; 150&comma; 150&comma; 0.4); border-radius: 8px; overflow: hidden; display: flex; flex-direction: column;'>\n<div style='padding: 15px; border-bottom: 1px solid rgba(150&comma; 150&comma; 150&comma; 0.2); font-weight: bold; font-size: 18px; color: inherit;'>Caracter\u00edsticas Adicionales<\/div>\n<div style='padding: 15px; color: inherit;'>\n<ul style='padding-left: 20px; margin: 0; font-size: 14px; list-style-type: disc;'>\n<li style='margin-bottom: 5px;'><strong>P1dB: punto de compresi\u00f3n:<\/strong> 23.2 dBm<\/li>\n<li style='margin-bottom: 5px;'><strong>OIP3: punto de intersecci\u00f3n de tercer orden:<\/strong> 45.4 dBm<\/li>\n<li style='margin-bottom: 5px;'><strong>Temperatura de trabajo m\u00ednima:<\/strong> -40 \u00b0C<\/li>\n<li style='margin-bottom: 5px;'><strong>Temperatura de trabajo m\u00e1xima:<\/strong> +85 \u00b0C<\/li>\n<li style='margin-bottom: 5px;'><strong>Marca:<\/strong> Mini-Circuits<\/li>\n<\/ul><\/div>\n<\/p><\/div>\n<div style='flex: 1 1 250px; border: 1px solid rgba(150&comma; 150&comma; 150&comma; 0.4); border-radius: 8px; overflow: hidden; display: flex; flex-direction: column;'>\n<div style='padding: 15px; border-bottom: 1px solid rgba(150&comma; 150&comma; 150&comma; 0.2); font-weight: bold; font-size: 18px; color: inherit;'>Rendimiento<\/div>\n<div style='padding: 15px; color: inherit;'>\n<ul style='padding-left: 20px; margin: 0; font-size: 14px; list-style-type: disc;'>\n<li style='margin-bottom: 5px;'><strong>P\u00e9rdida de retorno de entrada:<\/strong> 15 dB<\/li>\n<li style='margin-bottom: 5px;'><strong>Aislamiento:<\/strong> 21.2 dB<\/li>\n<li style='margin-bottom: 5px;'><strong>N\u00famero de canales:<\/strong> 1 Channel<\/li>\n<\/ul><\/div>\n<\/p><\/div>\n<\/p><\/div>\n<\/p><\/div>\n","protected":false},"excerpt":{"rendered":"<p>Amplificador de RF ML AMPL , 4GHZ, SOT-89<\/p>\n","protected":false},"featured_media":102308,"comment_status":"open","ping_status":"closed","template":"","meta":[],"product_brand":[],"product_cat":[2291],"product_tag":[417,2292,547],"class_list":{"0":"post-102309","1":"product","2":"type-product","3":"status-publish","4":"has-post-thumbnail","6":"product_cat-partes-o-refacciones","7":"product_tag-accesorios-generales","8":"product_tag-partes-o-refacciones","9":"product_tag-syscom-parts","11":"first","12":"instock","13":"sale","14":"shipping-taxable","15":"purchasable","16":"product-type-simple"},"_links":{"self":[{"href":"https:\/\/soydeaqui.ddns.net\/pachuca\/index.php\/wp-json\/wp\/v2\/product\/102309","targetHints":{"allow":["GET"]}}],"collection":[{"href":"https:\/\/soydeaqui.ddns.net\/pachuca\/index.php\/wp-json\/wp\/v2\/product"}],"about":[{"href":"https:\/\/soydeaqui.ddns.net\/pachuca\/index.php\/wp-json\/wp\/v2\/types\/product"}],"replies":[{"embeddable":true,"href":"https:\/\/soydeaqui.ddns.net\/pachuca\/index.php\/wp-json\/wp\/v2\/comments?post=102309"}],"wp:featuredmedia":[{"embeddable":true,"href":"https:\/\/soydeaqui.ddns.net\/pachuca\/index.php\/wp-json\/wp\/v2\/media\/102308"}],"wp:attachment":[{"href":"https:\/\/soydeaqui.ddns.net\/pachuca\/index.php\/wp-json\/wp\/v2\/media?parent=102309"}],"wp:term":[{"taxonomy":"product_brand","embeddable":true,"href":"https:\/\/soydeaqui.ddns.net\/pachuca\/index.php\/wp-json\/wp\/v2\/product_brand?post=102309"},{"taxonomy":"product_cat","embeddable":true,"href":"https:\/\/soydeaqui.ddns.net\/pachuca\/index.php\/wp-json\/wp\/v2\/product_cat?post=102309"},{"taxonomy":"product_tag","embeddable":true,"href":"https:\/\/soydeaqui.ddns.net\/pachuca\/index.php\/wp-json\/wp\/v2\/product_tag?post=102309"}],"curies":[{"name":"wp","href":"https:\/\/api.w.org\/{rel}","templated":true}]}}