{"id":101661,"date":"2026-03-20T12:12:12","date_gmt":"2026-03-20T12:12:12","guid":{"rendered":"https:\/\/soydeaqui.ddns.net\/pachuca\/index.php\/producto\/kit-de-descarga-simultanea-para-bodycam-estacion-de-descarga-xmra8r3-8-x-bodycam-xmrr3\/"},"modified":"2026-03-20T12:12:39","modified_gmt":"2026-03-20T12:12:39","slug":"kit-de-descarga-simultanea-para-bodycam-estacion-de-descarga-xmra8r3-8-x-bodycam-xmrr3","status":"publish","type":"product","link":"https:\/\/soydeaqui.ddns.net\/pachuca\/index.php\/producto\/kit-de-descarga-simultanea-para-bodycam-estacion-de-descarga-xmra8r3-8-x-bodycam-xmrr3\/","title":{"rendered":"Kit de descarga simultanea para Bodycam | Estaci\u00f3n de descarga XMRA8R3 | 8 X Bodycam  XMRR3"},"content":{"rendered":"<div style='width: 100%; max-width: 1200px; margin: 0 auto; font-family: sans-serif; line-height: 1.6; color: inherit; background-color: transparent;'> <!-- Imagen principal --> <\/p>\n<div style='margin: 30px 0;'> <img style='width: 100%; height: auto; border: 1px solid rgba(150&comma;150&comma;150&comma;0.3); border-radius: 8px;' src='https:\/\/ftp3.syscom.mx\/usuarios\/albamaria\/albamaria\/bodycams\/EPCOM-BODYCAMS.jpg' alt='Kit de descarga simultanea para Bodycam'> <\/div>\n<p> <!-- Secci\u00f3n de descripci\u00f3n --> <\/p>\n<div style='display: flex; flex-wrap: wrap; gap: 30px; margin-bottom: 30px;'> <!-- Tarjeta XMRA8R3 --> <\/p>\n<div style='flex: 1 1 300px; min-width: 280px;'>\n<div style='border: 1px solid rgba(150&comma;150&comma;150&comma;0.3); border-radius: 8px; overflow: hidden;'>\n<div style='background: #254EA4; color: #ffffff; padding: 15px; font-weight: bold;'>XMRA8R3<\/div>\n<div style='padding: 15px; text-align: justify;'> <strong>Estaci\u00f3n para BodyCam&comma; realiza la descarga de informaci\u00f3n y carga de bater\u00eda simult\u00e1neamente&comma; la estaci\u00f3n se conecta por Ethernet para la descarga de informaci\u00f3n al servidor central dedicado (FTP).<\/strong> <\/div>\n<\/p><\/div>\n<\/p><\/div>\n<p> <!-- Tarjeta XMRR3 --> <\/p>\n<div style='flex: 1 1 300px; min-width: 280px;'>\n<div style='border: 1px solid rgba(150&comma;150&comma;150&comma;0.3); border-radius: 8px; overflow: hidden;'>\n<div style='background: #254EA4; color: #ffffff; padding: 15px; font-weight: bold;'>XMRR3<\/div>\n<div style='padding: 15px; text-align: justify;'> <strong>La bodycam <span style='color: #c0392b;'>XMRR3<\/span> se considera un grabador port\u00e1til robusto&comma; dise\u00f1ado para seguridad privada y p\u00fablica&comma; conexi\u00f3n a 4G para vigilancia en tiempo real&comma; formato de compresi\u00f3n H265 para env\u00edo de streaming ligero&comma; listo para baja iluminaci\u00f3n y c\u00e1mara para captura de im\u00e1genes hasta 42 megapixels.<\/strong> <\/div>\n<\/p><\/div>\n<\/p><\/div>\n<\/p><\/div>\n<p> <!-- Informaci\u00f3n del KIT --> <\/p>\n<div style='margin: 30px 0; text-align: center;'>\n<h1 style='font-size: 28px; color: inherit; margin: 0 0 10px 0;'>XMRA8R3KIT<\/h1>\n<h3 style='font-size: 22px; color: inherit; margin: 0 0 20px 0;'>El KIT incluye:<\/h3>\n<p style='margin: 5px 0;'><span style='font-family: verdana&comma; geneva&comma; sans-serif;'>1 X <a href='https:\/\/www.syscom.mx\/producto\/XMRA8-R3-EPCOM-192154.html' style='color: inherit; text-decoration: underline;'>XMRA8R3<\/a><\/span><\/p>\n<p style='margin: 5px 0;'><span style='font-family: verdana&comma; geneva&comma; sans-serif;'>8 X <a href='https:\/\/www.syscom.mx\/producto\/XMR-R3-EPCOM-191531.html' style='color: inherit; text-decoration: underline;'>XMRR3<\/a><\/span><\/p>\n<\/p><\/div>\n<p> <!-- Secci\u00f3n de especificaciones --> <\/p>\n<div style='display: flex; flex-wrap: wrap; gap: 20px; margin-bottom: 30px;'> <!-- XMRR3 --> <\/p>\n<div style='flex: 1 1 300px; min-width: 280px;'>\n<div style='border: 1px solid rgba(150&comma;150&comma;150&comma;0.4); border-radius: 8px; overflow: hidden; display: flex; flex-direction: column;'>\n<div style='padding: 15px; border-bottom: 1px solid rgba(150&comma;150&comma;150&comma;0.2); font-weight: bold; font-size: 18px; color: inherit;'>XMRR3<\/div>\n<div style='padding: 15px; color: inherit;'> <img style='width: 100%; height: auto; border: 1px solid rgba(150&comma;150&comma;150&comma;0.3); border-radius: 8px; margin-bottom: 15px;' src='https:\/\/ftp3.syscom.mx\/usuarios\/fotos\/BancoFotografiasSyscom\/EPCOM\/XMRR3\/XMRR3-AD-1-p.PNG' alt='XMRR3'> <\/p>\n<ul style='padding-left: 20px; margin: 0; font-size: 14px; list-style-type: disc;'>\n<li style='margin-bottom: 5px;'><span style='color: #2880b9;'><strong>Grabaci\u00f3n en un toque &#8211; Acci\u00f3n R\u00e1pida para Captura de Eventos<\/strong><\/span><\/li>\n<li style='margin-bottom: 5px;'>Compresi\u00f3n de video H264\/H265<\/li>\n<li style='margin-bottom: 5px;'>Pantalla tactil de 2.4 pulgadas para realizar configuracion<\/li>\n<li style='margin-bottom: 5px;'><span style='color: #2880b9;'><strong>Boton de panico para envio de alertas al servidor.<\/strong><\/span><\/li>\n<li style='margin-bottom: 5px;'>Resoluci\u00f3n de grabaci\u00f3n m\u00e1xima 4K.<\/li>\n<li style='margin-bottom: 5px;'>Gran angular de 110\u00b0<\/li>\n<li style='margin-bottom: 5px;'>Conexi\u00f3n directa USB3.0 Tipo C;<\/li>\n<li style='margin-bottom: 5px;'>C\u00e1mara doble trasera y frontal<\/li>\n<li style='margin-bottom: 5px;'>Funci\u00f3n de PTT a trav\u00e9s de la red<\/li>\n<li style='margin-bottom: 5px;'>Conexi\u00f3n para transmisi\u00f3n en tiempo real de 4G<\/li>\n<li style='margin-bottom: 5px;'><span style='color: #2880b9;'><strong>Software de gesti\u00f3n de descarga con protecci\u00f3n de contrase\u00f1a<\/strong><\/span><\/li>\n<li style='margin-bottom: 5px;'>Resistencia a ca\u00eddas de 2 metros m\u00e1ximo<\/li>\n<\/ul><\/div>\n<\/p><\/div>\n<\/p><\/div>\n<p> <!-- XMR8AR3 --> <\/p>\n<div style='flex: 1 1 300px; min-width: 280px;'>\n<div style='border: 1px solid rgba(150&comma;150&comma;150&comma;0.4); border-radius: 8px; overflow: hidden; display: flex; flex-direction: column;'>\n<div style='padding: 15px; border-bottom: 1px solid rgba(150&comma;150&comma;150&comma;0.2); font-weight: bold; font-size: 18px; color: inherit;'>XMR8AR3<\/div>\n<div style='padding: 15px; color: inherit;'> <img style='width: 100%; height: auto; border: 1px solid rgba(150&comma;150&comma;150&comma;0.3); border-radius: 8px; margin-bottom: 15px;' src='https:\/\/ftp3.syscom.mx\/usuarios\/fotos\/BancoFotografiasSyscom\/EPCOM\/XMRA8R3\/XMRA8R3-l.PNG' alt='Estaci\u00f3n'> <\/p>\n<ul style='padding-left: 20px; margin: 0; font-size: 14px; list-style-type: disc;'>\n<li style='margin-bottom: 5px;'><strong>Pantalla:<\/strong> T\u00e1ctil de 12 pulgadas&comma; resoluci\u00f3n 1920\u00d71080<\/li>\n<li style='margin-bottom: 5px;'><strong>Memoria:<\/strong> RAM+ROM&comma; 8GB+128GB<\/li>\n<li style='margin-bottom: 5px;'><strong>Almacenamiento:<\/strong> Compatible con 3 discos (2TB~12TB)<\/li>\n<li style='margin-bottom: 5px;'><strong>Interfaz de datos:<\/strong> Ranura de acoplamiento de 8 canales<\/li>\n<li style='margin-bottom: 5px;'><strong>Sistema Operativo:<\/strong> Android 12.0<\/li>\n<li style='margin-bottom: 5px;'><strong>Software:<\/strong> <span style='color: #2880b9;'>PMedia software<\/span><\/li>\n<li style='margin-bottom: 5px;'><strong>Pantalla de estado:<\/strong> Muestra informaci\u00f3n del dispositivo<\/li>\n<li style='margin-bottom: 5px;'><strong>Carga de archivos:<\/strong> Env\u00edo autom\u00e1tico al servidor<\/li>\n<li style='margin-bottom: 5px;'><strong>Tiempo de respaldo:<\/strong> 16GB en 60 minutos<\/li>\n<li style='margin-bottom: 5px;'><strong>Recarga:<\/strong> 8 c\u00e1maras en 4h45m (apagado)<\/li>\n<li style='margin-bottom: 5px;'><strong>Registro del sistema:<\/strong> Eventos de operaci\u00f3n<\/li>\n<li style='margin-bottom: 5px;'>Certificaciones <span style='color: #e74c3c;'><strong>CE&comma; FCC&comma; RoHs<\/strong><\/span><\/li>\n<\/ul><\/div>\n<\/p><\/div>\n<\/p><\/div>\n<\/p><\/div>\n<p> <!-- Separador final --> <\/p>\n<hr style='border: 0; border-top: 1px solid rgba(150&comma;150&comma;150&comma;0.3); margin: 30px 0;'> <\/div>\n","protected":false},"excerpt":{"rendered":"<p>Kit de descarga simultanea para Bodycam | Estaci\u00f3n de descarga XMRA8R3 | 8 X Bodycam  XMRR3<\/p>\n","protected":false},"featured_media":101660,"comment_status":"open","ping_status":"closed","template":"","meta":[],"product_brand":[],"product_cat":[1408,1406],"product_tag":[93,1409,935,1345],"class_list":{"0":"post-101661","1":"product","2":"type-product","3":"status-publish","4":"has-post-thumbnail","6":"product_cat-accesorios-dash-cams-y-body-cams","7":"product_cat-videograbadoras-moviles-videovigilancia","8":"product_tag-accesorios","9":"product_tag-dash-cams-y-body-cams","10":"product_tag-epcom","11":"product_tag-videograbadoras-moviles","13":"first","14":"instock","15":"sale","16":"shipping-taxable","17":"purchasable","18":"product-type-simple"},"_links":{"self":[{"href":"https:\/\/soydeaqui.ddns.net\/pachuca\/index.php\/wp-json\/wp\/v2\/product\/101661","targetHints":{"allow":["GET"]}}],"collection":[{"href":"https:\/\/soydeaqui.ddns.net\/pachuca\/index.php\/wp-json\/wp\/v2\/product"}],"about":[{"href":"https:\/\/soydeaqui.ddns.net\/pachuca\/index.php\/wp-json\/wp\/v2\/types\/product"}],"replies":[{"embeddable":true,"href":"https:\/\/soydeaqui.ddns.net\/pachuca\/index.php\/wp-json\/wp\/v2\/comments?post=101661"}],"wp:featuredmedia":[{"embeddable":true,"href":"https:\/\/soydeaqui.ddns.net\/pachuca\/index.php\/wp-json\/wp\/v2\/media\/101660"}],"wp:attachment":[{"href":"https:\/\/soydeaqui.ddns.net\/pachuca\/index.php\/wp-json\/wp\/v2\/media?parent=101661"}],"wp:term":[{"taxonomy":"product_brand","embeddable":true,"href":"https:\/\/soydeaqui.ddns.net\/pachuca\/index.php\/wp-json\/wp\/v2\/product_brand?post=101661"},{"taxonomy":"product_cat","embeddable":true,"href":"https:\/\/soydeaqui.ddns.net\/pachuca\/index.php\/wp-json\/wp\/v2\/product_cat?post=101661"},{"taxonomy":"product_tag","embeddable":true,"href":"https:\/\/soydeaqui.ddns.net\/pachuca\/index.php\/wp-json\/wp\/v2\/product_tag?post=101661"}],"curies":[{"name":"wp","href":"https:\/\/api.w.org\/{rel}","templated":true}]}}