{"id":101425,"date":"2026-03-20T12:00:33","date_gmt":"2026-03-20T12:00:33","guid":{"rendered":"https:\/\/soydeaqui.ddns.net\/pachuca\/index.php\/producto\/kit-turbohd-1080p-dvr-4-canales-4-camaras-bala-colorvu-con-microfono-integrado-fuente-de-poder-accesorios-de-instalacion\/"},"modified":"2026-03-20T12:00:35","modified_gmt":"2026-03-20T12:00:35","slug":"kit-turbohd-1080p-dvr-4-canales-4-camaras-bala-colorvu-con-microfono-integrado-fuente-de-poder-accesorios-de-instalacion","status":"publish","type":"product","link":"https:\/\/soydeaqui.ddns.net\/pachuca\/index.php\/producto\/kit-turbohd-1080p-dvr-4-canales-4-camaras-bala-colorvu-con-microfono-integrado-fuente-de-poder-accesorios-de-instalacion\/","title":{"rendered":"Kit TurboHD 1080p \/ DVR 4 Canales \/ 4 C\u00e1maras Bala ColorVu con Microfono Integrado \/ Fuente de Poder \/ Accesorios de Instalaci\u00f3n"},"content":{"rendered":"<div class='text-center'> <\/div>\n<div class='text-center'><img class='mb-4 img-fluid fr-fic fr-dii' style='max-height: 6rem;' src='https:\/\/ftp3.syscom.mx\/cdn-cgi\/image\/format=avif&comma;width=800&comma;quality=80\/usuarios\/jsosa\/banners\/epcom-Video-Surveillance-Solutions.png' alt='Logo' width='425' height='140' \/> <\/p>\n<h1 class='display-4 fw-bold'>Controla y monitorea tus dispositivos de seguridad<\/h1>\n<p class='lead mb-4'>Descarga la app oficial Hik-Connect y aprovecha al m\u00e1ximo tu producto inteligente<\/p>\n<div class='text-center'><img class='img-fluid' style='height: 60px;' src='https:\/\/ftp3.syscom.mx\/usuarios\/ftp\/single_page\/hikvision\/hikconnectlogo.png' alt='Logo 1' \/> <img class='img-fluid' style='height: 60px;' src='https:\/\/ftp3.syscom.mx\/usuarios\/ftp\/single_page\/hikvision\/appstoreygoogleplay.png' alt='Logo 2' \/><\/div>\n<\/p><\/div>\n<p> <!-- Features --> <\/p>\n<section class='py-5 bg-custom-light'>\n<div class='container'>\n<h2 class='text-center mb-5'>Beneficios principales<\/h2>\n<div class='row g-4'>\n<div class='col-md-3'>\n<div class='text-center'>\n<div class='feature-icon bg-danger mx-auto mb-3'> <\/div>\n<h5>Control remoto<\/h5>\n<p class='text-muted'>Controla tus dispositivos desde cualquier lugar<\/p>\n<\/p><\/div>\n<\/p><\/div>\n<div class='col-md-3'>\n<div class='text-center'>\n<div class='feature-icon mx-auto mb-3' style='background-color: #dc4697;'> <\/div>\n<h5>Monitoreo en tiempo real<\/h5>\n<p class='text-muted'>Visualiza tus dispositivos al instante<\/p>\n<\/p><\/div>\n<\/p><\/div>\n<div class='col-md-3'>\n<div class='text-center'>\n<div class='feature-icon mx-auto mb-3' style='background-color: #a153cd;'> <\/div>\n<h5>Notificaciones<\/h5>\n<p class='text-muted'>Recibe notificaciones y alertas de los eventos que registra tu dispositivo.<\/p>\n<\/p><\/div>\n<\/p><\/div>\n<div class='col-md-3'>\n<div class='text-center'>\n<div class='feature-icon mx-auto mb-3' style='background-color: #6468f2;'> <\/div>\n<h5>Interfaz de usuario sencilla<\/h5>\n<p class='text-muted'>Amigable para usuarios finales<\/p>\n<\/p><\/div>\n<\/p><\/div>\n<\/p><\/div>\n<\/p><\/div>\n<\/section>\n<p> <!-- Galer\u00eda de im\u00e1genes --> <\/p>\n<section class='py-5'>\n<div class='container'>\n<div class='row g-4'>\n<div class='col-md-3 col-xs-12'><img class='img-fluid rounded shadow fr-fic fr-dii' src='https:\/\/ftp3.syscom.mx\/usuarios\/ftp\/single_page\/hikvision\/interfazHC.jpg' alt='Imagen 1' width='800' height='1422' \/><\/div>\n<div class='col-md-3 col-xs-12'><img class='img-fluid rounded shadow fr-fic fr-dii' src='https:\/\/ftp3.syscom.mx\/usuarios\/ftp\/single_page\/hikvision\/grabacionesHC.jpg' alt='Imagen 2' width='800' height='1422' \/><\/div>\n<div class='col-md-3 col-xs-12'><img class='img-fluid rounded shadow fr-fic fr-dii' src='https:\/\/ftp3.syscom.mx\/usuarios\/ftp\/single_page\/hikvision\/directoHC.jpg' alt='Imagen 3' width='800' height='1422' \/><\/div>\n<div class='col-md-3 col-xs-12'><img class='img-fluid rounded shadow fr-fic fr-dii' src='https:\/\/ftp3.syscom.mx\/usuarios\/ftp\/single_page\/hikvision\/notificaciones2HC.jpg' alt='Imagen 4' width='800' height='1422' \/><\/div>\n<div class='container'><!-- ===================== IM\u00c1GENES ===================== --> <\/p>\n<div class='row mb-3 g-2'>\n<div class='col-6 col-md-6'> <\/div>\n<\/p><\/div>\n<p> <\/p>\n<div style='display: grid; grid-template-columns: repeat(3&comma;1fr); gap: 24px; max-width: 1200px; margin: 0 auto;'><!-- Card --> <\/p>\n<div style='background: #ffffff; border: 1px solid #e6e6e6; border-radius: 10px; padding: 24px 20px; text-align: center;'>\n<div style='width: 56px; height: 56px; margin: 0 auto 16px; background: #f2f6ff; border-radius: 50%; display: flex; align-items: center; justify-content: center;'><img style='width: 60px; height: 60px;' src='https:\/\/cdn-icons-gif.flaticon.com\/8722\/8722626.gif' \/><\/div>\n<div style='font-size: 16px; font-weight: 600; color: #1f2937; margin-bottom: 8px;'>Resoluci\u00f3n 1080p lite<\/div>\n<div style='font-size: 14px; line-height: 1.6; color: #6b7280;'>Calidad de video Full HD optimizada con menor consumo de ancho de banda y almacenamiento.<\/div>\n<\/p><\/div>\n<p> <!-- Card --> <\/p>\n<div style='background: #ffffff; border: 1px solid #e6e6e6; border-radius: 10px; padding: 24px 20px; text-align: center;'>\n<div style='width: 56px; height: 56px; margin: 0 auto 16px; background: #f2f6ff; border-radius: 50%; display: flex; align-items: center; justify-content: center;'><img style='width: 60px; height: 60px;' src='https:\/\/cdn-icons-gif.flaticon.com\/10971\/10971749.gif' \/><\/div>\n<div style='font-size: 16px; font-weight: 600; color: #1f2937; margin-bottom: 8px;'>Inteligencia Artificial<\/div>\n<div style='font-size: 14px; line-height: 1.6; color: #6b7280;'>Distingue personas y veh\u00edculos&comma; reduciendo falsas alarmas y mejorando la eficiencia en detecci\u00f3n de movimiento<\/div>\n<\/p><\/div>\n<p> <!-- Card --> <\/p>\n<div style='background: #ffffff; border: 1px solid #e6e6e6; border-radius: 10px; padding: 24px 20px; text-align: center;'>\n<div style='width: 56px; height: 56px; margin: 0 auto 16px; background: #f2f6ff; border-radius: 50%; display: flex; align-items: center; justify-content: center;'><img style='width: 60px; height: 60px;' src='https:\/\/cdn-icons-gif.flaticon.com\/13896\/13896687.gif' \/><\/div>\n<div style='font-size: 16px; font-weight: 600; color: #1f2937; margin-bottom: 8px;'>Visualizaci\u00f3n Remota<\/div>\n<div style='font-size: 14px; line-height: 1.6; color: #6b7280;'>Accede a tus c\u00e1maras en tiempo real desde cualquier lugar.<\/div>\n<\/p><\/div>\n<p> <!-- Card --> <\/p>\n<div style='background: #ffffff; border: 1px solid #e6e6e6; border-radius: 10px; padding: 24px 20px; text-align: center;'>\n<div style='width: 56px; height: 56px; margin: 0 auto 16px; background: #f2f6ff; border-radius: 50%; display: flex; align-items: center; justify-content: center;'><img style='width: 60px; height: 60px;' src='https:\/\/cdn-icons-gif.flaticon.com\/8121\/8121297.gif' \/><\/div>\n<div style='font-size: 16px; font-weight: 600; color: #1f2937; margin-bottom: 8px;'>Grabaci\u00f3n Audio<\/div>\n<div style='font-size: 14px; line-height: 1.6; color: #6b7280;'>Las c\u00e1maras cuentan con microfono de alta fidelidad para grabar el audio en un area de 5 a 8m2.<\/div>\n<\/p><\/div>\n<p> <!-- Card --> <\/p>\n<div style='background: #ffffff; border: 1px solid #e6e6e6; border-radius: 10px; padding: 24px 20px; text-align: center;'>\n<div style='width: 56px; height: 56px; margin: 0 auto 16px; background: #f2f6ff; border-radius: 50%; display: flex; align-items: center; justify-content: center;'><img style='width: 60px; height: 60px;' src='https:\/\/cdn-icons-gif.flaticon.com\/17098\/17098137.gif' \/><\/div>\n<div style='font-size: 16px; font-weight: 600; color: #1f2937; margin-bottom: 8px;'>ColorVu<\/div>\n<div style='font-size: 14px; line-height: 1.6; color: #6b7280;'>C\u00e1maras con luz blanca para grabar a color inclusive durante la noche<\/div>\n<\/p><\/div>\n<p> <!-- Card --> <\/p>\n<div style='background: #ffffff; border: 1px solid #e6e6e6; border-radius: 10px; padding: 24px 20px; text-align: center;'>\n<div style='width: 56px; height: 56px; margin: 0 auto 16px; background: #f2f6ff; border-radius: 50%; display: flex; align-items: center; justify-content: center;'><img style='width: 60px; height: 60px;' src='https:\/\/cdn-icons-gif.flaticon.com\/6455\/6455054.gif' \/><\/div>\n<div style='font-size: 16px; font-weight: 600; color: #1f2937; margin-bottom: 8px;'>Protecci\u00f3n IP66<\/div>\n<div style='font-size: 14px; line-height: 1.6; color: #6b7280;'>\n<div style='font-size: 14px; line-height: 1.6; color: #6b7280;'>Protecci\u00f3n total contra polvo y chorros de agua&comma; ideal para uso en exteriores.<\/div>\n<\/p><\/div>\n<\/p><\/div>\n<\/p><\/div>\n<div class='row'>\n<h1 style='color: black; text-align: center;'><span style='font-family: verdana&comma; geneva&comma; sans-serif;'>B8-KIT-CV\/AT<\/span><\/h1>\n<h3 style='color: black; text-align: center;'><span style='font-family: verdana&comma; geneva&comma; sans-serif;'>El kit incluye:<\/span><\/h3>\n<p class='col-xs-12' style='text-align: center;'><span style='font-family: verdana&comma; geneva&comma; sans-serif;'>1 x S04-TURBO-M\/T<\/span><\/p>\n<p class='col-xs-12' style='text-align: center;'><span style='font-family: verdana&comma; geneva&comma; sans-serif;'>4 x B8-TURBO-PC\/A<\/span><\/p>\n<p class='col-xs-12' style='text-align: center;'><span style='font-family: verdana&comma; geneva&comma; sans-serif;'>1 x Fuentes de poder de 4ch para el grabador y las c\u00e1maras<\/span><\/p>\n<p class='col-xs-12' style='text-align: center;'><span style='font-family: verdana&comma; geneva&comma; sans-serif;'>4 x Cables siames para v\u00eddeo y alimentaci\u00f3n (18 metros de longitud)<\/span><\/p>\n<\/p><\/div>\n<div class='row'>\n<div class='col-sm-6' style='margin-top: 30px;'>\n<div class='panel_segmento' style='padding: 0px;'>\n<div style='background-color: #eee;'><img class='img-responsive ' style='display: block; margin-left: auto; margin-right: auto;' src='https:\/\/ftp3.syscom.mx\/usuarios\/nicolas.jimenez\/S04TURBOG3HM\/S04TURBOG3HM.png' alt='...' width='400' height='400' \/><\/div>\n<div style='border-top: 5px solid #0091ff; padding: 0px 15px;'>\n<h2><span style='font-family: verdana&comma; geneva&comma; sans-serif;'>1 x S04-TURBO-M\/T<\/span><\/h2>\n<div class='card-header bg-primary' style='background: #1e3adf!important; border-bottom: #a80000;'><strong><span style='font-family: verdana&comma; geneva&comma; sans-serif; color: #ffffff;'>Caracter\u00edsticas Principales:<\/span><\/strong><\/div>\n<div class='card-body' style='color: #000000; font-weight: 400;'>\n<ul>\n<li><span style='font-family: verdana&comma; geneva&comma; sans-serif;'>Cantidad de canales: <span style='color: #7e8c8d;'>4 Canales TurboHD + 1 Canal IP<\/span><\/span><\/li>\n<li><span style='font-family: verdana&comma; geneva&comma; sans-serif;'>Resoluci\u00f3n m\u00e1xima soportada en TurboHD: <span style='color: #7e8c8d;'>1080p Lite <\/span><\/span><\/li>\n<li><span style='font-family: verdana&comma; geneva&comma; sans-serif;'>Compresi\u00f3n de video: <span style='color: #7e8c8d;'>H.265+ \/ H.265 \/ H.264<\/span><\/span><\/li>\n<li><span style='font-family: verdana&comma; geneva&comma; sans-serif;'>Capacidad de almacenamiento:<span style='color: #7e8c8d;'> 1 HDD de hasta 4 TB (no incluido)<\/span><\/span><\/li>\n<li><span style='font-family: verdana&comma; geneva&comma; sans-serif;'>Entradas y salidas de video: <span style='color: #7e8c8d;'>Simultaneas HDMI\/VGA 1920 X 1080\/60Hz<\/span><\/span><\/li>\n<li><span style='font-family: verdana&comma; geneva&comma; sans-serif;'>Acceso remoto P2P: <span style='color: #7e8c8d;'>HikConnect \/ HikConnect Teams.<\/span><\/span><\/li>\n<li><span style='font-family: verdana&comma; geneva&comma; sans-serif;'>Entradas y salidas de audio y de alarmas:<br \/><\/span>\n<ul>\n<li><span style='font-family: verdana&comma; geneva&comma; sans-serif;'>Alarmas: <span style='color: #7e8c8d;'>No soportado<\/span><\/span><\/li>\n<li><span style='font-family: verdana&comma; geneva&comma; sans-serif;'>Audio: <span style='color: #7e8c8d;'>Audio por Coaxitron \/ 1 Canal fisico<\/span> <\/span><\/li>\n<\/ul>\n<\/li>\n<li><span style='font-family: verdana&comma; geneva&comma; sans-serif;'>Inteligencia Artificial AcuSense Lite: <span style='color: #7e8c8d;'>Detecci\u00f3n de movimiento con filtro de humanos y vehiculos.<\/span><\/span><\/li>\n<li><span style='font-family: verdana&comma; geneva&comma; sans-serif;'><span style='color: #7e8c8d;'><span style='color: #000000;'>Nota Importante<\/span>: Este grabador soporta audio bidireccional. Las c\u00e1maras incluidas en el kit no incorporan esta funci\u00f3n&comma; pero es posible integrar c\u00e1maras TurboHD con audio bidireccional que se adquieren de manera independiente.<\/span><\/span><\/li>\n<\/ul><\/div>\n<\/p><\/div>\n<\/p><\/div>\n<\/p><\/div>\n<div class='col-sm-6' style='margin-top: 30px;'>\n<div class='panel_segmento' style='padding: 0px;'>\n<div style='background-color: #eee;'><img class='img-responsive ' style='display: block; margin-left: auto; margin-right: auto;' src='https:\/\/ftp3.syscom.mx\/usuarios\/fotos\/BancoFotografiasSyscom\/EPCOM\/B8TURBOC_A\/B8TURBOC_A-p.PNG' alt='...' width='400' height='400' \/><\/div>\n<div style='border-top: 5px solid #0091ff; padding: 0px 15px;'>\n<h2><span style='font-family: verdana&comma; geneva&comma; sans-serif;'>4 x B8-TURBO-PC\/A<\/span><\/h2>\n<div class='card-header bg-primary' style='background: #1e3adf!important; border-bottom: #a80000;'><strong><span style='font-family: verdana&comma; geneva&comma; sans-serif; color: #ffffff;'>Caracter\u00edsticas Principales:<\/span><\/strong><\/div>\n<div class='card-body' style='color: #000000; font-weight: 400;'>\n<ul>\n<li><span style='font-family: verdana&comma; geneva&comma; sans-serif;'>Resoluci\u00f3n : <span style='color: #7e8c8d;'>1920 x 1080p (2MP) TurboHD<\/span><\/span><\/li>\n<li><span style='font-family: verdana&comma; geneva&comma; sans-serif;'>Lente: <\/span><span style='color: #7e8c8d; font-family: verdana&comma; geneva&comma; sans-serif;'>Fijo 2.8mm \/ Angulo de visi\u00f3n:105\u00b0<\/span><\/li>\n<li><span style='font-family: verdana&comma; geneva&comma; sans-serif;'>Iluminaci\u00f3n: <\/span><span style='color: #7e8c8d; font-family: verdana&comma; geneva&comma; sans-serif;'>20 metros luz blanca<\/span><\/li>\n<li><span style='font-family: verdana&comma; geneva&comma; sans-serif;'>Protecci\u00f3n: <span style='color: #7e8c8d;'>Exterior IP66<\/span><\/span><\/li>\n<li><span style='font-family: verdana&comma; geneva&comma; sans-serif;'>Material de fabricaci\u00f3n: <span style='color: #7e8c8d;'>Policarbonato.<\/span><\/span><\/li>\n<li><span style='font-family: verdana&comma; geneva&comma; sans-serif;'>Microfono Interconstruido: <span style='color: #7e8c8d;'>Si&comma; cuenta con microfono interconstruido capturar audio de 5-8 metros cuadrados<\/span><\/span><\/li>\n<li><span style='font-family: verdana&comma; geneva&comma; sans-serif;'>Tecnolog\u00edas Soportadas: <\/span>\n<ul>\n<li><span style='font-family: verdana&comma; geneva&comma; sans-serif;'><span style='color: #7e8c8d;'>TurboHD \/ TVI<\/span><\/span><\/li>\n<li><span style='font-family: verdana&comma; geneva&comma; sans-serif;'><span style='color: #7e8c8d;'>AHD<\/span><\/span><\/li>\n<li><span style='font-family: verdana&comma; geneva&comma; sans-serif;'><span style='color: #7e8c8d;'>CVI<\/span><\/span><\/li>\n<li><span style='font-family: verdana&comma; geneva&comma; sans-serif;'><span style='color: #7e8c8d;'>CVBS<\/span><\/span><\/li>\n<\/ul>\n<\/li>\n<\/ul>\n<\/p><\/div>\n<\/p><\/div>\n<\/p><\/div>\n<\/p><\/div>\n<\/p><\/div>\n<\/p><\/div>\n<\/p><\/div>\n<\/p><\/div>\n<\/section>\n<h2 style='text-align: center;'>Accesorios incluidos<\/h2>\n<div class='container'>\n<div class='row'><!-- PRODUCTO 1 --> <\/p>\n<div class='col-sm-6' style='margin-top: 30px;'>\n<div class='panel panel-default panel_segmento'><!-- IMAGEN --> <\/p>\n<div style='background: #eee; padding: 20px; text-align: center;'><img src='https:\/\/ftp3.syscom.mx\/usuarios\/fotos\/BancoFotografiasSyscom\/HIKVISION\/DS1LH1S2C10\/DS1LH1S2C10-h.PNG' alt='' width='400' height='400' \/><!-- IMG PRODUCTO 1 --><\/div>\n<p> <!-- CONTENIDO --> <\/p>\n<div style='border-top: 5px solid #0091ff; padding: 15px;'>\n<h2 style='text-align: center;'><span style='font-family: verdana&comma; geneva&comma; sans-serif;'>4 x Cables de video y energia de 18.3 metros<\/span><\/h2>\n<p> <!-- DESCRIPCI\u00d3N PRODUCTO 1 --><\/div>\n<\/p><\/div>\n<\/p><\/div>\n<p> <!-- PRODUCTO 2 --> <\/p>\n<div class='col-sm-6' style='margin-top: 30px;'>\n<div class='panel panel-default panel_segmento'><!-- IMAGEN --> <\/p>\n<div style='background: #eee; padding: 20px; text-align: center;'><img src='https:\/\/ftp3.syscom.mx\/usuarios\/fotos\/BancoFotografiasSyscom\/EPCOMPOWERLINE\/PLK12DC4CH\/PLK12DC4CH-h.PNG' alt='' width='400' height='400' \/><!-- IMG PRODUCTO 2 --><\/div>\n<p> <!-- CONTENIDO --> <\/p>\n<div style='border-top: 5px solid #0091ff; padding: 15px;'>\n<h2 style='text-align: center;'><span style='font-family: verdana&comma; geneva&comma; sans-serif;'>1 x Fuente de poder para grabador y c\u00e1maras<\/span><\/h2>\n<p> <!-- DESCRIPCI\u00d3N PRODUCTO 2 --><\/div>\n<\/p><\/div>\n<\/p><\/div>\n<\/p><\/div>\n<\/p><\/div>\n","protected":false},"excerpt":{"rendered":"<p>Kit TurboHD 1080p \/ DVR 4 Canales \/ 4 C\u00e1maras Bala ColorVu con Microfono Integrado \/ Fuente de Poder \/ Accesorios de Instalaci\u00f3n<\/p>\n","protected":false},"featured_media":32,"comment_status":"open","ping_status":"closed","template":"","meta":[],"product_brand":[],"product_cat":[2287],"product_tag":[2257,2232,2288],"class_list":{"0":"post-101425","1":"product","2":"type-product","3":"status-publish","4":"has-post-thumbnail","6":"product_cat-turbohd-de-4-canales","7":"product_tag-epcom-professional","8":"product_tag-kits-sistemas-completos","9":"product_tag-turbohd-de-4-canales","11":"first","12":"outofstock","13":"sale","14":"shipping-taxable","15":"purchasable","16":"product-type-simple"},"_links":{"self":[{"href":"https:\/\/soydeaqui.ddns.net\/pachuca\/index.php\/wp-json\/wp\/v2\/product\/101425","targetHints":{"allow":["GET"]}}],"collection":[{"href":"https:\/\/soydeaqui.ddns.net\/pachuca\/index.php\/wp-json\/wp\/v2\/product"}],"about":[{"href":"https:\/\/soydeaqui.ddns.net\/pachuca\/index.php\/wp-json\/wp\/v2\/types\/product"}],"replies":[{"embeddable":true,"href":"https:\/\/soydeaqui.ddns.net\/pachuca\/index.php\/wp-json\/wp\/v2\/comments?post=101425"}],"wp:featuredmedia":[{"embeddable":true,"href":"https:\/\/soydeaqui.ddns.net\/pachuca\/index.php\/wp-json\/wp\/v2\/media\/32"}],"wp:attachment":[{"href":"https:\/\/soydeaqui.ddns.net\/pachuca\/index.php\/wp-json\/wp\/v2\/media?parent=101425"}],"wp:term":[{"taxonomy":"product_brand","embeddable":true,"href":"https:\/\/soydeaqui.ddns.net\/pachuca\/index.php\/wp-json\/wp\/v2\/product_brand?post=101425"},{"taxonomy":"product_cat","embeddable":true,"href":"https:\/\/soydeaqui.ddns.net\/pachuca\/index.php\/wp-json\/wp\/v2\/product_cat?post=101425"},{"taxonomy":"product_tag","embeddable":true,"href":"https:\/\/soydeaqui.ddns.net\/pachuca\/index.php\/wp-json\/wp\/v2\/product_tag?post=101425"}],"curies":[{"name":"wp","href":"https:\/\/api.w.org\/{rel}","templated":true}]}}