{"id":101371,"date":"2026-03-20T11:58:00","date_gmt":"2026-03-20T11:58:00","guid":{"rendered":"https:\/\/soydeaqui.ddns.net\/pachuca\/index.php\/producto\/camara-movil-dash-cam-para-vehiculo-2-megapixel-1080p-microfono-y-bocina-integrado-wi-fi-micro-sd-conector-mini-usb-g-sensor-2\/"},"modified":"2026-03-20T11:58:06","modified_gmt":"2026-03-20T11:58:06","slug":"camara-movil-dash-cam-para-vehiculo-2-megapixel-1080p-microfono-y-bocina-integrado-wi-fi-micro-sd-conector-mini-usb-g-sensor-2","status":"publish","type":"product","link":"https:\/\/soydeaqui.ddns.net\/pachuca\/index.php\/producto\/camara-movil-dash-cam-para-vehiculo-2-megapixel-1080p-microfono-y-bocina-integrado-wi-fi-micro-sd-conector-mini-usb-g-sensor-2\/","title":{"rendered":"C\u00e1mara M\u00f3vil (Dash Cam) para Veh\u00edculo 2 Megapixel (1080p) \/ Micr\u00f3fono y Bocina Integrado \/ Wi-Fi \/ Micro SD \/ Conector Mini USB \/ G &#8211; Sensor"},"content":{"rendered":"<div style=\"width: 100%; max-width: 1200px; margin: 0 auto; font-family: sans-serif; line-height: 1.6; color: inherit; background-color: transparent;\"><!-- Logo Hikvision --><\/p>\n<div style=\"text-align: center; margin: 30px 0;\"><img decoding=\"async\" style=\"width: 45%; height: auto; border: 1px solid rgba(150&comma; 150&comma; 150&comma; 0.3); border-radius: 8px;\" src=\"https:\/\/ftp3.syscom.mx\/usuarios\/jsosa\/HIKVISION\/imagenes\/logo\/hikvision%20see%20far.png\" alt=\"Logo Hikvision\" class=\"fr-fic fr-dii\"><\/div>\n<p><!-- Video principal --><\/p>\n<div style=\"position: relative; padding-bottom: 56.25%; height: 0; overflow: hidden; margin-bottom: 30px;\"> <\/div>\n<p><!-- Secci\u00f3n de caracter\u00edsticas --><\/p>\n<div style=\"display: flex; flex-wrap: wrap; gap: 30px; margin-bottom: 30px;\">\n<div style=\"flex: 1 1 300px; min-width: 280px;\">\n<h3 style=\"font-size: 22px; border-bottom: 2px solid currentColor; padding-bottom: 5px; margin-top: 0; color: inherit; opacity: 0.8;\">Caracter&iacute;sticas principales<\/h3>\n<ul style=\"padding-left: 20px; font-size: 15px; color: inherit;\">\n<li style=\"margin-bottom: 5px;\">1080p (1920*1080 = 2 Megapixel) de alta resoluci&oacute;n&comma; gran angular 102&deg; de visi&oacute;n<\/li>\n<li style=\"margin-bottom: 5px;\">La apertura de F 2.0 ofrece una imagen nocturna perfecta<\/li>\n<li style=\"margin-bottom: 5px;\">Incluye micr&oacute;fono y altavoz integrados<\/li>\n<li style=\"margin-bottom: 5px;\">Compresi&oacute;n de video H.265<\/li>\n<li style=\"margin-bottom: 5px;\">Incluye m&oacute;dulo WiFi (genera un AP con la App para revisar grabaciones)<\/li>\n<li style=\"margin-bottom: 5px;\">Incluye m&oacute;dulo G-Sensor incorporado&comma; compatible con el enlace de grabaci&oacute;n de video en caso de un accidente automovil&iacute;stico o vibraci&oacute;n fuerte (la grabaci&oacute;n de video del enlace se puede configurar sin sobre-escritura)<\/li>\n<li style=\"margin-bottom: 5px;\">Soporta tarjeta micro SD para grabaci&oacute;n de video&comma; 16 GB hasta 256 GB (compatible con sobre-escritura)<\/li>\n<li style=\"margin-bottom: 5px;\">Aplicaci&oacute;n de tel&eacute;fono: visualizaci&oacute;n en vivo&comma; reproducci&oacute;n de grabaciones y configuraci&oacute;n de par&aacute;metros<\/li>\n<li style=\"margin-bottom: 5px;\">F&aacute;cil instalaci&oacute;n y f&aacute;cil de usar&comma; plug and play (grabaci&oacute;n autom&aacute;tica despu&eacute;s de encender)<\/li>\n<li style=\"margin-bottom: 5px;\">Conector mini USB (3.4 metros de longitud) y adaptador para el cenicero (incluido)<\/li>\n<\/ul>\n<\/div>\n<div style=\"flex: 1 1 300px; min-width: 280px;\">\n<h3 style=\"font-size: 22px; border-bottom: 2px solid currentColor; padding-bottom: 5px; margin-top: 0; color: inherit; opacity: 0.8;\">Caracter&iacute;sticas F&iacute;sicas y El&eacute;ctricas<\/h3>\n<ul style=\"padding-left: 20px; font-size: 15px; color: inherit;\">\n<li style=\"margin-bottom: 5px;\">Puerto USB para alimentaci&oacute;n cable incluido.(no incluye adaptador de encendedor)<\/li>\n<li style=\"margin-bottom: 5px;\">Adaptadores de encendedor compatible &nbsp;<a href=\"https:\/\/www.syscom.mx\/products\/221305\">40858<\/a> &comma; <a href=\"https:\/\/www.syscom.mx\/products\/221593\">60980<\/a> &comma; <a href=\"https:\/\/www.syscom.mx\/products\/206949\">30780<\/a><\/li>\n<li style=\"margin-bottom: 5px;\">Temperatura de operaci&oacute;n: -20&deg;C a 70&deg;C<\/li>\n<li style=\"margin-bottom: 5px;\">Protecci&oacute;n IP55<\/li>\n<li style=\"margin-bottom: 5px;\">Alimentaci&oacute;n: 5 Vcc \/ 1.5 A \/ 3 Watts<\/li>\n<li style=\"margin-bottom: 5px;\">Dimensiones: 76.8 X 35.1 X 31.5 mm<\/li>\n<li style=\"margin-bottom: 5px;\">Peso: 100 gramos<\/li>\n<\/ul>\n<\/div>\n<\/div>\n<p><!-- Separador --><\/p>\n<hr style=\"border: 0; border-top: 1px solid rgba(150&comma; 150&comma; 150&comma; 0.3); margin: 30px 0;\"><!-- Consideraciones --><\/p>\n<div style=\"margin-bottom: 30px;\">\n<h3 style=\"font-size: 22px; border-bottom: 2px solid currentColor; padding-bottom: 5px; margin-top: 0; color: inherit; opacity: 0.8;\">Consideraciones<\/h3>\n<ul style=\"padding-left: 20px; font-size: 15px; color: inherit;\">\n<li style=\"margin-bottom: 5px;\">La aplicaci&oacute;n m&oacute;vil se llama HikDashcam&comma; en el manual de usuario del producto viene un c&oacute;digo QR para poder descargar la App en el celular para equipos iOS y en la tienda oficial de playstore<\/li>\n<li style=\"margin-bottom: 5px;\">No soporta visualizaci&oacute;n remota&comma; la App se usa para una conexi&oacute;n local para configuraci&oacute;n y visualizaci&oacute;n<\/li>\n<\/ul>\n<p><!-- Imagen final --><\/p>\n<div style=\"text-align: center; margin: 30px 0;\"><img decoding=\"async\" style=\"width: 100%; height: auto; border: 1px solid rgba(150&comma; 150&comma; 150&comma; 0.3); border-radius: 8px;\" src=\"https:\/\/ftp3.syscom.mx\/usuarios\/jsosa\/HIKVISION\/imagenes\/banners\/solution%20complete.png\" alt=\"Soluci\u00f3n completa\" class=\"fr-fic fr-dii\"><\/div>\n<\/div>\n<\/div>\n","protected":false},"excerpt":{"rendered":"<p>C\u00e1mara M\u00f3vil (Dash Cam) para Veh\u00edculo 2 Megapixel (1080p) \/ Micr\u00f3fono y Bocina Integrado \/ Wi-Fi \/ Micro SD \/ Conector Mini USB \/ G &#8211; Sensor<\/p>\n","protected":false},"featured_media":101370,"comment_status":"open","ping_status":"closed","template":"","meta":[],"product_brand":[],"product_cat":[1343],"product_tag":[54,1345,1344],"class_list":{"0":"post-101371","1":"product","2":"type-product","3":"status-publish","4":"has-post-thumbnail","6":"product_cat-videograbadoras-moviles","7":"product_tag-hikvision","8":"product_tag-videograbadoras-moviles","9":"product_tag-videograbadoras-moviles-y-portatiles","11":"first","12":"instock","13":"sale","14":"shipping-taxable","15":"purchasable","16":"product-type-simple"},"_links":{"self":[{"href":"https:\/\/soydeaqui.ddns.net\/pachuca\/index.php\/wp-json\/wp\/v2\/product\/101371","targetHints":{"allow":["GET"]}}],"collection":[{"href":"https:\/\/soydeaqui.ddns.net\/pachuca\/index.php\/wp-json\/wp\/v2\/product"}],"about":[{"href":"https:\/\/soydeaqui.ddns.net\/pachuca\/index.php\/wp-json\/wp\/v2\/types\/product"}],"replies":[{"embeddable":true,"href":"https:\/\/soydeaqui.ddns.net\/pachuca\/index.php\/wp-json\/wp\/v2\/comments?post=101371"}],"wp:featuredmedia":[{"embeddable":true,"href":"https:\/\/soydeaqui.ddns.net\/pachuca\/index.php\/wp-json\/wp\/v2\/media\/101370"}],"wp:attachment":[{"href":"https:\/\/soydeaqui.ddns.net\/pachuca\/index.php\/wp-json\/wp\/v2\/media?parent=101371"}],"wp:term":[{"taxonomy":"product_brand","embeddable":true,"href":"https:\/\/soydeaqui.ddns.net\/pachuca\/index.php\/wp-json\/wp\/v2\/product_brand?post=101371"},{"taxonomy":"product_cat","embeddable":true,"href":"https:\/\/soydeaqui.ddns.net\/pachuca\/index.php\/wp-json\/wp\/v2\/product_cat?post=101371"},{"taxonomy":"product_tag","embeddable":true,"href":"https:\/\/soydeaqui.ddns.net\/pachuca\/index.php\/wp-json\/wp\/v2\/product_tag?post=101371"}],"curies":[{"name":"wp","href":"https:\/\/api.w.org\/{rel}","templated":true}]}}