{"id":10137,"date":"2026-03-18T07:31:40","date_gmt":"2026-03-18T07:31:40","guid":{"rendered":"https:\/\/soydeaqui.ddns.net\/pachuca\/index.php\/producto\/placa-de-pared-keystone-de-2-salidas-color-blanco-para-jacks-keystone-z-max-y-max\/"},"modified":"2026-03-18T07:31:40","modified_gmt":"2026-03-18T07:31:40","slug":"placa-de-pared-keystone-de-2-salidas-color-blanco-para-jacks-keystone-z-max-y-max","status":"publish","type":"product","link":"https:\/\/soydeaqui.ddns.net\/pachuca\/index.php\/producto\/placa-de-pared-keystone-de-2-salidas-color-blanco-para-jacks-keystone-z-max-y-max\/","title":{"rendered":"Placa de Pared Keystone de 2 Salidas, Color Blanco, para Jacks Keystone Z-MAX y MAX"},"content":{"rendered":"<div style='width: 100%; max-width: 1200px; margin: 0 auto; font-family: sans-serif; line-height: 1.6; color: inherit; background-color: transparent;'>\n<div style='display: flex; flex-wrap: wrap; gap: 30px; margin-bottom: 30px;'>\n<div style='flex: 1 1 300px; min-width: 280px;'>\n<p style='font-size: 15px; color: inherit; margin-bottom: 15px;'>Las placas de pared modulares MAX combinan alta capacidad con una est\u00e9tica que las hacen compatibles con las tecnolog\u00edas actuales. Las placas Keystone de pared est\u00e1n dise\u00f1adas para ser utilizadas con los m\u00f3dulos MAX en \u00e1ngulo o planos.<\/p>\n<p style='font-size: 15px; color: inherit; margin-bottom: 15px;'>Las placas de pared MAX son compatibles con conectores MAX y Z-MAX Keystone.<\/p>\n<h3 style='font-size: 18px; border-bottom: 2px solid currentColor; padding-bottom: 5px; margin-top: 0; color: inherit; opacity: 0.8; margin-bottom: 15px;'>Caracter\u00edsticas<\/h3>\n<ul style='padding-left: 20px; font-size: 14px; color: inherit; list-style-type: disc;'>\n<li style='margin-bottom: 5px;'>Flexibilidad de instalaci\u00f3n: Pesta\u00f1a de montaje que permite la instalaci\u00f3n del conector por la parte delantera o trasera de la placa.<\/li>\n<li style='margin-bottom: 5px;'>Alta densidad: Se pueden adaptar hasta 6 salidas en una sola placa de pared o 12 con doble placa de pared.<\/li>\n<li style='margin-bottom: 5px;'>Etiquetado: Las placas de pared cuenta con espacio para etiqueta de f\u00e1cil instalaci\u00f3n.<\/li>\n<\/ul><\/div>\n<\/p><\/div>\n<hr style='border: 0; border-top: 1px solid rgba(150&comma; 150&comma; 150&comma; 0.3); margin: 30px 0;'> <\/div>\n","protected":false},"excerpt":{"rendered":"<p>Placa de Pared Keystone de 2 Salidas, Color Blanco, para Jacks Keystone Z-MAX y MAX<\/p>\n","protected":false},"featured_media":10136,"comment_status":"open","ping_status":"closed","template":"","meta":[],"product_brand":[],"product_cat":[601],"product_tag":[586,602,600],"class_list":{"0":"post-10137","1":"product","2":"type-product","3":"status-publish","4":"has-post-thumbnail","6":"product_cat-faceplates","7":"product_tag-cableado-de-cobre","8":"product_tag-faceplates","9":"product_tag-siemon","11":"first","12":"instock","13":"sale","14":"shipping-taxable","15":"purchasable","16":"product-type-simple"},"_links":{"self":[{"href":"https:\/\/soydeaqui.ddns.net\/pachuca\/index.php\/wp-json\/wp\/v2\/product\/10137","targetHints":{"allow":["GET"]}}],"collection":[{"href":"https:\/\/soydeaqui.ddns.net\/pachuca\/index.php\/wp-json\/wp\/v2\/product"}],"about":[{"href":"https:\/\/soydeaqui.ddns.net\/pachuca\/index.php\/wp-json\/wp\/v2\/types\/product"}],"replies":[{"embeddable":true,"href":"https:\/\/soydeaqui.ddns.net\/pachuca\/index.php\/wp-json\/wp\/v2\/comments?post=10137"}],"wp:featuredmedia":[{"embeddable":true,"href":"https:\/\/soydeaqui.ddns.net\/pachuca\/index.php\/wp-json\/wp\/v2\/media\/10136"}],"wp:attachment":[{"href":"https:\/\/soydeaqui.ddns.net\/pachuca\/index.php\/wp-json\/wp\/v2\/media?parent=10137"}],"wp:term":[{"taxonomy":"product_brand","embeddable":true,"href":"https:\/\/soydeaqui.ddns.net\/pachuca\/index.php\/wp-json\/wp\/v2\/product_brand?post=10137"},{"taxonomy":"product_cat","embeddable":true,"href":"https:\/\/soydeaqui.ddns.net\/pachuca\/index.php\/wp-json\/wp\/v2\/product_cat?post=10137"},{"taxonomy":"product_tag","embeddable":true,"href":"https:\/\/soydeaqui.ddns.net\/pachuca\/index.php\/wp-json\/wp\/v2\/product_tag?post=10137"}],"curies":[{"name":"wp","href":"https:\/\/api.w.org\/{rel}","templated":true}]}}