{"id":101348,"date":"2026-03-20T11:56:59","date_gmt":"2026-03-20T11:56:59","guid":{"rendered":"https:\/\/soydeaqui.ddns.net\/pachuca\/index.php\/producto\/kit-solar-ip-all-in-one-aov-pt-ip-4-megapixel-lente-2-8-mm-panel-solar-bateria-de-respaldo-de-litio-9000-mah-conexion-4g-audio-de-dos-vias-dual-light-ip66-micro-sd\/"},"modified":"2026-03-20T11:57:07","modified_gmt":"2026-03-20T11:57:07","slug":"kit-solar-ip-all-in-one-aov-pt-ip-4-megapixel-lente-2-8-mm-panel-solar-bateria-de-respaldo-de-litio-9000-mah-conexion-4g-audio-de-dos-vias-dual-light-ip66-micro-sd","status":"publish","type":"product","link":"https:\/\/soydeaqui.ddns.net\/pachuca\/index.php\/producto\/kit-solar-ip-all-in-one-aov-pt-ip-4-megapixel-lente-2-8-mm-panel-solar-bateria-de-respaldo-de-litio-9000-mah-conexion-4g-audio-de-dos-vias-dual-light-ip66-micro-sd\/","title":{"rendered":"Kit Solar IP All in One \/ AOV \/ PT IP 4 Megapixel \/ Lente 2.8 mm \/ Panel Solar + Bater\u00eda de Respaldo de Litio (9000 mAh) \/ Conexi\u00f3n 4G \/ Audio de Dos V\u00edas \/ Dual Light \/ IP66 \/ Micro SD"},"content":{"rendered":"<div style=\"width: 100%; max-width: 1200px; margin: 0 auto; font-family: sans-serif; line-height: 1.6; color: inherit; background-color: transparent;\"><!-- Imagen principal --> <img decoding=\"async\" style=\"width: 100%; height: auto; border: 1px solid rgba(150&comma;150&comma;150&comma;0.3); border-radius: 8px;\" src=\"https:\/\/ftp3.syscom.mx\/usuarios\/alexh\/Hikvision\/imagen\/AOV1.png\" alt=\"Kit Solar IP All in One\" \/> <!-- Secci\u00f3n de especificaciones --> <\/p>\n<div style=\"width: 100%; margin-top: 30px; margin-bottom: 30px;\">\n<h2 style=\"font-size: 24px; border-bottom: 2px solid currentColor; padding-bottom: 5px; margin-top: 0; color: inherit; opacity: 0.8; text-align: center;\">Especif&iacute;caciones<\/h2>\n<\/p><\/div>\n<p> <!-- Cards de caracter\u00edsticas --> <\/p>\n<div style=\"display: flex; flex-wrap: wrap; gap: 20px; margin-bottom: 30px;\"><!-- Caracter\u00edsticas Principales --> <\/p>\n<div style=\"flex: 1 1 300px; min-width: 280px;\">\n<div style=\"border: 1px solid rgba(150&comma; 150&comma; 150&comma; 0.4); border-radius: 8px; overflow: hidden; display: flex; flex-direction: column;\">\n<div style=\"padding: 15px; border-bottom: 1px solid rgba(150&comma; 150&comma; 150&comma; 0.2); font-weight: bold; font-size: 18px; color: inherit; background-color: #df001e;\">Caracter&iacute;sticas Principales<\/div>\n<div style=\"padding: 15px; color: inherit;\">\n<ul style=\"padding-left: 20px; margin: 0; font-size: 14px; list-style-type: disc;\">\n<li style=\"margin-bottom: 5px;\">Resoluci&oacute;n m&aacute;xima: 4 Megapixel (2560 X 1440)<\/li>\n<li style=\"margin-bottom: 5px;\">Sensor: CMOS 1\/3&#8242; Progressive Scan<\/li>\n<li style=\"margin-bottom: 5px;\">Iluminaci&oacute;n m&iacute;nima: 0.005 Lux (color&comma; con AGC ON)<\/li>\n<li style=\"margin-bottom: 5px;\">Lente fijo: 2.8 mm (&aacute;ngulo de apertura 98.5&deg;)<\/li>\n<li style=\"margin-bottom: 5px;\">30 mts IR EXIR (visi&oacute;n nocturna)<\/li>\n<li style=\"margin-bottom: 5px;\">30 mts de luz blanca (ayuda a iluminar el sitio para mantener la imagen siempre a color)<\/li>\n<li style=\"margin-bottom: 5px;\">Compresi&oacute;n: H.265 \/ H.264<\/li>\n<li style=\"margin-bottom: 5px;\">dWDR \/ 3D DNR \/ BLC<\/li>\n<li style=\"margin-bottom: 5px;\"><strong>Soporta Micr&oacute;fono integrado y audio bidireccional<\/strong><\/li>\n<li style=\"margin-bottom: 5px;\">Compatible con plataforma Hik-Connect (P2P) <a style=\"color: #0d6efd; text-decoration: none;\" href=\"https:\/\/appstore.hikvision.com\/\" target=\"_blank\" rel=\"noopener\">https:\/\/appstore.hikvision.com\/<\/a><\/li>\n<\/ul><\/div>\n<\/p><\/div>\n<\/p><\/div>\n<p> <!-- Caracter\u00edsticas F\u00edsicas y El\u00e9ctricas --> <\/p>\n<div style=\"flex: 1 1 300px; min-width: 280px;\">\n<div style=\"border: 1px solid rgba(150&comma; 150&comma; 150&comma; 0.4); border-radius: 8px; overflow: hidden; display: flex; flex-direction: column;\">\n<div style=\"padding: 15px; border-bottom: 1px solid rgba(150&comma; 150&comma; 150&comma; 0.2); font-weight: bold; font-size: 18px; color: inherit; background-color: #df001e;\">Caracter&iacute;sticas F&iacute;sicas y El&eacute;ctricas<\/div>\n<div style=\"padding: 15px; color: inherit;\">\n<ul style=\"padding-left: 20px; margin: 0; font-size: 14px; list-style-type: disc;\">\n<li style=\"margin-bottom: 5px;\">Alimentaci&oacute;n: 12 Vcc&comma; 0.75 A<\/li>\n<li style=\"margin-bottom: 5px;\">Protecci&oacute;n: IP66 (interior \/ exterior)<\/li>\n<li style=\"margin-bottom: 5px;\">Material: pl&aacute;stico<\/li>\n<li style=\"margin-bottom: 5px;\">Dimensiones: 208 mm x 131 x 282.7 mm<\/li>\n<li style=\"margin-bottom: 5px;\">Peso: 850 g<\/li>\n<li style=\"margin-top: 10px; margin-bottom: 5px;\">Consulte la ficha t&eacute;cnica para validar los accesorios compatibles&comma; de clic <a style=\"color: #0d6efd; text-decoration: none;\" href=\"https:\/\/ftp3.syscom.mx\/usuarios\/ftp\/2025\/09\/12\/1006\/DS2CFSP4_4G_Datasheet_20250701.pdf\" target=\"_blank\" rel=\"noopener\">Aqu&iacute;<\/a><\/li>\n<\/ul><\/div>\n<\/p><\/div>\n<\/p><\/div>\n<p> <!-- Interfaces Entradas y Salidas --> <\/p>\n<div style=\"flex: 1 1 300px; min-width: 280px;\">\n<div style=\"border: 1px solid rgba(150&comma; 150&comma; 150&comma; 0.4); border-radius: 8px; overflow: hidden; display: flex; flex-direction: column;\">\n<div style=\"padding: 15px; border-bottom: 1px solid rgba(150&comma; 150&comma; 150&comma; 0.2); font-weight: bold; font-size: 18px; color: inherit; background-color: #df001e;\">Interfaces Entradas y Salidas<\/div>\n<div style=\"padding: 15px; color: inherit;\">\n<ul style=\"padding-left: 20px; margin: 0; font-size: 14px; list-style-type: disc;\">\n<li style=\"margin-bottom: 5px;\">Entradas de alarma: NA<\/li>\n<li style=\"margin-bottom: 5px;\">Salidas de alarma: NA<\/li>\n<li style=\"margin-bottom: 5px;\">Entradas de audio: NA<\/li>\n<li style=\"margin-bottom: 5px;\">Salidas de audio: NA<\/li>\n<li style=\"margin-bottom: 5px;\">Soporta memoria micro SD de hasta 512 GB (no incluida)<\/li>\n<li style=\"margin-bottom: 5px;\">Transmisi&oacute;n de datos m&oacute;viles: 4G&comma; Funciona con tarjeta SIM Nano. No cuenta con WiFi.&nbsp;<\/li>\n<\/ul><\/div>\n<\/p><\/div>\n<\/p><\/div>\n<p> <!-- Caracteristicas Generales --> <\/p>\n<div style=\"flex: 1 1 300px; min-width: 280px;\">\n<div style=\"border: 1px solid rgba(150&comma; 150&comma; 150&comma; 0.4); border-radius: 8px; overflow: hidden; display: flex; flex-direction: column;\">\n<div style=\"padding: 15px; border-bottom: 1px solid rgba(150&comma; 150&comma; 150&comma; 0.2); font-weight: bold; font-size: 18px; color: inherit; background-color: #df001e;\">Caracter&iacute;sticas Generales<\/div>\n<div style=\"padding: 15px; color: inherit;\">\n<ul>\n<li style=\"margin-bottom: 5px;\">Panel solar de 8W<\/li>\n<li style=\"margin-bottom: 5px;\">Bater&iacute;a de alta capacidad: 9000 mAh (litio)&comma; (completamente cargada) = 4 h de carga = 7 d&iacute;as de funcionamiento normal.<\/li>\n<\/ul>\n<p>&nbsp; &nbsp; &nbsp; &nbsp;<span style=\"color: inherit;\">Un d&iacute;a de <strong>funcionamiento normal:<\/strong><\/span><\/p>\n<p>&nbsp;<\/p>\n<p>&nbsp;<\/p>\n<p>&nbsp;<\/p>\n<p class=\"p1\">&nbsp; &nbsp; &nbsp; &nbsp; &nbsp; &nbsp; 50 alarmas (30 s cada una)<\/p>\n<p>&nbsp;<\/p>\n<p>&nbsp;<\/p>\n<p class=\"p1\">&nbsp; &nbsp; &nbsp; &nbsp; &nbsp; &nbsp; 10 minutos de visualizaci&oacute;n en vivo<\/p>\n<p>&nbsp;<\/p>\n<p>&nbsp;<\/p>\n<p class=\"p1\" style=\"text-align: left;\">&nbsp; &nbsp; &nbsp; &nbsp; &nbsp; &nbsp; 10 movimientos PT<\/p>\n<p class=\"p1\" style=\"text-align: left;\">&nbsp; &nbsp; &nbsp; &nbsp; &nbsp;Modo Reposo:<\/p>\n<p class=\"p1\" style=\"text-align: left;\">&nbsp; &nbsp; &nbsp; &nbsp; &nbsp; &nbsp; Cuando el nivel de bater&iacute;a es inferior a 15%&comma; solo visualizaci&oacute;n en vivo.<\/p>\n<ul>\n<li style=\"margin-bottom: 5px;\">Totalmente inal&aacute;mbrica: No requiere cables de red ni cables de alimentaci&oacute;n el&eacute;ctrica<\/li>\n<li style=\"margin-bottom: 5px;\">Funcionamiento continuo: Garantiza la vigilancia 24\/7 sin interrupciones<\/li>\n<li style=\"margin-bottom: 5px;\">Rango de movimiento: 340&deg; panor&aacute;mico&comma; 80&deg; inclinaci&oacute;n<\/li>\n<li style=\"margin-bottom: 5px;\"><strong>No soporta Seguimiento autom&aacute;tico de personas cuando se detecta movimiento.<\/strong><\/li>\n<li style=\"margin-bottom: 5px;\"><strong>No es compatible con NVRs.<\/strong><\/li>\n<\/ul><\/div>\n<\/p><\/div>\n<\/p><\/div>\n<\/p><\/div>\n<p> <!-- Caracter\u00edsticas destacadas --> <\/p>\n<div style=\"display: flex; flex-wrap: wrap; gap: 20px; margin-bottom: 30px;\">\n<div style=\"flex: 1 1 300px; min-width: 280px;\">\n<div style=\"border: 1px solid rgba(150&comma; 150&comma; 150&comma; 0.4); border-radius: 8px; overflow: hidden; display: flex; flex-direction: column;\">\n<div style=\"padding: 15px; border-bottom: 1px solid rgba(150&comma; 150&comma; 150&comma; 0.2); font-weight: bold; font-size: 18px; color: inherit; background-color: #df001e;\">Caracter&iacute;sticas Destacadas<\/div>\n<div style=\"padding: 15px; color: inherit;\">\n<h3 style=\"font-size: 16px; margin-top: 0px; margin-bottom: 10px; text-align: left;\"><strong>Tecnolog&iacute;a AOV (Always On Video)<\/strong><\/h3>\n<ul style=\"padding-left: 20px; margin: 0px; font-size: 14px; list-style-type: disc; text-align: left;\">\n<li style=\"margin-bottom: 5px; text-align: left;\">Grabaci&oacute;n continua 24\/7: Video siempre activo<\/li>\n<li style=\"margin-bottom: 5px; text-align: left;\">Bajo consumo energ&eacute;tico: Optimiza el uso de la bater&iacute;a manteniendo la grabaci&oacute;n constante<\/li>\n<li style=\"margin-bottom: 5px; text-align: left;\">Vigilancia ininterrumpida: No depende de detecci&oacute;n de movimiento para grabar<\/li>\n<\/ul>\n<h3 style=\"font-size: 16px; margin-top: 20px; margin-bottom: 10px; text-align: left;\"><strong>Iluminaci&oacute;n H&iacute;brida Inteligente<\/strong><\/h3>\n<ul style=\"padding-left: 20px; margin: 0px; font-size: 14px; list-style-type: disc; text-align: left;\">\n<li style=\"margin-bottom: 5px; text-align: left;\">Doble fuente de luz: IR para visi&oacute;n nocturna + Luz blanca para disuasi&oacute;n<\/li>\n<li style=\"margin-bottom: 5px; text-align: left;\">Alcance de 30 metros: Cobertura efectiva d&iacute;a y noche<\/li>\n<li style=\"margin-bottom: 5px; text-align: left;\">Funci&oacute;n disuasoria: La luz blanca puede activarse para alertar intrusos<\/li>\n<\/ul>\n<p style=\"margin-top: 15px; text-align: left;\">Este kit solar es aut&oacute;nomo&comma; se puede conectar directo a la App de Hik-Connect (escaneando el c&oacute;digo QR)&comma; s&oacute;lo es necesario agregar el SIM de datos para que consuma internet y visualizarlo de manera remota.<\/p>\n<\/p><\/div>\n<\/p><\/div>\n<\/p><\/div>\n<\/p><\/div>\n<p> <!-- Video de demostraci\u00f3n --> <\/p>\n<div style=\"width: 100%; margin: 30px 0;\">\n<h3 style=\"font-size: 24px; margin-bottom: 15px; text-align: center; color: inherit; opacity: 0.8;\">Demo de Instalaci&oacute;n<\/h3>\n<div style=\"position: relative; padding-bottom: 56.25%; height: 0; overflow: hidden; margin-bottom: 30px;\"> <\/div>\n<\/p><\/div>\n<p> <!-- Imagen final --> <img decoding=\"async\" style=\"width: 100%; height: auto; border: 1px solid rgba(150&comma;150&comma;150&comma;0.3); border-radius: 8px;\" src=\"https:\/\/ftp3.syscom.mx\/usuarios\/jsosa\/HIKVISION\/imagenes\/banners\/solution%20complete.png\" alt=\"Soluci&oacute;n completa\" \/><\/div>\n","protected":false},"excerpt":{"rendered":"<p>Kit Solar IP All in One \/ AOV \/ PT IP 4 Megapixel \/ Lente 2.8 mm \/ Panel Solar + Bater\u00eda de Respaldo de Litio (9000 mAh) \/ Conexi\u00f3n 4G \/ Audio de Dos V\u00edas \/ Dual Light \/ IP66 \/ Micro SD<\/p>\n","protected":false},"featured_media":101347,"comment_status":"open","ping_status":"closed","template":"","meta":[],"product_brand":[],"product_cat":[1224],"product_tag":[122,54,1225],"class_list":{"0":"post-101348","1":"product","2":"type-product","3":"status-publish","4":"has-post-thumbnail","6":"product_cat-ptz","7":"product_tag-camaras-ip-y-nvrs","8":"product_tag-hikvision","9":"product_tag-ptz","11":"first","12":"outofstock","13":"sale","14":"shipping-taxable","15":"purchasable","16":"product-type-simple"},"_links":{"self":[{"href":"https:\/\/soydeaqui.ddns.net\/pachuca\/index.php\/wp-json\/wp\/v2\/product\/101348","targetHints":{"allow":["GET"]}}],"collection":[{"href":"https:\/\/soydeaqui.ddns.net\/pachuca\/index.php\/wp-json\/wp\/v2\/product"}],"about":[{"href":"https:\/\/soydeaqui.ddns.net\/pachuca\/index.php\/wp-json\/wp\/v2\/types\/product"}],"replies":[{"embeddable":true,"href":"https:\/\/soydeaqui.ddns.net\/pachuca\/index.php\/wp-json\/wp\/v2\/comments?post=101348"}],"wp:featuredmedia":[{"embeddable":true,"href":"https:\/\/soydeaqui.ddns.net\/pachuca\/index.php\/wp-json\/wp\/v2\/media\/101347"}],"wp:attachment":[{"href":"https:\/\/soydeaqui.ddns.net\/pachuca\/index.php\/wp-json\/wp\/v2\/media?parent=101348"}],"wp:term":[{"taxonomy":"product_brand","embeddable":true,"href":"https:\/\/soydeaqui.ddns.net\/pachuca\/index.php\/wp-json\/wp\/v2\/product_brand?post=101348"},{"taxonomy":"product_cat","embeddable":true,"href":"https:\/\/soydeaqui.ddns.net\/pachuca\/index.php\/wp-json\/wp\/v2\/product_cat?post=101348"},{"taxonomy":"product_tag","embeddable":true,"href":"https:\/\/soydeaqui.ddns.net\/pachuca\/index.php\/wp-json\/wp\/v2\/product_tag?post=101348"}],"curies":[{"name":"wp","href":"https:\/\/api.w.org\/{rel}","templated":true}]}}