{"id":101300,"date":"2026-03-20T11:54:48","date_gmt":"2026-03-20T11:54:48","guid":{"rendered":"https:\/\/soydeaqui.ddns.net\/pachuca\/index.php\/producto\/bateria-de-litio-ciclo-profundo-12-8-vcc-200ah-lifepo4-case-metalico-solar-maximo-100-a-de-descarga-2\/"},"modified":"2026-03-20T11:54:50","modified_gmt":"2026-03-20T11:54:50","slug":"bateria-de-litio-ciclo-profundo-12-8-vcc-200ah-lifepo4-case-metalico-solar-maximo-100-a-de-descarga-2","status":"publish","type":"product","link":"https:\/\/soydeaqui.ddns.net\/pachuca\/index.php\/producto\/bateria-de-litio-ciclo-profundo-12-8-vcc-200ah-lifepo4-case-metalico-solar-maximo-100-a-de-descarga-2\/","title":{"rendered":"Bater\u00eda de Litio Ciclo Profundo, 12.8 Vcc 200Ah (LiFePO4 case Met\u00e1lico), Solar, M\u00e1ximo 100 A de Descarga"},"content":{"rendered":"<div style=\"width: 100%; max-width: 1200px; margin: 0 auto; font-family: sans-serif; line-height: 1.6; color: inherit; background-color: transparent;\"><!-- Secci\u00f3n de advertencias importantes --><\/p>\n<div style=\"margin-bottom: 30px;\">\n<h3 style=\"font-size: 18px; border-bottom: 2px solid currentColor; padding-bottom: 5px; margin-top: 0; color: inherit; opacity: 0.8;\">Advertencias Importantes<\/h3>\n<ul style=\"padding-left: 20px; font-size: 15px; color: inherit;\">\n<li style=\"margin-bottom: 10px;\">La carga y descarga de esta bater&iacute;a de Litio (LiFePO<sub>4<\/sub>) se deber&aacute; hacer respetando los par&aacute;metros en la especificaci&oacute;n del producto.<\/li>\n<li style=\"margin-bottom: 10px;\">Para sistemas de energ&iacute;a solar se recomienda utilizar controlador de carga marca EPEVER Serie XTRA-XXXX-N o TRACER-XXXX-AN&comma; se requieren programaci&oacute;n de parametros para bater&iacute;a (LiFePO<sub>4<\/sub>)<\/li>\n<\/ul>\n<\/div>\n<p><!-- Secci\u00f3n de modelos de controladores --><\/p>\n<div style=\"margin-bottom: 30px;\">\n<h3 style=\"font-size: 18px; border-bottom: 2px solid currentColor; padding-bottom: 5px; margin-top: 0; color: inherit; opacity: 0.8;\">Modelos de Controladores Recomendados<\/h3>\n<ul style=\"padding-left: 20px; font-size: 15px; color: inherit;\">\n<li style=\"margin-bottom: 5px;\">XTRA-2210N &#8211; Controlador Solar MPPT 20A 12\/24V&comma; Voc 100Vcc<\/li>\n<li style=\"margin-bottom: 5px;\">XTRA-3210N &#8211; Controlador Solar MPPT 30A 12\/24V&comma; Voc 100Vcc<\/li>\n<li style=\"margin-bottom: 5px;\">XTRA-4210N &#8211; Controlador Solar MPPT 40A 12\/24V&comma; Voc 100Vcc<\/li>\n<li style=\"margin-bottom: 5px;\">XTRA-4210N-XDS2-LI &#8211; Controlador Solar MPPT 40A 12\/24V&comma; Voc 100Vcc<\/li>\n<\/ul>\n<p style=\"margin-top: 15px; font-size: 15px; color: inherit;\">Para programaci&oacute;n de los modelos XTRA series se deber&aacute;n seguir las instrucciones de los documentos anexos en pesta&ntilde;a de descarga:<\/p>\n<ul style=\"padding-left: 20px; font-size: 15px; color: inherit;\">\n<li style=\"margin-bottom: 5px; color: #2880b9;\">Manual-Lithium-iron-phosphate-(LiFePO4)<\/li>\n<li style=\"margin-bottom: 5px; color: #2880b9;\">Programaci&oacute;n de Par&aacute;metros de Controlador XTRA-XXXX-N para Bater&iacute;a de Litio (LiFePO4)_R2<\/li>\n<\/ul>\n<\/div>\n<p><!-- Secci\u00f3n de especificaciones --><\/p>\n<div style=\"margin-bottom: 30px;\">\n<h3 style=\"font-size: 18px; border-bottom: 2px solid currentColor; padding-bottom: 5px; margin-top: 0; color: inherit; opacity: 0.8;\">Especificaciones T&eacute;cnicas<\/h3>\n<ul style=\"padding-left: 20px; font-size: 15px; color: inherit;\">\n<li style=\"margin-bottom: 5px;\"><strong>Capacidad:<\/strong> 200 Ah<\/li>\n<li style=\"margin-bottom: 5px;\"><strong>Voltaje Nominal:<\/strong> 12.8 Vcc<\/li>\n<li style=\"margin-bottom: 5px;\"><strong>Voltaje de Corte:<\/strong> 11.2 Vcc<\/li>\n<li style=\"margin-bottom: 5px;\"><strong>Corriente de Descarga normal:<\/strong> 100 A<\/li>\n<li style=\"margin-bottom: 5px;\"><strong>Corriente de Descarga M&aacute;xima:<\/strong> 100 A<\/li>\n<li style=\"margin-bottom: 5px;\"><strong>Temperatura de Operaci&oacute;n:<\/strong> -20&deg;C a +60&deg;C<\/li>\n<li style=\"margin-bottom: 5px;\"><strong>Peso:<\/strong> 24 kg<\/li>\n<li style=\"margin-bottom: 5px;\"><strong>Dimensiones:<\/strong> 400 x 250 x 160 mm<\/li>\n<\/ul>\n<\/div>\n<p><!-- Secci\u00f3n de par\u00e1metros de carga --><\/p>\n<div style=\"margin-bottom: 30px;\">\n<h3 style=\"font-size: 18px; border-bottom: 2px solid currentColor; padding-bottom: 5px; margin-top: 0; color: inherit; opacity: 0.8;\">Par&aacute;metros de Carga<\/h3>\n<ul style=\"padding-left: 20px; font-size: 15px; color: inherit;\">\n<li style=\"margin-bottom: 5px;\"><strong>Modo de Carga:<\/strong> CC\/CV<\/li>\n<li style=\"margin-bottom: 5px;\"><strong>Voltaje de Ciclo de Carga:<\/strong> 14.4 Vcc<\/li>\n<li style=\"margin-bottom: 5px;\"><strong>Voltaje de Flotaci&oacute;n:<\/strong> 13.5 Vcc<\/li>\n<li style=\"margin-bottom: 5px;\"><strong>Corriente de Carga:<\/strong> 60 A<\/li>\n<\/ul>\n<\/div>\n<p><!-- Secci\u00f3n de precauciones --><\/p>\n<div style=\"margin-bottom: 30px;\">\n<h3 style=\"font-size: 18px; border-bottom: 2px solid currentColor; padding-bottom: 5px; margin-top: 0; color: inherit; opacity: 0.8;\">Precauciones<\/h3>\n<ul style=\"padding-left: 20px; font-size: 15px; color: inherit;\">\n<li style=\"margin-bottom: 5px;\">No haga corto entre terminales o invierta la polaridad<\/li>\n<li style=\"margin-bottom: 5px;\">No desensamble o modifique la bater&iacute;a<\/li>\n<li style=\"margin-bottom: 5px;\">Mantenga la bater&iacute;a lejos del alcance de los ni&ntilde;os<\/li>\n<li style=\"margin-bottom: 5px;\">No exponga la bater&iacute;a a temperaturas superiores a 60&deg;C<\/li>\n<li style=\"margin-bottom: 5px;\">No utilizar en sistemas de arranque de Veh&iacute;culos<\/li>\n<li style=\"margin-bottom: 5px;\">No hacer m&aacute;s de 4 paralelos<\/li>\n<li style=\"margin-bottom: 5px;\">No usar en m&aacute;s de 48 Vcc<\/li>\n<\/ul>\n<\/div>\n<p><!-- Secci\u00f3n de soporte t\u00e9cnico --><\/p>\n<div style=\"margin-bottom: 30px;\">\n<p style=\"font-size: 15px; color: inherit;\"><strong>Para soporte t&eacute;cnico comunicarse a nuestro departamento de Ingenier&iacute;a<\/strong><\/p>\n<\/div>\n<p><!-- Separador final --><\/p>\n<hr style=\"border: 0; border-top: 1px solid rgba(150&comma; 150&comma; 150&comma; 0.3); margin: 30px 0;\"><\/div>\n","protected":false},"excerpt":{"rendered":"<p>Bater\u00eda de Litio Ciclo Profundo, 12.8 Vcc 200Ah (LiFePO4 case Met\u00e1lico), Solar, M\u00e1ximo 100 A de Descarga<\/p>\n","protected":false},"featured_media":101299,"comment_status":"open","ping_status":"closed","template":"","meta":[],"product_brand":[],"product_cat":[1160],"product_tag":[143,142,1178],"class_list":{"0":"post-101300","1":"product","2":"type-product","3":"status-publish","4":"has-post-thumbnail","6":"product_cat-baterias-energia-videovigilancia","7":"product_tag-baterias","8":"product_tag-energia","9":"product_tag-epcom-power-line-by-ritar","11":"first","12":"outofstock","13":"sale","14":"shipping-taxable","15":"purchasable","16":"product-type-simple"},"_links":{"self":[{"href":"https:\/\/soydeaqui.ddns.net\/pachuca\/index.php\/wp-json\/wp\/v2\/product\/101300","targetHints":{"allow":["GET"]}}],"collection":[{"href":"https:\/\/soydeaqui.ddns.net\/pachuca\/index.php\/wp-json\/wp\/v2\/product"}],"about":[{"href":"https:\/\/soydeaqui.ddns.net\/pachuca\/index.php\/wp-json\/wp\/v2\/types\/product"}],"replies":[{"embeddable":true,"href":"https:\/\/soydeaqui.ddns.net\/pachuca\/index.php\/wp-json\/wp\/v2\/comments?post=101300"}],"wp:featuredmedia":[{"embeddable":true,"href":"https:\/\/soydeaqui.ddns.net\/pachuca\/index.php\/wp-json\/wp\/v2\/media\/101299"}],"wp:attachment":[{"href":"https:\/\/soydeaqui.ddns.net\/pachuca\/index.php\/wp-json\/wp\/v2\/media?parent=101300"}],"wp:term":[{"taxonomy":"product_brand","embeddable":true,"href":"https:\/\/soydeaqui.ddns.net\/pachuca\/index.php\/wp-json\/wp\/v2\/product_brand?post=101300"},{"taxonomy":"product_cat","embeddable":true,"href":"https:\/\/soydeaqui.ddns.net\/pachuca\/index.php\/wp-json\/wp\/v2\/product_cat?post=101300"},{"taxonomy":"product_tag","embeddable":true,"href":"https:\/\/soydeaqui.ddns.net\/pachuca\/index.php\/wp-json\/wp\/v2\/product_tag?post=101300"}],"curies":[{"name":"wp","href":"https:\/\/api.w.org\/{rel}","templated":true}]}}