{"id":101191,"date":"2026-03-20T11:49:43","date_gmt":"2026-03-20T11:49:43","guid":{"rendered":"https:\/\/soydeaqui.ddns.net\/pachuca\/index.php\/producto\/switch-kvmp-usb-hdmi-4-puertos-cs784h-control-de-4-pcs-resolucion-4k-4096x2160-60hz-comparticion-de-perifericos-usb-compatibilidad-multiplataforma-plug-and-play-incluye-cables-y-adaptado\/"},"modified":"2026-03-20T11:49:44","modified_gmt":"2026-03-20T11:49:44","slug":"switch-kvmp-usb-hdmi-4-puertos-cs784h-control-de-4-pcs-resolucion-4k-4096x2160-60hz-comparticion-de-perifericos-usb-compatibilidad-multiplataforma-plug-and-play-incluye-cables-y-adaptado","status":"publish","type":"product","link":"https:\/\/soydeaqui.ddns.net\/pachuca\/index.php\/producto\/switch-kvmp-usb-hdmi-4-puertos-cs784h-control-de-4-pcs-resolucion-4k-4096x2160-60hz-comparticion-de-perifericos-usb-compatibilidad-multiplataforma-plug-and-play-incluye-cables-y-adaptado\/","title":{"rendered":"Switch KVMP USB HDMI 4 Puertos CS784H | Control de 4 PCs | Resoluci\u00f3n 4K 4096&#215;2160 @ 60Hz | Compartici\u00f3n de Perif\u00e9ricos USB | Compatibilidad Multiplataforma | Plug and Play | Incluye Cables y Adaptador"},"content":{"rendered":"<div style='width: 100%; max-width: 1200px; margin: 0 auto; font-family: sans-serif; line-height: 1.6; color: inherit; background-color: transparent;'>\n<div style='display: flex; flex-wrap: wrap; gap: 30px; margin-bottom: 30px;'>\n<div style='flex: 1 1 300px; min-width: 280px;'>\n<h3 style='font-size: 22px; border-bottom: 2px solid currentColor; padding-bottom: 5px; margin-top: 0; color: inherit; opacity: 0.8;'>Visi\u00f3n General<\/h3>\n<p style='font-size: 16px; line-height: 1.6; color: inherit;'>El Switch KVMP USB HDMI 4 Puertos CS784H de ATEN permite controlar hasta 4 computadoras con un solo teclado USB&comma; mouse y monitor HDMI. Dise\u00f1ado para reducir el desorden en el escritorio y minimizar el costo y la complejidad de configuraciones multi-sistema&comma; este switch ofrece una soluci\u00f3n eficiente para entornos SOHO&comma; estaciones de trabajo remotas u oficinas. Con tecnolog\u00eda Video DynaSync\u2122 patentada por ATEN&comma; garantiza una resoluci\u00f3n \u00f3ptima y un dise\u00f1o de ventanas consistente durante el cambio de puerto para flujos de trabajo multi-sistema fluidos.<\/p>\n<\/p><\/div>\n<\/p><\/div>\n<div style='display: flex; flex-wrap: wrap; gap: 30px; margin-bottom: 30px;'>\n<div style='flex: 1 1 300px; min-width: 280px;'>\n<h3 style='font-size: 22px; border-bottom: 2px solid currentColor; padding-bottom: 5px; margin-top: 0; color: inherit; opacity: 0.8;'>Caracter\u00edsticas Principales<\/h3>\n<ul style='padding-left: 20px; font-size: 15px; color: inherit;'>\n<li style='margin-bottom: 5px;'>Control de hasta 4 PCs con un solo teclado y mouse USB<\/li>\n<li style='margin-bottom: 5px;'>Resoluci\u00f3n de video superior: hasta 4096 x 2160 @ 60 Hz&comma; 5120 x 1440 @ 60Hz<\/li>\n<li style='margin-bottom: 5px;'>Tecnolog\u00eda Video DynaSync\u2122 para resoluci\u00f3n \u00f3ptima y dise\u00f1o de ventanas consistente<\/li>\n<li style='margin-bottom: 5px;'>Selecci\u00f3n de computadora mediante selector de puerto remoto&comma; teclas de acceso r\u00e1pido y mouse USB<\/li>\n<li style='margin-bottom: 5px;'>Compatibilidad multiplataforma: Windows&comma; Mac y Linux<\/li>\n<li style='margin-bottom: 5px;'>Compartici\u00f3n de perif\u00e9ricos USB<\/li>\n<li style='margin-bottom: 5px;'>Incluye todos los cables HDMI\/USB y adaptador de energ\u00eda para configuraci\u00f3n plug-and-play<\/li>\n<li style='margin-bottom: 5px;'>Detecci\u00f3n de encendido autom\u00e1tico para cambiar a la siguiente computadora activa<\/li>\n<li style='margin-bottom: 5px;'>Soporta la mayor\u00eda de teclados gaming\/multimedia y ratones multifunci\u00f3n<\/li>\n<li style='margin-bottom: 5px;'>Funci\u00f3n de escaneo autom\u00e1tico para monitoreo continuo de sistemas conectados<\/li>\n<li style='margin-bottom: 5px;'>Firmware actualizable<\/li>\n<\/ul><\/div>\n<\/p><\/div>\n<div style='display: flex; flex-wrap: wrap; gap: 20px; margin-bottom: 30px;'>\n<div style='flex: 1 1 250px; border: 1px solid rgba(150&comma; 150&comma; 150&comma; 0.4); border-radius: 8px; overflow: hidden; display: flex; flex-direction: column;'>\n<div style='padding: 15px; border-bottom: 1px solid rgba(150&comma; 150&comma; 150&comma; 0.2); font-weight: bold; font-size: 18px; color: inherit;'>Especificaciones<\/div>\n<div style='padding: 15px; color: inherit;'>\n<ul style='padding-left: 20px; margin: 0; font-size: 14px; list-style-type: disc;'>\n<li style='margin-bottom: 5px;'>Resoluci\u00f3n de video: hasta 4096 x 2160 @ 60Hz&comma; 5120 x 1440 @ 60Hz<\/li>\n<li style='margin-bottom: 5px;'>Intervalo de escaneo: 1-99 segundos (por defecto: 5 seg.)<\/li>\n<li style='margin-bottom: 5px;'>Consumo de energ\u00eda: DC5V:1.73W<\/li>\n<li style='margin-bottom: 5px;'>Temperatura de operaci\u00f3n: 0 \u2013 40\u00b0C<\/li>\n<li style='margin-bottom: 5px;'>Temperatura de almacenamiento: -20 \u2013 60\u00b0C<\/li>\n<li style='margin-bottom: 5px;'>Humedad: 0-80% RH&comma; sin condensaci\u00f3n<\/li>\n<li style='margin-bottom: 5px;'>Peso: 0.47 kg<\/li>\n<li style='margin-bottom: 5px;'>Dimensiones: 20.23 x 8.17 x 2.50 cm<\/li>\n<\/ul><\/div>\n<\/p><\/div>\n<div style='flex: 1 1 250px; border: 1px solid rgba(150&comma; 150&comma; 150&comma; 0.4); border-radius: 8px; overflow: hidden; display: flex; flex-direction: column;'>\n<div style='padding: 15px; border-bottom: 1px solid rgba(150&comma; 150&comma; 150&comma; 0.2); font-weight: bold; font-size: 18px; color: inherit;'>Interfaces y Conectividad<\/div>\n<div style='padding: 15px; color: inherit;'>\n<ul style='padding-left: 20px; margin: 0; font-size: 14px; list-style-type: disc;'>\n<li style='margin-bottom: 5px;'>Puertos de consola: 2 x USB Tipo-A&comma; 1 x HDMI&comma; 1 x Jack de audio 3.5mm<\/li>\n<li style='margin-bottom: 5px;'>Puertos KVM: 4 x USB2.0 Tipo-B&comma; 4 x HDMI<\/li>\n<li style='margin-bottom: 5px;'>Conector de energ\u00eda: 1 x Jack DC<\/li>\n<li style='margin-bottom: 5px;'>Hub USB: 2 x USB2.0 Tipo-A (frontal)<\/li>\n<li style='margin-bottom: 5px;'>Interruptores: 4 x Bot\u00f3n de selecci\u00f3n<\/li>\n<li style='margin-bottom: 5px;'>LEDs: 4 (Online\/Seleccionado)<\/li>\n<\/ul><\/div>\n<\/p><\/div>\n<div style='flex: 1 1 250px; border: 1px solid rgba(150&comma; 150&comma; 150&comma; 0.4); border-radius: 8px; overflow: hidden; display: flex; flex-direction: column;'>\n<div style='padding: 15px; border-bottom: 1px solid rgba(150&comma; 150&comma; 150&comma; 0.2); font-weight: bold; font-size: 18px; color: inherit;'>Aplicaciones y Casos de Uso<\/div>\n<div style='padding: 15px; color: inherit;'>\n<div style='display: flex; flex-direction: column; gap: 15px;'>\n<div style='border: 1px solid rgba(150&comma; 150&comma; 150&comma; 0.3); border-radius: 6px; padding: 12px;'>\n<h4 style='margin: 0 0 8px 0; font-size: 16px; font-weight: bold; color: inherit;'>Entornos SOHO<\/h4>\n<p style='margin: 0; font-size: 14px; color: inherit;'>Ideal para peque\u00f1as oficinas y oficinas en casa que requieren control multi-sistema eficiente.<\/p>\n<\/p><\/div>\n<div style='border: 1px solid rgba(150&comma; 150&comma; 150&comma; 0.3); border-radius: 6px; padding: 12px;'>\n<h4 style='margin: 0 0 8px 0; font-size: 16px; font-weight: bold; color: inherit;'>Estaciones de Trabajo Remotas<\/h4>\n<p style='margin: 0; font-size: 14px; color: inherit;'>Perfecto para configuraciones remotas que necesitan compartir perif\u00e9ricos y monitores entre m\u00faltiples PCs.<\/p>\n<\/p><\/div>\n<div style='border: 1px solid rgba(150&comma; 150&comma; 150&comma; 0.3); border-radius: 6px; padding: 12px;'>\n<h4 style='margin: 0 0 8px 0; font-size: 16px; font-weight: bold; color: inherit;'>Oficinas<\/h4>\n<p style='margin: 0; font-size: 14px; color: inherit;'>Reduce el desorden de cables y simplifica la gesti\u00f3n de m\u00faltiples computadoras en entornos de oficina.<\/p>\n<\/p><\/div>\n<\/p><\/div>\n<\/p><\/div>\n<\/p><\/div>\n<\/p><\/div>\n<div style='display: flex; flex-wrap: wrap; gap: 30px; margin-bottom: 30px;'>\n<div style='flex: 1 1 300px; min-width: 280px;'>\n<h3 style='font-size: 22px; border-bottom: 2px solid currentColor; padding-bottom: 5px; margin-top: 0; color: inherit; opacity: 0.8;'>Diagrama de Conexiones<\/h3>\n<p> <img style='width: 100%; height: auto; border: 1px solid rgba(150&comma;150&comma;150&comma;0.3); border-radius: 8px;' src='http:\/\/ftp3.syscom.mx\/usuarios\/ftp\/2025\/10\/06\/2807\/Diagram_Large_Line_CS784H.png_froala_68e464aec449a' alt='Diagrama de conexiones del switch CS784H'> <\/div>\n<\/p><\/div>\n<hr style='border: 0; border-top: 1px solid rgba(150&comma; 150&comma; 150&comma; 0.3); margin: 30px 0;'> <\/div>\n","protected":false},"excerpt":{"rendered":"<p>Switch KVMP USB HDMI 4 Puertos CS784H | Control de 4 PCs | Resoluci\u00f3n 4K 4096&#215;2160 @ 60Hz | Compartici\u00f3n de Perif\u00e9ricos USB | Compatibilidad Multiplataforma | Plug and Play | Incluye Cables y Adaptador<\/p>\n","protected":false},"featured_media":32,"comment_status":"open","ping_status":"closed","template":"","meta":[],"product_brand":[],"product_cat":[2073,2074,2077,2075,2072,2076],"product_tag":[417,2121,2079,2080,2083,2081,2078,2082],"class_list":{"0":"post-101191","1":"product","2":"type-product","3":"status-publish","4":"has-post-thumbnail","6":"product_cat-convertidores","7":"product_cat-divisores","8":"product_cat-dvi","9":"product_cat-hdmi","10":"product_cat-kits-extensores","11":"product_cat-vga","12":"product_tag-accesorios-generales","13":"product_tag-aten","14":"product_tag-convertidores","15":"product_tag-divisores","16":"product_tag-dvi","17":"product_tag-hdmi","18":"product_tag-kits-extensores","19":"product_tag-vga","21":"first","22":"outofstock","23":"sale","24":"shipping-taxable","25":"purchasable","26":"product-type-simple"},"_links":{"self":[{"href":"https:\/\/soydeaqui.ddns.net\/pachuca\/index.php\/wp-json\/wp\/v2\/product\/101191","targetHints":{"allow":["GET"]}}],"collection":[{"href":"https:\/\/soydeaqui.ddns.net\/pachuca\/index.php\/wp-json\/wp\/v2\/product"}],"about":[{"href":"https:\/\/soydeaqui.ddns.net\/pachuca\/index.php\/wp-json\/wp\/v2\/types\/product"}],"replies":[{"embeddable":true,"href":"https:\/\/soydeaqui.ddns.net\/pachuca\/index.php\/wp-json\/wp\/v2\/comments?post=101191"}],"wp:featuredmedia":[{"embeddable":true,"href":"https:\/\/soydeaqui.ddns.net\/pachuca\/index.php\/wp-json\/wp\/v2\/media\/32"}],"wp:attachment":[{"href":"https:\/\/soydeaqui.ddns.net\/pachuca\/index.php\/wp-json\/wp\/v2\/media?parent=101191"}],"wp:term":[{"taxonomy":"product_brand","embeddable":true,"href":"https:\/\/soydeaqui.ddns.net\/pachuca\/index.php\/wp-json\/wp\/v2\/product_brand?post=101191"},{"taxonomy":"product_cat","embeddable":true,"href":"https:\/\/soydeaqui.ddns.net\/pachuca\/index.php\/wp-json\/wp\/v2\/product_cat?post=101191"},{"taxonomy":"product_tag","embeddable":true,"href":"https:\/\/soydeaqui.ddns.net\/pachuca\/index.php\/wp-json\/wp\/v2\/product_tag?post=101191"}],"curies":[{"name":"wp","href":"https:\/\/api.w.org\/{rel}","templated":true}]}}