{"id":100926,"date":"2026-03-20T11:37:09","date_gmt":"2026-03-20T11:37:09","guid":{"rendered":"https:\/\/soydeaqui.ddns.net\/pachuca\/index.php\/producto\/enterprise-3-5-hdd-24-tb-disco-duro-sata-de-nivel-empresarial-ideal-para-sistemas-nas-y-de-seguridad-de-camaras-unifi-con-uso-intensivo-de-almacenamiento\/"},"modified":"2026-03-20T11:37:26","modified_gmt":"2026-03-20T11:37:26","slug":"enterprise-3-5-hdd-24-tb-disco-duro-sata-de-nivel-empresarial-ideal-para-sistemas-nas-y-de-seguridad-de-camaras-unifi-con-uso-intensivo-de-almacenamiento","status":"publish","type":"product","link":"https:\/\/soydeaqui.ddns.net\/pachuca\/index.php\/producto\/enterprise-3-5-hdd-24-tb-disco-duro-sata-de-nivel-empresarial-ideal-para-sistemas-nas-y-de-seguridad-de-camaras-unifi-con-uso-intensivo-de-almacenamiento\/","title":{"rendered":"Enterprise 3.5&#8243; HDD, 24 TB, Disco Duro SATA de Nivel Empresarial, Ideal para Sistemas NAS y de Seguridad de C\u00e1maras UniFi con uso Intensivo de Almacenamiento."},"content":{"rendered":"<div style='width: 100%; max-width: 1200px; margin: 0 auto; font-family: sans-serif; line-height: 1.6; color: inherit; background-color: transparent;'> <!-- Hero Section --> <\/p>\n<div style='display: flex; flex-wrap: wrap; gap: 30px; align-items: center; border: 1px solid rgba(150&comma;150&comma;150&comma;0.3); border-radius: 12px; padding: 20px; margin: 16px 0;'>\n<div style='flex: 1 1 320px; min-width: 280px;'> <!-- Video container with fallback --> <\/p>\n<div style='position: relative; padding-bottom: 56.25%; height: 0; overflow: hidden; margin-bottom: 30px;'> <video style='position: absolute; top: 0; left: 0; width: 100%; height: 100%; border: 1px solid rgba(150&comma;150&comma;150&comma;0.3); border-radius: 8px; display: block;' autoplay muted loop playsinline><source src='https:\/\/ftp3.syscom.mx\/usuarios\/adiaz\/Ubiquiti\/Imagenes\/UACC-HDD-E\/UACCHDDloop.mp4' type='video\/mp4'><!-- Fallback image --> <img style='position: absolute; top: 0; left: 0; width: 100%; height: 100%; border: 1px solid rgba(150&comma;150&comma;150&comma;0.3); border-radius: 8px;' src='https:\/\/ftp3.syscom.mx\/usuarios\/adiaz\/Ubiquiti\/Imagenes\/UACC-HDD-E\/fallback.avif' alt='Ubiquiti UACC-HDD-E-24TB'><\/video> <\/div>\n<\/p><\/div>\n<div style='flex: 1 1 360px; min-width: 280px;'>\n<h2 style='font-size: 24px; margin-top: 0; margin-bottom: 10px; color: inherit;'>Enterprise 3.5&quot; HDD&comma; 24 TB<\/h2>\n<div style='margin-bottom: 12px; color: inherit; opacity: 0.7;'>Modelo: <span style='font-weight: bold;'>UACC-HDD-E-24TB<\/span><\/div>\n<p style='margin: 0; color: inherit;'>Disco Duro 3.5&quot; <strong style='color: inherit;'>24 TB<\/strong> ideal para sistemas NAS y de seguridad de c\u00e1maras UniFi con uso intensivo de almacenamiento.<\/p>\n<\/p><\/div>\n<\/p><\/div>\n<p> <!-- Specifications Title --> <\/p>\n<div style='text-align: center; margin: 30px 0 20px;'> <span style='font-size: 1.5rem; color: inherit; font-weight: bold; border-bottom: 2px solid currentColor; padding-bottom: 5px; display: inline-block;'>Especificaciones<\/span> <\/div>\n<p> <!-- Specifications Cards --> <\/p>\n<div style='display: flex; flex-wrap: wrap; gap: 20px; margin-bottom: 30px;'> <!-- Card: Caracter\u00edsticas f\u00edsicas y el\u00e9ctricas --> <\/p>\n<div style='flex: 1 1 250px; border: 1px solid rgba(150&comma; 150&comma; 150&comma; 0.4); border-radius: 8px; overflow: hidden; display: flex; flex-direction: column;'>\n<div style='padding: 15px; border-bottom: 1px solid rgba(150&comma; 150&comma; 150&comma; 0.2); font-weight: bold; font-size: 18px; color: inherit;'>Caracter\u00edsticas f\u00edsicas y el\u00e9ctricas<\/div>\n<div style='padding: 15px; color: inherit;'>\n<ul style='padding-left: 20px; margin: 0; font-size: 14px; list-style-type: disc;'>\n<li style='margin-bottom: 5px;'>Dimensiones: 147 x 101.9 x 26.1 mm (5.75 x 4 x 1&#8242;)<\/li>\n<li style='margin-bottom: 5px;'>Peso: 670&nbsp;g (1.5&nbsp;lb)<\/li>\n<li style='margin-bottom: 5px;'>Formato del Disco Duro: 3.5 pulgadas<\/li>\n<\/ul><\/div>\n<\/p><\/div>\n<p> <!-- Card: Hardware --> <\/p>\n<div style='flex: 1 1 250px; border: 1px solid rgba(150&comma; 150&comma; 150&comma; 0.4); border-radius: 8px; overflow: hidden; display: flex; flex-direction: column;'>\n<div style='padding: 15px; border-bottom: 1px solid rgba(150&comma; 150&comma; 150&comma; 0.2); font-weight: bold; font-size: 18px; color: inherit;'>Hardware<\/div>\n<div style='padding: 15px; color: inherit;'>\n<ul style='padding-left: 20px; margin: 0; font-size: 14px; list-style-type: disc;'>\n<li style='margin-bottom: 5px;'>Capacidad: <strong style='color: inherit;'>24 TB<\/strong><\/li>\n<li style='margin-bottom: 5px;'>Metodo de alimentaci\u00f3n: Entrada 5\/12 Vcc<\/li>\n<li style='margin-bottom: 5px;'>Interfaz de gesti\u00f3n: SATA 6 Gb\/s<\/li>\n<li style='margin-bottom: 5px;'>Velocidad: 7200 RPM<\/li>\n<li style='margin-bottom: 5px;'>Clasificaci\u00f3n de carga de trabajo: 550 TB\/a\u00f1o<\/li>\n<li style='margin-bottom: 5px;'>MTBF: 2&comma;500&comma;000 h<\/li>\n<li style='margin-bottom: 5px;'>Temperatura de operaci\u00f3n: 5 a 60\u00b0 C (41 a 140\u00b0 F)<\/li>\n<li style='margin-bottom: 5px;'>Humedad de operaci\u00f3n: 5 a 90% sin condensaci\u00f3n<\/li>\n<li style='margin-bottom: 5px;'>Cumple con NDAA<\/li>\n<li style='margin-bottom: 5px;'>Certificaciones: CE&comma; IC<\/li>\n<\/ul><\/div>\n<\/p><\/div>\n<p> <!-- Card: Compatibilidad --> <\/p>\n<div style='flex: 1 1 250px; border: 1px solid rgba(150&comma; 150&comma; 150&comma; 0.4); border-radius: 8px; overflow: hidden; display: flex; flex-direction: column;'>\n<div style='padding: 15px; border-bottom: 1px solid rgba(150&comma; 150&comma; 150&comma; 0.2); font-weight: bold; font-size: 18px; color: inherit;'>Compatibilidad<\/div>\n<div style='padding: 15px; color: inherit;'>\n<ul style='padding-left: 20px; margin: 0; font-size: 14px; list-style-type: disc;'>\n<li style='margin-bottom: 5px;'><strong style='color: inherit;'>UDM-SE<\/strong><\/li>\n<li style='margin-bottom: 5px;'><strong style='color: inherit;'>UDM-Pro-Max<\/strong><\/li>\n<li style='margin-bottom: 5px;'><strong style='color: inherit;'>UNVR<\/strong><\/li>\n<li style='margin-bottom: 5px;'><strong style='color: inherit;'>UNVR-Pro<\/strong><\/li>\n<li style='margin-bottom: 5px;'><strong style='color: inherit;'>ENVR<\/strong><\/li>\n<li style='margin-bottom: 5px;'><strong style='color: inherit;'>UDM-Pro<\/strong><\/li>\n<li style='margin-bottom: 5px;'><strong style='color: inherit;'>UNAS-Pro<\/strong><\/li>\n<\/ul><\/div>\n<\/p><\/div>\n<\/p><\/div>\n<\/p><\/div>\n","protected":false},"excerpt":{"rendered":"<p>Enterprise 3.5&#8243; HDD, 24 TB, Disco Duro SATA de Nivel Empresarial, Ideal para Sistemas NAS y de Seguridad de C\u00e1maras UniFi con uso Intensivo de Almacenamiento.<\/p>\n","protected":false},"featured_media":100925,"comment_status":"open","ping_status":"closed","template":"","meta":[],"product_brand":[],"product_cat":[2103],"product_tag":[2022,2065,166],"class_list":{"0":"post-100926","1":"product","2":"type-product","3":"status-publish","4":"has-post-thumbnail","6":"product_cat-discos-duros-mecanicos-hdd-servidores-almacenamiento","7":"product_tag-discos-duros-mecanicos-hdd","8":"product_tag-servidores-almacenamiento","9":"product_tag-ubiquiti","11":"first","12":"outofstock","13":"sale","14":"shipping-taxable","15":"purchasable","16":"product-type-simple"},"_links":{"self":[{"href":"https:\/\/soydeaqui.ddns.net\/pachuca\/index.php\/wp-json\/wp\/v2\/product\/100926","targetHints":{"allow":["GET"]}}],"collection":[{"href":"https:\/\/soydeaqui.ddns.net\/pachuca\/index.php\/wp-json\/wp\/v2\/product"}],"about":[{"href":"https:\/\/soydeaqui.ddns.net\/pachuca\/index.php\/wp-json\/wp\/v2\/types\/product"}],"replies":[{"embeddable":true,"href":"https:\/\/soydeaqui.ddns.net\/pachuca\/index.php\/wp-json\/wp\/v2\/comments?post=100926"}],"wp:featuredmedia":[{"embeddable":true,"href":"https:\/\/soydeaqui.ddns.net\/pachuca\/index.php\/wp-json\/wp\/v2\/media\/100925"}],"wp:attachment":[{"href":"https:\/\/soydeaqui.ddns.net\/pachuca\/index.php\/wp-json\/wp\/v2\/media?parent=100926"}],"wp:term":[{"taxonomy":"product_brand","embeddable":true,"href":"https:\/\/soydeaqui.ddns.net\/pachuca\/index.php\/wp-json\/wp\/v2\/product_brand?post=100926"},{"taxonomy":"product_cat","embeddable":true,"href":"https:\/\/soydeaqui.ddns.net\/pachuca\/index.php\/wp-json\/wp\/v2\/product_cat?post=100926"},{"taxonomy":"product_tag","embeddable":true,"href":"https:\/\/soydeaqui.ddns.net\/pachuca\/index.php\/wp-json\/wp\/v2\/product_tag?post=100926"}],"curies":[{"name":"wp","href":"https:\/\/api.w.org\/{rel}","templated":true}]}}