{"id":100903,"date":"2026-03-20T11:36:05","date_gmt":"2026-03-20T11:36:05","guid":{"rendered":"https:\/\/soydeaqui.ddns.net\/pachuca\/index.php\/producto\/licencias-de-dispositivos-de-vigilancia-synology-paquete-de-4-licencias-compatibilidad-con-camaras-ip-modulos-de-e-s-altavoces-ip-gestion-centralizada-cms-licencias-predeterminadas-incluidas\/"},"modified":"2026-03-20T11:36:06","modified_gmt":"2026-03-20T11:36:06","slug":"licencias-de-dispositivos-de-vigilancia-synology-paquete-de-4-licencias-compatibilidad-con-camaras-ip-modulos-de-e-s-altavoces-ip-gestion-centralizada-cms-licencias-predeterminadas-incluidas","status":"publish","type":"product","link":"https:\/\/soydeaqui.ddns.net\/pachuca\/index.php\/producto\/licencias-de-dispositivos-de-vigilancia-synology-paquete-de-4-licencias-compatibilidad-con-camaras-ip-modulos-de-e-s-altavoces-ip-gestion-centralizada-cms-licencias-predeterminadas-incluidas\/","title":{"rendered":"Licencias de Dispositivos de Vigilancia Synology | Paquete de 4 Licencias | Compatibilidad con C\u00e1maras IP, M\u00f3dulos de E\/S, Altavoces IP | Gesti\u00f3n Centralizada CMS | Licencias Predeterminadas Incluidas."},"content":{"rendered":"<div style='width: 100%; max-width: 1200px; margin: 0 auto; font-family: sans-serif; line-height: 1.6; color: inherit; background-color: transparent;'> <!-- Secci\u00f3n de overview --> <\/p>\n<div style='margin-bottom: 30px;'>\n<p style='font-size: 17px; line-height: 1.6; margin: 0 0 20px 0; color: inherit;'> Las licencias de dispositivos de vigilancia de Synology permiten la configuraci\u00f3n y administraci\u00f3n de c\u00e1maras IP&comma; m\u00f3dulos de E\/S&comma; altavoces IP&comma; intercomunicadores y controladores de acceso en Synology Surveillance Station. Incluyen licencias predeterminadas y opciones de expansi\u00f3n con paquetes de 1&comma; 4 u 8 licencias para adaptarse a las necesidades de su sistema de vigilancia. <\/p>\n<\/p><\/div>\n<p> <!-- Secci\u00f3n de caracter\u00edsticas principales --> <\/p>\n<div style='margin-bottom: 30px;'>\n<h2 style='font-size: 24px; font-weight: 600; margin: 0 0 20px 0; color: inherit; opacity: 0.9; border-bottom: 2px solid rgba(150&comma;150&comma;150&comma;0.3); padding-bottom: 8px;'> Caracter\u00edsticas Principales <\/h2>\n<div style='display: flex; flex-wrap: wrap; gap: 20px; margin-top: 20px;'>\n<div style='flex: 1 1 300px; min-width: 280px;'>\n<ul style='padding-left: 20px; font-size: 15px; color: inherit; margin: 0;'>\n<li style='margin-bottom: 8px;'>Paquetes de licencias disponibles en 1&comma; 4 u 8 dispositivos<\/li>\n<li style='margin-bottom: 8px;'>Compatibilidad con c\u00e1maras IP&comma; m\u00f3dulos de E\/S&comma; altavoces IP&comma; intercomunicadores y controladores de acceso<\/li>\n<li style='margin-bottom: 8px;'>Licencias predeterminadas incluidas en Synology NAS\/NVR<\/li>\n<li style='margin-bottom: 8px;'>Gesti\u00f3n centralizada de licencias a trav\u00e9s de CMS<\/li>\n<li style='margin-bottom: 8px;'>Activaci\u00f3n y migraci\u00f3n de licencias sencilla<\/li>\n<\/ul><\/div>\n<\/p><\/div>\n<\/p><\/div>\n<p> <!-- Secci\u00f3n de detalles t\u00e9cnicos --> <\/p>\n<div style='margin-bottom: 30px;'>\n<h2 style='font-size: 24px; font-weight: 600; margin: 0 0 20px 0; color: inherit; opacity: 0.9; border-bottom: 2px solid rgba(150&comma;150&comma;150&comma;0.3); padding-bottom: 8px;'> Detalles T\u00e9cnicos <\/h2>\n<div style='display: flex; flex-wrap: wrap; gap: 20px; margin-top: 20px;'>\n<div style='flex: 1 1 300px; min-width: 280px;'>\n<div style='border: 1px solid rgba(150&comma; 150&comma; 150&comma; 0.4); border-radius: 8px; overflow: hidden; display: flex; flex-direction: column; height: 100%;'>\n<div style='padding: 15px; border-bottom: 1px solid rgba(150&comma; 150&comma; 150&comma; 0.2); font-weight: bold; font-size: 18px; color: inherit; background-color: rgba(240&comma;240&comma;240&comma;0.05);'> Especificaciones <\/div>\n<div style='padding: 15px; color: inherit;'>\n<ul style='padding-left: 20px; margin: 0; font-size: 14px; list-style-type: disc; color: inherit;'>\n<li style='margin-bottom: 8px;'>Licencias predeterminadas: Synology NAS (2)&comma; NVR (4)&comma; Deep Learning NVR (8)<\/li>\n<li style='margin-bottom: 8px;'>Unidad de licencia por dispositivo: 1 licencia por c\u00e1mara IP&comma; m\u00f3dulo de E\/S&comma; altavoz IP&comma; intercomunicador&comma; controlador de acceso<\/li>\n<li style='margin-bottom: 8px;'>Dispositivos de transacci\u00f3n: 2 licencias por dispositivo<\/li>\n<li style='margin-bottom: 8px;'>C\u00e1maras multiobjetivo: Licencias adicionales seg\u00fan el n\u00famero de canales<\/li>\n<\/ul><\/div>\n<\/p><\/div>\n<\/p><\/div>\n<div style='flex: 1 1 300px; min-width: 280px;'>\n<div style='border: 1px solid rgba(150&comma; 150&comma; 150&comma; 0.4); border-radius: 8px; overflow: hidden; display: flex; flex-direction: column; height: 100%;'>\n<div style='padding: 15px; border-bottom: 1px solid rgba(150&comma; 150&comma; 150&comma; 0.2); font-weight: bold; font-size: 18px; color: inherit; background-color: rgba(240&comma;240&comma;240&comma;0.05);'> Interfaces y Conectividad <\/div>\n<div style='padding: 15px; color: inherit;'>\n<ul style='padding-left: 20px; margin: 0; font-size: 14px; list-style-type: disc; color: inherit;'>\n<li style='margin-bottom: 8px;'>Compatibilidad con c\u00e1maras IP y anal\u00f3gicas<\/li>\n<li style='margin-bottom: 8px;'>Integraci\u00f3n con Synology Surveillance Station<\/li>\n<li style='margin-bottom: 8px;'>Gesti\u00f3n de licencias a trav\u00e9s de DSM y CMS<\/li>\n<\/ul><\/div>\n<\/p><\/div>\n<\/p><\/div>\n<\/p><\/div>\n<\/p><\/div>\n<p> <!-- Secci\u00f3n de aplicaciones y casos de uso --> <\/p>\n<div style='margin-bottom: 30px;'>\n<h2 style='font-size: 24px; font-weight: 600; margin: 0 0 20px 0; color: inherit; opacity: 0.9; border-bottom: 2px solid rgba(150&comma;150&comma;150&comma;0.3); padding-bottom: 8px;'> Aplicaciones y Casos de Uso <\/h2>\n<div style='display: flex; flex-wrap: wrap; gap: 20px; margin-top: 20px;'>\n<div style='flex: 1 1 300px; min-width: 280px;'>\n<div style='border: 1px solid rgba(150&comma; 150&comma; 150&comma; 0.4); border-radius: 8px; overflow: hidden; display: flex; flex-direction: column; height: 100%;'>\n<div style='padding: 15px; border-bottom: 1px solid rgba(150&comma; 150&comma; 150&comma; 0.2); font-weight: bold; font-size: 18px; color: inherit; background-color: rgba(240&comma;240&comma;240&comma;0.05);'> Vigilancia Empresarial <\/div>\n<div style='padding: 15px; color: inherit;'>\n<p style='margin: 0; font-size: 14px; color: inherit;'> Ideal para empresas que necesitan expandir su sistema de vigilancia con c\u00e1maras IP y dispositivos de seguridad adicionales. <\/p>\n<\/p><\/div>\n<\/p><\/div>\n<\/p><\/div>\n<div style='flex: 1 1 300px; min-width: 280px;'>\n<div style='border: 1px solid rgba(150&comma; 150&comma; 150&comma; 0.4); border-radius: 8px; overflow: hidden; display: flex; flex-direction: column; height: 100%;'>\n<div style='padding: 15px; border-bottom: 1px solid rgba(150&comma; 150&comma; 150&comma; 0.2); font-weight: bold; font-size: 18px; color: inherit; background-color: rgba(240&comma;240&comma;240&comma;0.05);'> Control de Acceso <\/div>\n<div style='padding: 15px; color: inherit;'>\n<p style='margin: 0; font-size: 14px; color: inherit;'> Perfecto para sistemas de control de acceso que requieren licencias para intercomunicadores y controladores de puertas. <\/p>\n<\/p><\/div>\n<\/p><\/div>\n<\/p><\/div>\n<div style='flex: 1 1 300px; min-width: 280px;'>\n<div style='border: 1px solid rgba(150&comma; 150&comma; 150&comma; 0.4); border-radius: 8px; overflow: hidden; display: flex; flex-direction: column; height: 100%;'>\n<div style='padding: 15px; border-bottom: 1px solid rgba(150&comma; 150&comma; 150&comma; 0.2); font-weight: bold; font-size: 18px; color: inherit; background-color: rgba(240&comma;240&comma;240&comma;0.05);'> Vigilancia Residencial <\/div>\n<div style='padding: 15px; color: inherit;'>\n<p style='margin: 0; font-size: 14px; color: inherit;'> Adecuado para hogares que necesitan un sistema de vigilancia con c\u00e1maras IP y altavoces para monitoreo remoto. <\/p>\n<\/p><\/div>\n<\/p><\/div>\n<\/p><\/div>\n<\/p><\/div>\n<\/p><\/div>\n<p> <!-- Separador final --> <\/p>\n<hr style='border: 0; border-top: 1px solid rgba(150&comma; 150&comma; 150&comma; 0.3); margin: 30px 0;'> <\/div>\n","protected":false},"excerpt":{"rendered":"<p>Licencias de Dispositivos de Vigilancia Synology | Paquete de 4 Licencias | Compatibilidad con C\u00e1maras IP, M\u00f3dulos de E\/S, Altavoces IP | Gesti\u00f3n Centralizada CMS | Licencias Predeterminadas Incluidas.<\/p>\n","protected":false},"featured_media":100902,"comment_status":"open","ping_status":"closed","template":"","meta":[],"product_brand":[],"product_cat":[2337],"product_tag":[2263,1976],"class_list":{"0":"post-100903","1":"product","2":"type-product","3":"status-publish","4":"has-post-thumbnail","6":"product_cat-synology","7":"product_tag-software-vms-y-analiticas","8":"product_tag-synology","10":"first","11":"outofstock","12":"sale","13":"shipping-taxable","14":"purchasable","15":"product-type-simple"},"_links":{"self":[{"href":"https:\/\/soydeaqui.ddns.net\/pachuca\/index.php\/wp-json\/wp\/v2\/product\/100903","targetHints":{"allow":["GET"]}}],"collection":[{"href":"https:\/\/soydeaqui.ddns.net\/pachuca\/index.php\/wp-json\/wp\/v2\/product"}],"about":[{"href":"https:\/\/soydeaqui.ddns.net\/pachuca\/index.php\/wp-json\/wp\/v2\/types\/product"}],"replies":[{"embeddable":true,"href":"https:\/\/soydeaqui.ddns.net\/pachuca\/index.php\/wp-json\/wp\/v2\/comments?post=100903"}],"wp:featuredmedia":[{"embeddable":true,"href":"https:\/\/soydeaqui.ddns.net\/pachuca\/index.php\/wp-json\/wp\/v2\/media\/100902"}],"wp:attachment":[{"href":"https:\/\/soydeaqui.ddns.net\/pachuca\/index.php\/wp-json\/wp\/v2\/media?parent=100903"}],"wp:term":[{"taxonomy":"product_brand","embeddable":true,"href":"https:\/\/soydeaqui.ddns.net\/pachuca\/index.php\/wp-json\/wp\/v2\/product_brand?post=100903"},{"taxonomy":"product_cat","embeddable":true,"href":"https:\/\/soydeaqui.ddns.net\/pachuca\/index.php\/wp-json\/wp\/v2\/product_cat?post=100903"},{"taxonomy":"product_tag","embeddable":true,"href":"https:\/\/soydeaqui.ddns.net\/pachuca\/index.php\/wp-json\/wp\/v2\/product_tag?post=100903"}],"curies":[{"name":"wp","href":"https:\/\/api.w.org\/{rel}","templated":true}]}}