{"id":100896,"date":"2026-03-20T11:35:43","date_gmt":"2026-03-20T11:35:43","guid":{"rendered":"https:\/\/soydeaqui.ddns.net\/pachuca\/index.php\/producto\/unifi-protect-unvr-instant-grabador-de-video-en-red-con-soporte-para-hdd-de-3-5-switch-poe-integrado-de-6-puertos-gbe-40w-y-puerto-hdmi-viewport\/"},"modified":"2026-03-20T11:35:59","modified_gmt":"2026-03-20T11:35:59","slug":"unifi-protect-unvr-instant-grabador-de-video-en-red-con-soporte-para-hdd-de-3-5-switch-poe-integrado-de-6-puertos-gbe-40w-y-puerto-hdmi-viewport","status":"publish","type":"product","link":"https:\/\/soydeaqui.ddns.net\/pachuca\/index.php\/producto\/unifi-protect-unvr-instant-grabador-de-video-en-red-con-soporte-para-hdd-de-3-5-switch-poe-integrado-de-6-puertos-gbe-40w-y-puerto-hdmi-viewport\/","title":{"rendered":"UniFi Protect UNVR-Instant \u2013 Grabador de Video en Red con Soporte para HDD de 3.5\u201d, Switch PoE Integrado de 6 Puertos GbE (40W) y Puerto HDMI Viewport"},"content":{"rendered":"<div style='width: 100%; max-width: 1200px; margin: 0 auto; font-family: sans-serif; line-height: 1.6; color: inherit; background-color: transparent;'> <!-- Hero section --> <\/p>\n<div style='display: flex; flex-wrap: wrap; gap: 30px; margin-bottom: 30px; border: 1px solid rgba(150&comma;150&comma;150&comma;0.3); border-radius: 12px; padding: 20px; background-color: transparent;'> <!-- Video principal --> <\/p>\n<div style='flex: 1 1 320px; min-width: 280px;'>\n<div style='position: relative; padding-bottom: 56.25%; height: 0; overflow: hidden; border-radius: 12px; border: 1px solid rgba(150&comma;150&comma;150&comma;0.3);'> <video style='position: absolute; top: 0; left: 0; width: 100%; height: 100%;' autoplay muted loop playsinline><source src='https:\/\/ftp3.syscom.mx\/usuarios\/adiaz\/Ubiquiti\/Imagenes\/UNVRINSTANT\/UNVR_Instant_02.mp4' type='video\/mp4'><img src='https:\/\/ftp3.syscom.mx\/usuarios\/adiaz\/Ubiquiti\/Imagenes\/UNVRINSTANT\/fallback.png' alt='Ubiquiti UCG-Fiber' style='width: 100%; height: auto; border: 1px solid rgba(150&comma;150&comma;150&comma;0.3); border-radius: 12px;'><\/video> <\/div>\n<\/p><\/div>\n<p> <!-- Informaci\u00f3n principal --> <\/p>\n<div style='flex: 1 1 360px; min-width: 280px;'>\n<h2 style='font-size: 22px; margin-top: 0; margin-bottom: 10px; color: inherit; opacity: 0.9;'>Network Video Recorder Instant<\/h2>\n<div style='margin-bottom: 15px; color: inherit; font-weight: 600; opacity: 0.8;'>Modelo: <span style='font-weight: 700; color: inherit;'>UNVR-Instant<\/span><\/div>\n<p style='margin: 0; color: inherit; font-size: 15px;'>UniFi Protect <strong>NVR<\/strong> Compacto con Soporte de Disco Duro de 3.5&#8242; con un Switch PoE Integrado de 6 Puertos 40 W y un Puerto HDMI Viewport.<\/p>\n<\/p><\/div>\n<\/p><\/div>\n<p> <!-- Secci\u00f3n de videos adicionales --> <\/p>\n<div style='margin-bottom: 30px;'>\n<div style='position: relative; padding-bottom: 56.25%; height: 0; overflow: hidden; border-radius: 12px; border: 1px solid rgba(150&comma;150&comma;150&comma;0.3);'> <video style='position: absolute; top: 0; left: 0; width: 100%; height: 100%;' autoplay muted loop playsinline><source src='https:\/\/ftp3.syscom.mx\/usuarios\/adiaz\/Ubiquiti\/Imagenes\/UNVRINSTANT\/INSTANTloop.mp4' type='video\/mp4'><img src='https:\/\/ftp3.syscom.mx\/usuarios\/adiaz\/Ubiquiti\/Imagenes\/UNVRINSTANT\/fallback.png' alt='Ubiquiti UX' style='width: 100%; height: auto; border: 1px solid rgba(150&comma;150&comma;150&comma;0.3); border-radius: 12px;'><\/video> <\/div>\n<\/p><\/div>\n<p> <!-- T\u00edtulo de especificaciones --> <\/p>\n<div style='text-align: center; margin: 40px 0 30px;'> <span style='font-size: 1.5rem; font-weight: 700; color: inherit; display: inline-block; border-bottom: 2px solid currentColor; padding-bottom: 8px;'>Especificaciones<\/span> <\/div>\n<p> <!-- Grid de especificaciones --> <\/p>\n<div style='display: flex; flex-wrap: wrap; gap: 20px; margin-bottom: 40px;'> <!-- Caracter\u00edsticas principales --> <\/p>\n<div style='flex: 1 1 250px; border: 1px solid rgba(150&comma; 150&comma; 150&comma; 0.4); border-radius: 8px; overflow: hidden; display: flex; flex-direction: column; background-color: transparent;'>\n<div style='padding: 15px; border-bottom: 1px solid rgba(150&comma; 150&comma; 150&comma; 0.2); font-weight: bold; font-size: 16px; color: inherit;'>Caracter\u00edsticas principales<\/div>\n<div style='padding: 15px; color: inherit;'>\n<ul style='padding-left: 20px; margin: 0; font-size: 14px; list-style-type: disc;'>\n<li style='margin-bottom: 8px;'>(1) Soporte para HDD de 3&comma;5&#8242;<\/li>\n<li style='margin-bottom: 8px;'>(1) Puerto Ascendente GbE RJ45&comma; (6) Puertos GbE PoE RJ45 y (1) Puerto HDMI Viewport<\/li>\n<li style='margin-bottom: 8px;'>Suite de Aplicaciones UniFi: <strong>Protect<\/strong> y <strong>Access<\/strong><\/li>\n<li style='margin-bottom: 8px;'>Capacidad de C\u00e1maras: (15) HD&comma; (8) 2K o (6) 4K<\/li>\n<\/ul><\/div>\n<\/p><\/div>\n<p> <!-- Caracter\u00edsticas f\u00edsicas y el\u00e9ctricas --> <\/p>\n<div style='flex: 1 1 250px; border: 1px solid rgba(150&comma; 150&comma; 150&comma; 0.4); border-radius: 8px; overflow: hidden; display: flex; flex-direction: column; background-color: transparent;'>\n<div style='padding: 15px; border-bottom: 1px solid rgba(150&comma; 150&comma; 150&comma; 0.2); font-weight: bold; font-size: 16px; color: inherit;'>Caracter\u00edsticas f\u00edsicas y el\u00e9ctricas<\/div>\n<div style='padding: 15px; color: inherit;'>\n<ul style='padding-left: 20px; margin: 0; font-size: 14px; list-style-type: disc;'>\n<li style='margin-bottom: 8px;'>220 x 220 x 47 mm (8.7 x 8.7 x 1.9&#8242;)<\/li>\n<li style='margin-bottom: 8px;'>Peso: 1.04 kg (2.3 lb)<\/li>\n<li style='margin-bottom: 8px;'>Material de la carcasa: Policarbonato<\/li>\n<li style='margin-bottom: 8px;'>Alimentaci\u00f3n: 100\u2014240V~ 1.5A Max.&comma; 50\/60 Hz<\/li>\n<li style='margin-bottom: 8px;'>Temperatura de operaci\u00f3n: 0 a 40 \u00b0C (32 a 104 \u00b0F)<\/li>\n<li style='margin-bottom: 8px;'>Humedad de operaci\u00f3n: 5\u201395% sin condensaci\u00f3n<\/li>\n<\/ul><\/div>\n<\/p><\/div>\n<p> <!-- Rendimiento --> <\/p>\n<div style='flex: 1 1 250px; border: 1px solid rgba(150&comma; 150&comma; 150&comma; 0.4); border-radius: 8px; overflow: hidden; display: flex; flex-direction: column; background-color: transparent;'>\n<div style='padding: 15px; border-bottom: 1px solid rgba(150&comma; 150&comma; 150&comma; 0.2); font-weight: bold; font-size: 16px; color: inherit;'>Rendimiento<\/div>\n<div style='padding: 15px; color: inherit;'>\n<ul style='padding-left: 20px; margin: 0; font-size: 14px; list-style-type: disc;'>\n<li style='margin-bottom: 8px;'>Cantidad C\u00e1maras Soportadas: (15) HD&comma; (8) 2K o (6) 4K<\/li>\n<li style='margin-bottom: 8px;'>Capacidad Almacenamiento: (1) Bah\u00eda de 3&comma;5&#8242;<\/li>\n<li style='margin-bottom: 8px;'>Procesador: Quad-core ARM\u00ae Cortex\u00ae-A55 a 1.7 GHz<\/li>\n<li style='margin-bottom: 8px;'>Memoria: 4 GB<\/li>\n<li style='margin-bottom: 8px;'>Gesti\u00f3n: Ethernet \/ Bluetooth<\/li>\n<\/ul><\/div>\n<\/p><\/div>\n<p> <!-- Almacenamiento Recomendado --> <\/p>\n<div style='flex: 1 1 250px; border: 1px solid rgba(150&comma; 150&comma; 150&comma; 0.4); border-radius: 8px; overflow: hidden; display: flex; flex-direction: column; background-color: transparent;'>\n<div style='padding: 15px; border-bottom: 1px solid rgba(150&comma; 150&comma; 150&comma; 0.2); font-weight: bold; font-size: 16px; color: inherit;'>Almacenamiento Recomendado<\/div>\n<div style='padding: 15px; color: inherit;'>\n<ul style='padding-left: 20px; margin: 0; font-size: 14px; list-style-type: disc;'>\n<li style='margin-bottom: 8px;'><strong>Tipo de almacenamiento:<\/strong> HDD 3.5&#8242;<\/li>\n<li style='margin-bottom: 8px;'><strong>Consolas UniFi aplicables:<\/strong> Consolas est\u00e1ndar en rack (ej. UNVR-Pro&comma; UNAS-Pro&comma; UDM-Pro&comma; UNVR-Instant)<\/li>\n<li style='margin-bottom: 8px;'><strong>Almacenamiento recomendado:<\/strong> HDD oficial UniFi: 8\/16\/24TB<\/li>\n<li style='margin-bottom: 8px;'><strong>Requisitos generales:<\/strong> Disco CMR de 1TB o mayor con velocidad de 7200RPM<\/li>\n<\/ul><\/div>\n<\/p><\/div>\n<p> <!-- Almacenamiento Incompatible --> <\/p>\n<div style='flex: 1 1 250px; border: 1px solid rgba(150&comma; 150&comma; 150&comma; 0.4); border-radius: 8px; overflow: hidden; display: flex; flex-direction: column; background-color: transparent;'>\n<div style='padding: 15px; border-bottom: 1px solid rgba(150&comma; 150&comma; 150&comma; 0.2); font-weight: bold; font-size: 16px; color: inherit;'>Almacenamiento Incompatible<\/div>\n<div style='padding: 15px; color: inherit;'>\n<ul style='padding-left: 20px; margin: 0; font-size: 14px; list-style-type: disc;'>\n<li style='margin-bottom: 8px;'><strong>Seagate SkyHawk ST10000VX0004 (10TB):<\/strong> No cabe en la bandeja de discos.<\/li>\n<li style='margin-bottom: 8px;'><strong>Seagate Ultrathin ST500LT032 (500GB):<\/strong> No tiene tornillos inferiores.<\/li>\n<li style='margin-bottom: 8px;'><strong>Western Digital UltraSlim WD5000MPCK (500GB):<\/strong> No tiene tornillos inferiores y los conectores no se ajustan a la bandeja.<\/li>\n<li style='margin-bottom: 8px;'><strong>Cualquier disco SMR:<\/strong> Aunque caben en la bandeja&comma; generan problemas de funcionamiento.<\/li>\n<\/ul><\/div>\n<\/p><\/div>\n<\/p><\/div>\n<p> <!-- Accesorios recomendados --> <\/p>\n<div style='margin-bottom: 40px;'>\n<h3 style='text-align: center; font-size: 1.35rem; margin-bottom: 25px; color: inherit; border-bottom: 2px solid currentColor; padding-bottom: 8px; display: inline-block;'>Accesorios Recomendados<\/h3>\n<div style='display: flex; flex-wrap: wrap; justify-content: center; gap: 20px;'> <!-- Accesorio 1 --> <a href='https:\/\/www.syscom.mx\/producto\/UACC-HDD-E-8TB-UBIQUITI-244009.html' target='_blank' style='flex: 1 1 160px; text-decoration: none; color: inherit; max-width: 300px;'> <\/p>\n<div style='border: 1px solid rgba(150&comma;150&comma;150&comma;0.3); border-radius: 10px; padding: 15px; text-align: center; background-color: transparent;'> <img src='https:\/\/ftp3.syscom.mx\/usuarios\/adiaz\/Ubiquiti\/Imagenes\/UNVRINSTANT\/portada.png' alt='UACC-HDD-E-8TB' style='width: 100%; max-width: 120px; height: auto; margin-bottom: 10px; border: 1px solid rgba(150&comma;150&comma;150&comma;0.3); border-radius: 8px;'> <\/p>\n<div style='font-weight: 600; color: inherit; font-size: 15px;'>UACC-HDD-E-8TB<\/div>\n<\/p><\/div>\n<p> <\/a> <!-- Accesorio 2 --> <a href='https:\/\/www.syscom.mx\/producto\/UACC-HDD-E-16TB-UBIQUITI-244007.html' target='_blank' style='flex: 1 1 160px; text-decoration: none; color: inherit; max-width: 300px;'> <\/p>\n<div style='border: 1px solid rgba(150&comma;150&comma;150&comma;0.3); border-radius: 10px; padding: 15px; text-align: center; background-color: transparent;'> <img src='https:\/\/ftp3.syscom.mx\/usuarios\/adiaz\/Ubiquiti\/Imagenes\/UNVRINSTANT\/portada_0S1000.png' alt='UACC-HDD-E-16TB' style='width: 100%; max-width: 120px; height: auto; margin-bottom: 10px; border: 1px solid rgba(150&comma;150&comma;150&comma;0.3); border-radius: 8px;'> <\/p>\n<div style='font-weight: 600; color: inherit; font-size: 15px;'>UACC-HDD-E-16TB<\/div>\n<\/p><\/div>\n<p> <\/a> <!-- Accesorio 3 --> <a href='https:\/\/www.syscom.mx\/producto\/UACC-HDD-E-24TB-UBIQUITI-244005.html' target='_blank' style='flex: 1 1 160px; text-decoration: none; color: inherit; max-width: 300px;'> <\/p>\n<div style='border: 1px solid rgba(150&comma;150&comma;150&comma;0.3); border-radius: 10px; padding: 15px; text-align: center; background-color: transparent;'> <img src='https:\/\/ftp3.syscom.mx\/usuarios\/adiaz\/Ubiquiti\/Imagenes\/UNVRINSTANT\/portada_0S1000.png' alt='UACC-HDD-E-24TB' style='width: 100%; max-width: 120px; height: auto; margin-bottom: 10px; border: 1px solid rgba(150&comma;150&comma;150&comma;0.3); border-radius: 8px;'> <\/p>\n<div style='font-weight: 600; color: inherit; font-size: 15px;'>UACC-HDD-E-24TB<\/div>\n<\/p><\/div>\n<p> <\/a> <\/div>\n<\/p><\/div>\n<p> <!-- Contenido del paquete --> <\/p>\n<div style='margin-bottom: 40px;'>\n<h3 style='text-align: center; font-size: 1.35rem; margin-bottom: 25px; color: inherit; border-bottom: 2px solid currentColor; padding-bottom: 8px; display: inline-block;'>Contenido del Paquete<\/h3>\n<div style='text-align: center;'> <img src='https:\/\/ftp3.syscom.mx\/usuarios\/adiaz\/Ubiquiti\/Imagenes\/UNVRINSTANT\/contenido.png' alt='Contenido del paquete UNVR-Instant' style='width: 100%; max-width: 600px; height: auto; border: 1px solid rgba(150&comma;150&comma;150&comma;0.3); border-radius: 12px;'> <\/div>\n<\/p><\/div>\n<\/p><\/div>\n","protected":false},"excerpt":{"rendered":"<p>UniFi Protect UNVR-Instant \u2013 Grabador de Video en Red con Soporte para HDD de 3.5\u201d, Switch PoE Integrado de 6 Puertos GbE (40W) y Puerto HDMI Viewport<\/p>\n","protected":false},"featured_media":100895,"comment_status":"open","ping_status":"closed","template":"","meta":[],"product_brand":[],"product_cat":[2234],"product_tag":[122,2235,166],"class_list":{"0":"post-100896","1":"product","2":"type-product","3":"status-publish","4":"has-post-thumbnail","6":"product_cat-nvrs-network-video-recorders","7":"product_tag-camaras-ip-y-nvrs","8":"product_tag-nvrs-network-video-recorders","9":"product_tag-ubiquiti","11":"first","12":"instock","13":"sale","14":"shipping-taxable","15":"purchasable","16":"product-type-simple"},"_links":{"self":[{"href":"https:\/\/soydeaqui.ddns.net\/pachuca\/index.php\/wp-json\/wp\/v2\/product\/100896","targetHints":{"allow":["GET"]}}],"collection":[{"href":"https:\/\/soydeaqui.ddns.net\/pachuca\/index.php\/wp-json\/wp\/v2\/product"}],"about":[{"href":"https:\/\/soydeaqui.ddns.net\/pachuca\/index.php\/wp-json\/wp\/v2\/types\/product"}],"replies":[{"embeddable":true,"href":"https:\/\/soydeaqui.ddns.net\/pachuca\/index.php\/wp-json\/wp\/v2\/comments?post=100896"}],"wp:featuredmedia":[{"embeddable":true,"href":"https:\/\/soydeaqui.ddns.net\/pachuca\/index.php\/wp-json\/wp\/v2\/media\/100895"}],"wp:attachment":[{"href":"https:\/\/soydeaqui.ddns.net\/pachuca\/index.php\/wp-json\/wp\/v2\/media?parent=100896"}],"wp:term":[{"taxonomy":"product_brand","embeddable":true,"href":"https:\/\/soydeaqui.ddns.net\/pachuca\/index.php\/wp-json\/wp\/v2\/product_brand?post=100896"},{"taxonomy":"product_cat","embeddable":true,"href":"https:\/\/soydeaqui.ddns.net\/pachuca\/index.php\/wp-json\/wp\/v2\/product_cat?post=100896"},{"taxonomy":"product_tag","embeddable":true,"href":"https:\/\/soydeaqui.ddns.net\/pachuca\/index.php\/wp-json\/wp\/v2\/product_tag?post=100896"}],"curies":[{"name":"wp","href":"https:\/\/api.w.org\/{rel}","templated":true}]}}