{"id":100889,"date":"2026-03-20T11:35:23","date_gmt":"2026-03-20T11:35:23","guid":{"rendered":"https:\/\/soydeaqui.ddns.net\/pachuca\/index.php\/producto\/unifi-protect-unvr-instant-kit-solucion-todo-en-uno-con-nvr-instant-4-camaras-g5-turret-ultra-y-disco-duro-de-1-tb-para-una-configuracion-rapida-y-sencilla\/"},"modified":"2026-03-20T11:35:39","modified_gmt":"2026-03-20T11:35:39","slug":"unifi-protect-unvr-instant-kit-solucion-todo-en-uno-con-nvr-instant-4-camaras-g5-turret-ultra-y-disco-duro-de-1-tb-para-una-configuracion-rapida-y-sencilla","status":"publish","type":"product","link":"https:\/\/soydeaqui.ddns.net\/pachuca\/index.php\/producto\/unifi-protect-unvr-instant-kit-solucion-todo-en-uno-con-nvr-instant-4-camaras-g5-turret-ultra-y-disco-duro-de-1-tb-para-una-configuracion-rapida-y-sencilla\/","title":{"rendered":"UniFi Protect UNVR Instant Kit \u2013 Soluci\u00f3n Todo en Uno con NVR Instant, 4 C\u00e1maras G5 Turret Ultra y Disco Duro de 1 TB para una Configuraci\u00f3n R\u00e1pida y Sencilla"},"content":{"rendered":"<div style='font-family: sans-serif; color: inherit; line-height: 1.6; margin: 0 auto; max-width: 1200px; background: transparent;'> <!-- Hero Section --> <\/p>\n<div style='display: flex; flex-wrap: wrap; gap: 30px; align-items: center; margin-bottom: 30px;'>\n<div style='flex: 1 1 300px; min-width: 280px;'> <!-- Video container --> <\/p>\n<div style='position: relative; padding-bottom: 56.25%; height: 0; overflow: hidden;'> <video src='https:\/\/ftp3.syscom.mx\/usuarios\/adiaz\/Ubiquiti\/Imagenes\/UNVRINSTANTKIT\/UNVR_Instant_KIT.mp4' autoplay muted loop playsinline style='position: absolute; top: 0; left: 0; width: 100%; height: 100%; border: 1px solid rgba(150&comma;150&comma;150&comma;0.3); border-radius: 8px;'><\/video> <img src='https:\/\/ftp3.syscom.mx\/usuarios\/adiaz\/Ubiquiti\/Imagenes\/UNVRINSTANTKIT\/fallback.png' alt='Ubiquiti UNVR-Instant' style='display: none; width: 100%; height: auto; border: 1px solid rgba(150&comma;150&comma;150&comma;0.3); border-radius: 8px;'> <\/div>\n<\/p><\/div>\n<div style='flex: 1 1 360px; min-width: 280px;'>\n<h2 style='font-size: 22px; margin: 0 0 10px; color: inherit;'>Network Video Recorder Instant Kit<\/h2>\n<div style='margin: 0 0 15px; font-weight: 600; color: inherit; opacity: 0.8;'>Modelo: <span style='font-weight: 700; opacity: 1;'>UNVR-Instant-Kit<\/span><\/div>\n<p style='margin: 0; color: inherit;'>Kit Compacto UniFi Protect <strong>NVR<\/strong> incluye (1) UniFi Protect NVR Instant con (4) c\u00e1maras G5 Turret Ultra y (1) HDD de 1 TB&comma; ofreciendo una soluci\u00f3n integral para una configuraci\u00f3n r\u00e1pida y sin esfuerzo.<\/p>\n<\/p><\/div>\n<\/p><\/div>\n<p> <!-- Second Video Section --> <\/p>\n<div style='display: flex; flex-wrap: wrap; gap: 30px; align-items: center; margin-bottom: 30px;'>\n<div style='flex: 1 1 300px; min-width: 280px;'> <!-- Video container --> <\/p>\n<div style='position: relative; padding-bottom: 56.25%; height: 0; overflow: hidden;'> <video src='https:\/\/ftp3.syscom.mx\/usuarios\/adiaz\/Ubiquiti\/Imagenes\/UNVRINSTANTKIT\/loop.mp4' autoplay muted loop playsinline style='position: absolute; top: 0; left: 0; width: 100%; height: 100%; border: 1px solid rgba(150&comma;150&comma;150&comma;0.3); border-radius: 8px;'><\/video> <img src='https:\/\/ftp3.syscom.mx\/usuarios\/adiaz\/Ubiquiti\/Imagenes\/UNVRINSTANTKIT\/fallback.png' alt='Ubiquiti UNVR-Instant-Kit' style='display: none; width: 100%; height: auto; border: 1px solid rgba(150&comma;150&comma;150&comma;0.3); border-radius: 8px;'> <\/div>\n<\/p><\/div>\n<\/p><\/div>\n<p> <!-- Specifications Section --> <\/p>\n<div style='text-align: center; margin: 40px 0 20px;'> <span style='font-size: 20px; font-weight: 700; color: inherit;'>Especificaciones<\/span> <\/div>\n<p> <!-- Specification Cards --> <\/p>\n<div style='display: flex; flex-wrap: wrap; gap: 20px; margin-bottom: 30px;'> <!-- UNVR Instant Card --> <\/p>\n<div style='flex: 1 1 300px; min-width: 280px; border: 1px solid rgba(150&comma;150&comma;150&comma;0.3); border-radius: 8px; overflow: hidden; background: transparent;'>\n<div style='padding: 15px; border-bottom: 1px solid rgba(150&comma;150&comma;150&comma;0.2); font-weight: 700; color: inherit;'>Network Video Recorder Instant<\/div>\n<div style='padding: 15px; color: inherit;'>\n<ul style='padding-left: 20px; margin: 0; list-style-type: disc; font-size: 14px;'>\n<li style='margin-bottom: 8px; padding-top: 8px; border-top: 1px solid rgba(150&comma;150&comma;150&comma;0.15);'><strong>Dimensiones:<\/strong> 220 \u00d7 220 \u00d7 47 mm (8.7 \u00d7 8.7 \u00d7 1.9&#8242;)<\/li>\n<li style='margin-bottom: 8px; padding-top: 8px; border-top: 1px solid rgba(150&comma;150&comma;150&comma;0.15);'><strong>Suite de aplicaciones UniFi:<\/strong> Protect \u2713&comma; Access \u2713<\/li>\n<li style='margin-bottom: 8px; padding-top: 8px; border-top: 1px solid rgba(150&comma;150&comma;150&comma;0.15);'><strong>C\u00e1maras administradas:<\/strong> (15) HD&comma; (8) 2K&comma; (6) 4K<\/li>\n<li style='margin-bottom: 8px; padding-top: 8px; border-top: 1px solid rgba(150&comma;150&comma;150&comma;0.15);'><strong>Hubs de acceso administrados:<\/strong> 50<\/li>\n<li style='margin-bottom: 8px; padding-top: 8px; border-top: 1px solid rgba(150&comma;150&comma;150&comma;0.15);'><strong>Capacidad de almacenamiento:<\/strong> (1) Bah\u00eda para unidad de 3.5&#8242;<\/li>\n<li style='margin-bottom: 8px; padding-top: 8px; border-top: 1px solid rgba(150&comma;150&comma;150&comma;0.15);'><strong>Protecci\u00f3n de datos (RAID):<\/strong> \u2713<\/li>\n<li style='margin-bottom: 8px; padding-top: 8px; border-top: 1px solid rgba(150&comma;150&comma;150&comma;0.15);'><strong>Viewport (salida HDMI):<\/strong> \u2713<\/li>\n<li style='margin-bottom: 8px; padding-top: 8px; border-top: 1px solid rgba(150&comma;150&comma;150&comma;0.15);'><strong>Interfaz de red:<\/strong> (1) Puerto ascendente GbE RJ45&comma; (6) Puertos GbE PoE RJ45&comma; (1) Puerto HDMI (Viewport)<\/li>\n<li style='margin-bottom: 8px; padding-top: 8px; border-top: 1px solid rgba(150&comma;150&comma;150&comma;0.15);'><strong>Factor de forma \/ Montaje:<\/strong> Escritorio compacto; pared o riel DIN (incluido)<\/li>\n<li style='margin-bottom: 8px; padding-top: 8px; border-top: 1px solid rgba(150&comma;150&comma;150&comma;0.15);'><strong>Capacidad m\u00e1x. de energ\u00eda para discos:<\/strong> 11 W<\/li>\n<li style='margin-bottom: 8px; padding-top: 8px; border-top: 1px solid rgba(150&comma;150&comma;150&comma;0.15);'><strong>Consumo m\u00e1x. de energ\u00eda del equipo:<\/strong> 9 W<\/li>\n<li style='margin-bottom: 8px; padding-top: 8px; border-top: 1px solid rgba(150&comma;150&comma;150&comma;0.15);'><strong>M\u00e9todo de alimentaci\u00f3n:<\/strong> Entrada CA 100\u2013240 V~&comma; 1.5 A m\u00e1x.&comma; 50\/60 Hz<\/li>\n<li style='margin-bottom: 8px; padding-top: 8px; border-top: 1px solid rgba(150&comma;150&comma;150&comma;0.15);'><strong>Fuente de poder:<\/strong> Interna AC\/DC&comma; 60 W<\/li>\n<li style='margin-bottom: 8px; padding-top: 8px; border-top: 1px solid rgba(150&comma;150&comma;150&comma;0.15);'><strong>Presupuesto PoE:<\/strong> 40 W (hasta 15.4 W por puerto&comma; 44\u201357 V)<\/li>\n<li style='margin-bottom: 8px; padding-top: 8px; border-top: 1px solid rgba(150&comma;150&comma;150&comma;0.15);'><strong>Procesador \/ Memoria:<\/strong> Quad-core ARM\u00ae Cortex\u00ae-A55 a 1.7 GHz; 4 GB RAM<\/li>\n<li style='margin-bottom: 8px; padding-top: 8px; border-top: 1px solid rgba(150&comma;150&comma;150&comma;0.15);'><strong>Gesti\u00f3n:<\/strong> Ethernet&comma; Bluetooth; pantalla 1.14&#8242;<\/li>\n<li style='margin-bottom: 8px; padding-top: 8px; border-top: 1px solid rgba(150&comma;150&comma;150&comma;0.15);'><strong>Peso:<\/strong> 1.04 kg (2.3 lb)<\/li>\n<li style='margin-bottom: 8px; padding-top: 8px; border-top: 1px solid rgba(150&comma;150&comma;150&comma;0.15);'><strong>Materiales:<\/strong> Carcasa policarbonato; base policarbonato<\/li>\n<li style='margin-bottom: 8px; padding-top: 8px; border-top: 1px solid rgba(150&comma;150&comma;150&comma;0.15);'><strong>Temperatura\/Humedad operaci\u00f3n:<\/strong> 0 a 40 \u00b0C; 5\u201395% sin condensaci\u00f3n<\/li>\n<li style='margin-bottom: 8px; padding-top: 8px; border-top: 1px solid rgba(150&comma;150&comma;150&comma;0.15);'><strong>Conformidad:<\/strong> NDAA \u2713; Certificaciones: FCC&comma; IC&comma; CE&comma; Seguridad El\u00e9ctrica<\/li>\n<\/ul><\/div>\n<\/p><\/div>\n<p> <!-- G5 Turret Ultra Card --> <\/p>\n<div style='flex: 1 1 300px; min-width: 280px; border: 1px solid rgba(150&comma;150&comma;150&comma;0.3); border-radius: 8px; overflow: hidden; background: transparent;'>\n<div style='padding: 15px; border-bottom: 1px solid rgba(150&comma;150&comma;150&comma;0.2); font-weight: 700; color: inherit;'>G5 Turret Ultra<\/div>\n<div style='padding: 15px; color: inherit;'>\n<ul style='padding-left: 20px; margin: 0; list-style-type: disc; font-size: 14px;'>\n<li style='margin-bottom: 8px; padding-top: 8px; border-top: 1px solid rgba(150&comma;150&comma;150&comma;0.15);'><strong>Dimensiones:<\/strong> \u00d890 \u00d7 71.2 mm (\u00d83.5 \u00d7 2.8&#8242;)<\/li>\n<li style='margin-bottom: 8px; padding-top: 8px; border-top: 1px solid rgba(150&comma;150&comma;150&comma;0.15);'><strong>Visi\u00f3n nocturna IR:<\/strong> 30 m (98 ft)<\/li>\n<li style='margin-bottom: 8px; padding-top: 8px; border-top: 1px solid rgba(150&comma;150&comma;150&comma;0.15);'><strong>Detecciones inteligentes:<\/strong> Personas&comma; Veh\u00edculos&comma; Animales (\u2713)<\/li>\n<li style='margin-bottom: 8px; padding-top: 8px; border-top: 1px solid rgba(150&comma;150&comma;150&comma;0.15);'><strong>Resoluci\u00f3n \/ Sensor:<\/strong> 2K (4MP 2688 \u00d7 1512&comma; 16:9); 1\/2.4&#8242; CMOS<\/li>\n<li style='margin-bottom: 8px; padding-top: 8px; border-top: 1px solid rgba(150&comma;150&comma;150&comma;0.15);'><strong>Campo de visi\u00f3n:<\/strong> H 102.4\u00b0&comma; V 54.9\u00b0&comma; D 120.6\u00b0<\/li>\n<li style='margin-bottom: 8px; padding-top: 8px; border-top: 1px solid rgba(150&comma;150&comma;150&comma;0.15);'><strong>Audio:<\/strong> Micr\u00f3fono integrado<\/li>\n<li style='margin-bottom: 8px; padding-top: 8px; border-top: 1px solid rgba(150&comma;150&comma;150&comma;0.15);'><strong>Video (ajustes):<\/strong> Color&comma; brillo&comma; nitidez&comma; contraste&comma; balance de blancos&comma; exposici\u00f3n&comma; 2DNR\/3DNR&comma; NR por movimiento&comma; m\u00e1scaras&comma; texto en pantalla<\/li>\n<li style='margin-bottom: 8px; padding-top: 8px; border-top: 1px solid rgba(150&comma;150&comma;150&comma;0.15);'><strong>Cuadros por segundo m\u00e1x.:<\/strong> 30 FPS<\/li>\n<li style='margin-bottom: 8px; padding-top: 8px; border-top: 1px solid rgba(150&comma;150&comma;150&comma;0.15);'><strong>\u00d3ptica:<\/strong> Lente de foco fijo; modo noche con IR LED y filtro de corte IR<\/li>\n<li style='margin-bottom: 8px; padding-top: 8px; border-top: 1px solid rgba(150&comma;150&comma;150&comma;0.15);'><strong>Interfaz de red:<\/strong> Puerto RJ45 10\/100 MbE<\/li>\n<li style='margin-bottom: 8px; padding-top: 8px; border-top: 1px solid rgba(150&comma;150&comma;150&comma;0.15);'><strong>Consumo m\u00e1x.:<\/strong> 4 W; <strong>Tensi\u00f3n soportada:<\/strong> 37\u201357 V DC; <strong>M\u00e9todo de alimentaci\u00f3n:<\/strong> PoE<\/li>\n<li style='margin-bottom: 8px; padding-top: 8px; border-top: 1px solid rgba(150&comma;150&comma;150&comma;0.15);'><strong>Procesador:<\/strong> Doble n\u00facleo Arm\u00ae Cortex\u00ae-A7<\/li>\n<li style='margin-bottom: 8px; padding-top: 8px; border-top: 1px solid rgba(150&comma;150&comma;150&comma;0.15);'><strong>Peso:<\/strong> 330 g (11.6 oz)<\/li>\n<li style='margin-bottom: 8px; padding-top: 8px; border-top: 1px solid rgba(150&comma;150&comma;150&comma;0.15);'><strong>Materiales:<\/strong> Aleaci\u00f3n de aluminio y policarbonato (UV); cubierta y soporte de policarbonato<\/li>\n<li style='margin-bottom: 8px; padding-top: 8px; border-top: 1px solid rgba(150&comma;150&comma;150&comma;0.15);'><strong>Bot\u00f3n:<\/strong> Restablecimiento de f\u00e1brica<\/li>\n<li style='margin-bottom: 8px; padding-top: 8px; border-top: 1px solid rgba(150&comma;150&comma;150&comma;0.15);'><strong>Cable \/ Conector:<\/strong> RJ45; di\u00e1metro 5 mm; longitud 30 cm; chaqueta TPE\/PC\/silicona<\/li>\n<li style='margin-bottom: 8px; padding-top: 8px; border-top: 1px solid rgba(150&comma;150&comma;150&comma;0.15);'><strong>Clasificaciones:<\/strong> IP66&comma; IK04; <strong>Temperatura:<\/strong> -30 a 50 \u00b0C; <strong>Humedad:<\/strong> 0\u201390% sin condensaci\u00f3n<\/li>\n<li style='margin-bottom: 8px; padding-top: 8px; border-top: 1px solid rgba(150&comma;150&comma;150&comma;0.15);'><strong>Conformidad:<\/strong> NDAA \u2713; Certificaciones: CE&comma; FCC&comma; IC<\/li>\n<\/ul><\/div>\n<\/p><\/div>\n<p> <!-- HDD Card --> <\/p>\n<div style='flex: 1 1 300px; min-width: 280px; border: 1px solid rgba(150&comma;150&comma;150&comma;0.3); border-radius: 8px; overflow: hidden; background: transparent;'>\n<div style='padding: 15px; border-bottom: 1px solid rgba(150&comma;150&comma;150&comma;0.2); font-weight: 700; color: inherit;'>HDD<\/div>\n<div style='padding: 15px; color: inherit;'>\n<ul style='padding-left: 20px; margin: 0; list-style-type: disc; font-size: 14px;'>\n<li style='margin-bottom: 8px; padding-top: 8px; border-top: 1px solid rgba(150&comma;150&comma;150&comma;0.15);'><strong>Dimensiones:<\/strong> 147 \u00d7 101.6 \u00d7 26.1 mm (5.75 \u00d7 4 \u00d7 1&#8242;)<\/li>\n<li style='margin-bottom: 8px; padding-top: 8px; border-top: 1px solid rgba(150&comma;150&comma;150&comma;0.15);'><strong>Factor de forma:<\/strong> 3.5&#8242;<\/li>\n<li style='margin-bottom: 8px; padding-top: 8px; border-top: 1px solid rgba(150&comma;150&comma;150&comma;0.15);'><strong>Peso:<\/strong> 0.45 kg (0.99 lb)<\/li>\n<li style='margin-bottom: 8px; padding-top: 8px; border-top: 1px solid rgba(150&comma;150&comma;150&comma;0.15);'><strong>Capacidad:<\/strong> 1 TB<\/li>\n<li style='margin-bottom: 8px; padding-top: 8px; border-top: 1px solid rgba(150&comma;150&comma;150&comma;0.15);'><strong>M\u00e9todo de alimentaci\u00f3n:<\/strong> Entrada 5V\/12V<\/li>\n<li style='margin-bottom: 8px; padding-top: 8px; border-top: 1px solid rgba(150&comma;150&comma;150&comma;0.15);'><strong>Interfaz:<\/strong> SATA 6 Gb\/s<\/li>\n<li style='margin-bottom: 8px; padding-top: 8px; border-top: 1px solid rgba(150&comma;150&comma;150&comma;0.15);'><strong>Velocidad de rotaci\u00f3n:<\/strong> 5400 RPM<\/li>\n<li style='margin-bottom: 8px; padding-top: 8px; border-top: 1px solid rgba(150&comma;150&comma;150&comma;0.15);'><strong>Workload (carga de trabajo):<\/strong> 180 TB\/a\u00f1o<\/li>\n<li style='margin-bottom: 8px; padding-top: 8px; border-top: 1px solid rgba(150&comma;150&comma;150&comma;0.15);'><strong>MTBF:<\/strong> 1&comma;000&comma;000 h<\/li>\n<li style='margin-bottom: 8px; padding-top: 8px; border-top: 1px solid rgba(150&comma;150&comma;150&comma;0.15);'><strong>Temperatura\/Humedad operaci\u00f3n:<\/strong> 0 a 65 \u00b0C; 5\u201395% sin condensaci\u00f3n<\/li>\n<li style='margin-bottom: 8px; padding-top: 8px; border-top: 1px solid rgba(150&comma;150&comma;150&comma;0.15);'><strong>Conformidad:<\/strong> NDAA \u2713; Certificaciones: FCC&comma; CE&comma; TUV&comma; RCM&comma; KC&comma; BSMI<\/li>\n<\/ul><\/div>\n<\/p><\/div>\n<\/p><\/div>\n<p> <!-- Package Contents --> <\/p>\n<div style='border: 1px solid rgba(150&comma;150&comma;150&comma;0.3); border-radius: 8px; padding: 20px; margin: 30px 0;'>\n<h3 style='margin: 0 0 15px; font-size: 18px; font-weight: 600; color: inherit;'>Contenido del Paquete<\/h3>\n<p> <img src='https:\/\/ftp3.syscom.mx\/usuarios\/adiaz\/Ubiquiti\/Imagenes\/UNVRINSTANTKIT\/contenido.png' alt='Contenido del paquete UNVR-Instant-Kit' style='width: 100%; height: auto; border: 1px solid rgba(150&comma;150&comma;150&comma;0.3); border-radius: 8px;'> <\/div>\n<\/p><\/div>\n","protected":false},"excerpt":{"rendered":"<p>UniFi Protect UNVR Instant Kit \u2013 Soluci\u00f3n Todo en Uno con NVR Instant, 4 C\u00e1maras G5 Turret Ultra y Disco Duro de 1 TB para una Configuraci\u00f3n R\u00e1pida y Sencilla<\/p>\n","protected":false},"featured_media":100888,"comment_status":"open","ping_status":"closed","template":"","meta":[],"product_brand":[],"product_cat":[2056],"product_tag":[122,2057,166],"class_list":{"0":"post-100889","1":"product","2":"type-product","3":"status-publish","4":"has-post-thumbnail","6":"product_cat-domo-eyeball-turret","7":"product_tag-camaras-ip-y-nvrs","8":"product_tag-domo-eyeball-turret","9":"product_tag-ubiquiti","11":"first","12":"instock","13":"sale","14":"shipping-taxable","15":"purchasable","16":"product-type-simple"},"_links":{"self":[{"href":"https:\/\/soydeaqui.ddns.net\/pachuca\/index.php\/wp-json\/wp\/v2\/product\/100889","targetHints":{"allow":["GET"]}}],"collection":[{"href":"https:\/\/soydeaqui.ddns.net\/pachuca\/index.php\/wp-json\/wp\/v2\/product"}],"about":[{"href":"https:\/\/soydeaqui.ddns.net\/pachuca\/index.php\/wp-json\/wp\/v2\/types\/product"}],"replies":[{"embeddable":true,"href":"https:\/\/soydeaqui.ddns.net\/pachuca\/index.php\/wp-json\/wp\/v2\/comments?post=100889"}],"wp:featuredmedia":[{"embeddable":true,"href":"https:\/\/soydeaqui.ddns.net\/pachuca\/index.php\/wp-json\/wp\/v2\/media\/100888"}],"wp:attachment":[{"href":"https:\/\/soydeaqui.ddns.net\/pachuca\/index.php\/wp-json\/wp\/v2\/media?parent=100889"}],"wp:term":[{"taxonomy":"product_brand","embeddable":true,"href":"https:\/\/soydeaqui.ddns.net\/pachuca\/index.php\/wp-json\/wp\/v2\/product_brand?post=100889"},{"taxonomy":"product_cat","embeddable":true,"href":"https:\/\/soydeaqui.ddns.net\/pachuca\/index.php\/wp-json\/wp\/v2\/product_cat?post=100889"},{"taxonomy":"product_tag","embeddable":true,"href":"https:\/\/soydeaqui.ddns.net\/pachuca\/index.php\/wp-json\/wp\/v2\/product_tag?post=100889"}],"curies":[{"name":"wp","href":"https:\/\/api.w.org\/{rel}","templated":true}]}}