{"id":100819,"date":"2026-03-20T11:32:07","date_gmt":"2026-03-20T11:32:07","guid":{"rendered":"https:\/\/soydeaqui.ddns.net\/pachuca\/index.php\/producto\/camara-pt-wi-fi-triple-lente-panoramica-360-resolucion-2k-vision-nocturna-a-color-ia-deteccion-de-humanos-y-vehiculos-alarma-con-sirena-y-luz-ip67\/"},"modified":"2026-03-20T11:32:17","modified_gmt":"2026-03-20T11:32:17","slug":"camara-pt-wi-fi-triple-lente-panoramica-360-resolucion-2k-vision-nocturna-a-color-ia-deteccion-de-humanos-y-vehiculos-alarma-con-sirena-y-luz-ip67","status":"publish","type":"product","link":"https:\/\/soydeaqui.ddns.net\/pachuca\/index.php\/producto\/camara-pt-wi-fi-triple-lente-panoramica-360-resolucion-2k-vision-nocturna-a-color-ia-deteccion-de-humanos-y-vehiculos-alarma-con-sirena-y-luz-ip67\/","title":{"rendered":"C\u00e1mara PT \/ Wi-Fi \/ Triple Lente \/ Panor\u00e1mica 360\u00b0 \/ Resoluci\u00f3n 2k+ \/ Visi\u00f3n Nocturna a color  \/ IA Detecci\u00f3n de Humanos y Vehiculos \/ Alarma con Sirena y Luz \/ IP67"},"content":{"rendered":"<div style='width: 100%; max-width: 1200px; margin: 0 auto; font-family: sans-serif; line-height: 1.6; color: inherit; background-color: transparent;'> <!-- Secci\u00f3n de caracter\u00edsticas con flex --> <\/p>\n<div style='display: flex; flex-wrap: wrap; gap: 30px; margin-bottom: 30px;'> <!-- Caracter\u00edsticas principales --> <\/p>\n<div style='flex: 1 1 300px; min-width: 280px;'>\n<h3 style='font-size: 22px; border-bottom: 2px solid currentColor; padding-bottom: 5px; margin-top: 0; color: inherit; opacity: 0.8;'>Caracter\u00edsticas:<\/h3>\n<ul style='padding-left: 20px; font-size: 15px; color: inherit;'>\n<li style='margin-bottom: 5px;'>Visi\u00f3n panor\u00e1mica 360\u00b0<\/li>\n<li style='margin-bottom: 5px;'>Resoluci\u00f3n 2k+<\/li>\n<li style='margin-bottom: 5px;'>Visi\u00f3n nocturna a color<\/li>\n<li style='margin-bottom: 5px;'>Resistencia a condiciones clim\u00e1ticas IP67<\/li>\n<li style='margin-bottom: 5px;'>Lentes con apertura de F1.6<\/li>\n<li style='margin-bottom: 5px;'>Detecci\u00f3n AI de humanos y veh\u00edculos<\/li>\n<li style='margin-bottom: 5px;'>Preset (hasta 12 puntos)<\/li>\n<\/ul><\/div>\n<p> <!-- Interfaces y conectividad --> <\/p>\n<div style='flex: 1 1 300px; min-width: 280px;'>\n<h3 style='font-size: 22px; border-bottom: 2px solid currentColor; padding-bottom: 5px; margin-top: 0; color: inherit; opacity: 0.8;'>Interfaces y Conectividad:<\/h3>\n<ul style='padding-left: 20px; font-size: 15px; color: inherit;'>\n<li style='margin-bottom: 5px;'>Wi-Fi Frecuencia: 2.4 GHz<\/li>\n<li style='margin-bottom: 5px;'>Puerto Ethernet RJ45 10\/100m<\/li>\n<li style='margin-bottom: 5px;'>Alimentaci\u00f3n: DC 12V \/ 1.5A<\/li>\n<li style='margin-bottom: 5px;'>Tarjeta microSD hasta 512 GB<\/li>\n<li style='margin-bottom: 5px;'>Compatibilidad con EZVIZ CloudPlay<\/li>\n<\/ul><\/div>\n<p> <!-- Funcionalidades destacadas --> <\/p>\n<div style='flex: 1 1 300px; min-width: 280px;'>\n<h3 style='font-size: 22px; border-bottom: 2px solid currentColor; padding-bottom: 5px; margin-top: 0; color: inherit; opacity: 0.8;'>Funcionalidades Destacadas:<\/h3>\n<ul style='padding-left: 20px; font-size: 15px; color: inherit;'>\n<li style='margin-bottom: 5px;'>Alarma activa con sirena y luces<\/li>\n<li style='margin-bottom: 5px;'>Integraci\u00f3n con Google Assistant y Alexa<\/li>\n<li style='margin-bottom: 5px;'>Comunicaci\u00f3n bidireccional<\/li>\n<li style='margin-bottom: 5px;'>Compresi\u00f3n de video H.265<\/li>\n<li style='margin-bottom: 5px;'>Auto-tracking y zonas de detecci\u00f3n personalizadas<\/li>\n<\/ul>\n<div style='margin-top: 15px; color: inherit;'>\n<p style='font-weight: bold; margin: 15px 0 10px; color: inherit;'>Opciones de almacenamiento en la nube:<\/p>\n<ul style='padding-left: 20px; margin: 0; font-size: 14px; list-style-type: disc; color: inherit;'>\n<li style='margin-bottom: 5px;'><span style='color: #d35400; font-weight: bold;'>Opci\u00f3n 1:<\/span> Comprar plan EZ-CLOUD\/7A para 7 d\u00edas de almacenamiento o EZ-CLOUD\/30A para 30 d\u00edas.<\/li>\n<li style='margin-bottom: 5px;'><span style='color: #d35400; font-weight: bold;'>Opci\u00f3n 2:<\/span> Suscribirse directamente desde la App EZVIZ.<\/li>\n<\/ul>\n<p style='color: #e74c3c; font-weight: bold; margin: 15px 0 10px;'>Notas:<\/p>\n<ul style='padding-left: 20px; margin: 0; font-size: 14px; list-style-type: square; color: inherit;'>\n<li style='margin-bottom: 8px; color: #e74c3c;'>Configuraci\u00f3n \u00fanicamente mediante aplicaci\u00f3n EZVIZ.<\/li>\n<li style='margin-bottom: 8px; color: #3598db; font-weight: bold;'>Compatible con Alexa&comma; Google Home y IFTTT<\/li>\n<\/ul><\/div>\n<\/p><\/div>\n<\/p><\/div>\n<p> <!-- Secci\u00f3n 1 - Seguimiento inteligente --> <\/p>\n<div style='display: flex; flex-wrap: wrap; gap: 30px; margin-bottom: 40px; align-items: center;'>\n<div style='flex: 1 1 400px; min-width: 280px;'> <img style='width: 100%; height: auto; border: 1px solid rgba(150&comma;150&comma;150&comma;0.3); border-radius: 8px;' src='https:\/\/ftp3.syscom.mx\/usuarios\/rcovarrubias\/EZVIZ\/Manual%20esp-ing\/CS-H80F\/11.1.png' alt='Seguimiento inteligente'> <\/div>\n<div style='flex: 1 1 400px; min-width: 280px;'>\n<h2 style='font-size: 24px; margin-bottom: 20px; color: inherit;'>Captura y sigue de forma inteligente un objetivo lejano y en movimiento<\/h2>\n<p style='color: inherit;'>Es dif\u00edcil que un intruso o un coche paseante desaparezca del campo de visi\u00f3n de la H80f Multi. La c\u00e1mara se centrar\u00e1 autom\u00e1ticamente en la persona o el veh\u00edculo detectado&comma; ampliar\u00e1 el alcance para ver hasta 50 metros y girar\u00e1 para seguirlos de un lado a otro y capturar toda la acci\u00f3n.<\/p>\n<\/p><\/div>\n<\/p><\/div>\n<p> <!-- Secci\u00f3n 2 - Cobertura completa --> <\/p>\n<div style='display: flex; flex-wrap: wrap; gap: 30px; margin-bottom: 40px; align-items: center;'>\n<div style='flex: 1 1 400px; min-width: 280px;'>\n<h2 style='font-size: 24px; margin-bottom: 20px; color: inherit;'>Regreso con un solo clic a direcciones preestablecidas y relaci\u00f3n de zoom<\/h2>\n<p style='color: inherit;'>Puede configurar f\u00e1cilmente 12 \u00e1ngulos de visi\u00f3n y relaciones de zoom utilizados frecuentemente mediante la aplicaci\u00f3n EZVIZ&comma; lo que permite que el H80f Multi regrese sin esfuerzo a su \u00e1ngulo preferido o ampl\u00ede con solo un clic.<\/p>\n<\/p><\/div>\n<div style='flex: 1 1 400px; min-width: 280px;'> <img style='width: 100%; height: auto; border: 1px solid rgba(150&comma;150&comma;150&comma;0.3); border-radius: 8px;' src='https:\/\/ftp3.syscom.mx\/usuarios\/rcovarrubias\/EZVIZ\/Manual%20esp-ing\/CS-H80F\/11.2.png' alt='Cobertura completa'> <\/div>\n<\/p><\/div>\n<p> <!-- Secci\u00f3n de descripci\u00f3n general --> <\/p>\n<div style='margin-top: 40px;'>\n<h3 style='font-size: 20px; border-bottom: 2px solid #42bb1a; padding-bottom: 8px; margin-top: 30px; text-align: center; color: inherit;'>Vea&comma; ampl\u00ede y proteja como nunca antes<\/h3>\n<p style='margin: 20px 0; color: inherit;'>La H80f Multi&comma; la primera c\u00e1mara para exteriores con triple lente de EZVIZ&comma; est\u00e1 dise\u00f1ada para brindar una seguridad excepcional en exteriores con una profesionalidad sin precedentes. La capacidad integrada de tres potentes lentes 2K+ permite a la c\u00e1mara capturar simult\u00e1neamente una vista amplia y primeros planos&comma; con un incre\u00edble zoom de 12x sin borrosidad. Su IA integrada detecta y enfoca eficazmente tanto a personas como a veh\u00edculos para grabar la actividad en curso de izquierda a derecha&comma; mientras recibe alertas m\u00f3viles m\u00e1s informativas acompa\u00f1adas de fotos dobles del visitante y del veh\u00edculo.<\/p>\n<\/p><\/div>\n<p> <!-- Imagen final --> <\/p>\n<div style='margin: 40px 0; text-align: center;'> <img style='width: 100%; max-width: 100%; height: auto; border: 1px solid rgba(150&comma;150&comma;150&comma;0.3); border-radius: 8px;' src='https:\/\/ftp3.syscom.mx\/usuarios\/rcovarrubias\/EZVIZ\/Manual%20esp-ing\/CS-H80F\/11.3.png' alt='Resumen de caracter\u00edsticas'> <\/div>\n<\/p><\/div>\n","protected":false},"excerpt":{"rendered":"<p>C\u00e1mara PT \/ Wi-Fi \/ Triple Lente \/ Panor\u00e1mica 360\u00b0 \/ Resoluci\u00f3n 2k+ \/ Visi\u00f3n Nocturna a color  \/ IA Detecci\u00f3n de Humanos y Vehiculos \/ Alarma con Sirena y Luz \/ IP67<\/p>\n","protected":false},"featured_media":100818,"comment_status":"open","ping_status":"closed","template":"","meta":[],"product_brand":[],"product_cat":[2231],"product_tag":[111,2233,2232],"class_list":{"0":"post-100819","1":"product","2":"type-product","3":"status-publish","4":"has-post-thumbnail","6":"product_cat-ip-megapixel","7":"product_tag-ezviz","8":"product_tag-ip-megapixel","9":"product_tag-kits-sistemas-completos","11":"first","12":"instock","13":"sale","14":"shipping-taxable","15":"purchasable","16":"product-type-simple"},"_links":{"self":[{"href":"https:\/\/soydeaqui.ddns.net\/pachuca\/index.php\/wp-json\/wp\/v2\/product\/100819","targetHints":{"allow":["GET"]}}],"collection":[{"href":"https:\/\/soydeaqui.ddns.net\/pachuca\/index.php\/wp-json\/wp\/v2\/product"}],"about":[{"href":"https:\/\/soydeaqui.ddns.net\/pachuca\/index.php\/wp-json\/wp\/v2\/types\/product"}],"replies":[{"embeddable":true,"href":"https:\/\/soydeaqui.ddns.net\/pachuca\/index.php\/wp-json\/wp\/v2\/comments?post=100819"}],"wp:featuredmedia":[{"embeddable":true,"href":"https:\/\/soydeaqui.ddns.net\/pachuca\/index.php\/wp-json\/wp\/v2\/media\/100818"}],"wp:attachment":[{"href":"https:\/\/soydeaqui.ddns.net\/pachuca\/index.php\/wp-json\/wp\/v2\/media?parent=100819"}],"wp:term":[{"taxonomy":"product_brand","embeddable":true,"href":"https:\/\/soydeaqui.ddns.net\/pachuca\/index.php\/wp-json\/wp\/v2\/product_brand?post=100819"},{"taxonomy":"product_cat","embeddable":true,"href":"https:\/\/soydeaqui.ddns.net\/pachuca\/index.php\/wp-json\/wp\/v2\/product_cat?post=100819"},{"taxonomy":"product_tag","embeddable":true,"href":"https:\/\/soydeaqui.ddns.net\/pachuca\/index.php\/wp-json\/wp\/v2\/product_tag?post=100819"}],"curies":[{"name":"wp","href":"https:\/\/api.w.org\/{rel}","templated":true}]}}