{"id":100800,"date":"2026-03-20T11:31:02","date_gmt":"2026-03-20T11:31:02","guid":{"rendered":"https:\/\/soydeaqui.ddns.net\/pachuca\/index.php\/producto\/camara-bullet-motorizada-ai-de-red-resolucion-4k-compresion-h-265-tasa-de-fotogramas-alta-100fps-wdr-pro-140db-almacenamiento-hasta-256gb-proteccion-ip67-ik10-lente-motorizada\/"},"modified":"2026-03-20T11:31:02","modified_gmt":"2026-03-20T11:31:02","slug":"camara-bullet-motorizada-ai-de-red-resolucion-4k-compresion-h-265-tasa-de-fotogramas-alta-100fps-wdr-pro-140db-almacenamiento-hasta-256gb-proteccion-ip67-ik10-lente-motorizada","status":"publish","type":"product","link":"https:\/\/soydeaqui.ddns.net\/pachuca\/index.php\/producto\/camara-bullet-motorizada-ai-de-red-resolucion-4k-compresion-h-265-tasa-de-fotogramas-alta-100fps-wdr-pro-140db-almacenamiento-hasta-256gb-proteccion-ip67-ik10-lente-motorizada\/","title":{"rendered":"C\u00e1mara Bullet Motorizada AI de Red \/ Resoluci\u00f3n 4K \/ Compresi\u00f3n H.265+ \/ Tasa de Fotogramas Alta 100fps \/ WDR Pro 140dB \/ Almacenamiento hasta 256GB \/ Protecci\u00f3n IP67 IK10 \/ Lente Motorizada"},"content":{"rendered":"<div style='width: 100%; max-width: 1200px; margin: 0 auto; font-family: sans-serif; line-height: 1.6; color: inherit; background-color: transparent;'> <!-- Secci\u00f3n de t\u00edtulo --> <\/p>\n<div style='display: flex; justify-content: center; align-items: center; text-align: center; margin: 2rem 0;'>\n<div style='width: 100%; max-width: 800px;'>\n<h2 style='font-size: 24px; margin: 0; color: inherit;'>Funciones potentes con un dise\u00f1o \u00fanico para c\u00e1maras profesionales<\/h2>\n<\/p><\/div>\n<\/p><\/div>\n<p> <!-- Secci\u00f3n de videos --> <\/p>\n<div style='display: flex; flex-wrap: wrap; gap: 15px; margin-bottom: 2rem;'>\n<div style='flex: 1 1 300px; min-width: 280px; position: relative; padding-bottom: 56.25%; height: 0; overflow: hidden;'>   <\/div>\n<div style='flex: 1 1 300px; min-width: 280px; position: relative; padding-bottom: 56.25%; height: 0; overflow: hidden;'>   <\/div>\n<\/p><\/div>\n<p> <!-- Secci\u00f3n con imagen de fondo y texto encima --> <\/p>\n<div style='position: relative; background-image: url(https:\/\/ftp3.syscom.mx\/usuarios\/fotos\/MSC4472RFPE\/240115-ai-empower-security.png); background-size: cover; background-position: center; min-height: 400px; color: white; margin-bottom: 2rem;'> <!-- Capa oscura para contraste --> <\/p>\n<div style='position: absolute; top: 0; left: 0; width: 100%; height: 100%; background-color: rgba(0&comma;0&comma;0&comma;0.5); z-index: 1;'><\/div>\n<p> <!-- Texto encima --> <\/p>\n<div style='position: relative; z-index: 2; padding: 2rem; display: flex; align-items: center; width: 100%;'>\n<div style='max-width: 50%;'>\n<h2 style='font-size: 22px; margin: 0 0 1rem 0; color: inherit;'>La IA potencia la seguridad<\/h2>\n<p style='font-size: 15px; color: inherit;'>La c\u00e1mara Milesight AI con algoritmos de IA de aprendizaje profundo puede filtrar objetos de forma inteligente para centrarse en la detecci\u00f3n de personas y veh\u00edculos&comma; adapt\u00e1ndose a diversas situaciones para ayudar a mejorar la eficiencia y la seguridad del monitoreo.<\/p>\n<\/p><\/div>\n<\/p><\/div>\n<\/p><\/div>\n<p> <!-- Secci\u00f3n con imagen y texto --> <\/p>\n<div style='display: flex; flex-wrap: wrap; gap: 20px; margin-bottom: 2rem;'>\n<div style='flex: 1 1 300px; min-width: 280px;'> <img style='width: 100%; height: auto; border: 1px solid rgba(150&comma;150&comma;150&comma;0.3); border-radius: 8px;' src='https:\/\/ftp3.syscom.mx\/usuarios\/fotos\/MSC4472RFPE\/240115-p-iris.png' alt='Control del iris P'> <\/div>\n<div style='flex: 1 1 300px; min-width: 280px; display: flex; align-items: center;'>\n<div>\n<h2 style='font-size: 22px; margin: 0 0 1rem 0; color: inherit;'>Control del iris P<\/h2>\n<p style='font-size: 15px; color: inherit;'>La tecnolog\u00eda avanzada de control P-Iris con c\u00e1mara de red Bullet Pro motorizada Milesight AI puede responder de manera autom\u00e1tica y precisa a todas las condiciones de iluminaci\u00f3n&comma; ofreciendo una calidad de imagen \u00f3ptima con una buena profundidad de campo.<\/p>\n<\/p><\/div>\n<\/p><\/div>\n<\/p><\/div>\n<p> <!-- Secci\u00f3n con texto e imagen --> <\/p>\n<div style='display: flex; flex-wrap: wrap; gap: 20px; margin-bottom: 2rem;'>\n<div style='flex: 1 1 300px; min-width: 280px; display: flex; align-items: center;'>\n<div>\n<h2 style='font-size: 22px; margin: 0 0 1rem 0; color: inherit;'>S\u00faper WDR de 140 dB<\/h2>\n<p style='font-size: 15px; color: inherit;'>Grabe mayores detalles de la escena con reproducci\u00f3n de color real incluso en condiciones extremas de contraluz y alto contraste.<\/p>\n<\/p><\/div>\n<\/p><\/div>\n<div style='flex: 1 1 300px; min-width: 280px;'> <img style='width: 100%; height: auto; border: 1px solid rgba(150&comma;150&comma;150&comma;0.3); border-radius: 8px;' src='https:\/\/ftp3.syscom.mx\/usuarios\/fotos\/MSC4472RFPE\/240115-wdr.jpg' alt='S\u00faper WDR de 140 dB'> <\/div>\n<\/p><\/div>\n<p> <!-- Secci\u00f3n con imagen y texto --> <\/p>\n<div style='display: flex; flex-wrap: wrap; gap: 20px; margin-bottom: 2rem;'>\n<div style='flex: 1 1 300px; min-width: 280px;'> <img style='width: 100%; height: auto; border: 1px solid rgba(150&comma;150&comma;150&comma;0.3); border-radius: 8px;' src='https:\/\/ftp3.syscom.mx\/usuarios\/fotos\/MSC4472RFPE\/240115-90-high-frame-rate.png' alt='Alta velocidad de cuadros de 90 fps'> <\/div>\n<div style='flex: 1 1 300px; min-width: 280px; display: flex; align-items: center;'>\n<div>\n<h2 style='font-size: 22px; margin: 0 0 1rem 0; color: inherit;'>Alta velocidad de cuadros de 90 fps<\/h2>\n<p style='font-size: 15px; color: inherit;'>Con una velocidad de cuadros l\u00edder en la industria que alcanza los 90 fps&comma; la c\u00e1mara de red Milesight puede capturar im\u00e1genes f\u00e1cilmente sin latencia a pesar del movimiento de alta velocidad.<\/p>\n<\/p><\/div>\n<\/p><\/div>\n<\/p><\/div>\n<p> <!-- Secci\u00f3n con texto e imagen --> <\/p>\n<div style='display: flex; flex-wrap: wrap; gap: 20px; margin-bottom: 2rem;'>\n<div style='flex: 1 1 300px; min-width: 280px; display: flex; align-items: center;'>\n<div>\n<h2 style='font-size: 22px; margin: 0 0 1rem 0; color: inherit;'>Tecnolog\u00eda Smart IR II<\/h2>\n<p style='font-size: 15px; color: inherit;'>La tecnolog\u00eda mejorada de LED IR ofrece v\u00eddeos con un alcance de hasta 60 m (100 m)&comma; lo que garantiza una nitidez de imagen excepcional independientemente de la distancia del objeto. El brillo de ambos haces se puede ajustar manual o autom\u00e1ticamente seg\u00fan el zoom.<\/p>\n<\/p><\/div>\n<\/p><\/div>\n<div style='flex: 1 1 300px; min-width: 280px;'> <img style='width: 100%; height: auto; border: 1px solid rgba(150&comma;150&comma;150&comma;0.3); border-radius: 8px;' src='https:\/\/ftp3.syscom.mx\/usuarios\/fotos\/MSC4472RFPE\/240115-smart-ir.png' alt='Tecnolog\u00eda Smart IR II'> <\/div>\n<\/p><\/div>\n<p> <!-- Secci\u00f3n con texto centrado y imagen --> <\/p>\n<div style='background-color: #ffffff; padding: 2rem 1rem; margin-bottom: 2rem;'>\n<div style='display: flex; justify-content: center; align-items: center; flex-direction: column;'>\n<div style='width: 100%; max-width: 800px;'>\n<h2 style='font-size: 24px; margin: 0 0 1rem 0; color: inherit;'>Sensor Starlight de 1\/1&comma;8&#8242; y luz ultrabaja de 0&comma;002 lux<\/h2>\n<p style='font-size: 15px; color: inherit;'>La serie de c\u00e1maras Milesight AI&comma; con sensor Sony STARVIS Starlight de primera categor\u00eda&comma; puede proporcionar im\u00e1genes en color detalladas en condiciones de luz baja e infrarroja cercana hasta 0&comma;002 Lux (color) y 0 Lux (blanco y negro)&comma; sin iluminaci\u00f3n adicional.<\/p>\n<\/p><\/div>\n<\/p><\/div>\n<div style='display: flex; justify-content: center; align-items: center; padding-top: 1rem;'> <img style='width: 100%; max-width: 800px; height: auto; border: 1px solid rgba(150&comma;150&comma;150&comma;0.3); border-radius: 8px;' src='https:\/\/ftp3.syscom.mx\/usuarios\/fotos\/MSC4472RFPE\/240115-low-light.png' alt='Sensor Starlight'> <\/div>\n<\/p><\/div>\n<p> <!-- Secci\u00f3n con imagen y texto --> <\/p>\n<div style='display: flex; flex-wrap: wrap; gap: 20px; margin-bottom: 2rem;'>\n<div style='flex: 1 1 300px; min-width: 280px;'> <img style='width: 100%; height: auto; border: 1px solid rgba(150&comma;150&comma;150&comma;0.3); border-radius: 8px;' src='https:\/\/ftp3.syscom.mx\/usuarios\/fotos\/MSC4472RFPE\/240115-4k-view.png' alt='Experiencia de visualizaci\u00f3n de video 4K'> <\/div>\n<div style='flex: 1 1 300px; min-width: 280px; display: flex; align-items: center;'>\n<div>\n<h2 style='font-size: 22px; margin: 0 0 1rem 0; color: inherit;'>Experiencia de visualizaci\u00f3n de video 4K<\/h2>\n<p style='font-size: 15px; color: inherit;'>Al ofrecer una resoluci\u00f3n 4K (3840*2160&comma; efectivamente cuatro veces m\u00e1s que Full HD)&comma; es posible proporcionar a los usuarios una experiencia de visualizaci\u00f3n de video de ultra alta definici\u00f3n.<\/p>\n<\/p><\/div>\n<\/p><\/div>\n<\/p><\/div>\n<p> <!-- Secci\u00f3n con texto centrado y imagen --> <\/p>\n<div style='background-color: #000000; color: white; text-align: center; padding: 2rem 1rem; margin-bottom: 2rem;'>\n<div style='display: flex; flex-direction: column; align-items: center;'>\n<h2 style='font-size: 24px; margin: 0 0 1rem 0; color: inherit;'>IP67 y IK10<\/h2>\n<p style='font-size: 15px; max-width: 800px; color: inherit;'>Equipada con resistencia a la intemperie con clasificaci\u00f3n IP67 l\u00edder en la industria y resistencia al vandalismo con clasificaci\u00f3n IK10&comma; la c\u00e1mara est\u00e1 bien protegida contra impactos adversos para garantizar un rendimiento s\u00f3lido.<\/p>\n<p> <img style='width: 100%; max-width: 800px; height: auto; border: 1px solid rgba(150&comma;150&comma;150&comma;0.3); border-radius: 8px; margin-top: 1rem;' src='https:\/\/ftp3.syscom.mx\/usuarios\/fotos\/MSC4472RFPE\/240115-ip67-ik10.png' alt='IP67 y IK10'> <\/div>\n<\/p><\/div>\n<p> <!-- Secci\u00f3n con imagen y texto --> <\/p>\n<div style='display: flex; flex-wrap: wrap; gap: 20px; margin-bottom: 2rem;'>\n<div style='flex: 1 1 300px; min-width: 280px;'> <img style='width: 100%; height: auto; border: 1px solid rgba(150&comma;150&comma;150&comma;0.3); border-radius: 8px;' src='https:\/\/ftp3.syscom.mx\/usuarios\/fotos\/MSC4472RFPE\/240115-simple-installation.png' alt='Instalaci\u00f3n eficiente y sencilla'> <\/div>\n<div style='flex: 1 1 300px; min-width: 280px; display: flex; align-items: center;'>\n<div>\n<h2 style='font-size: 22px; margin: 0 0 1rem 0; color: inherit;'>Instalaci\u00f3n eficiente y sencilla<\/h2>\n<p style='font-size: 15px; color: inherit;'>El innovador dise\u00f1o de concha de Milesight para la base del domo simplifica la instalaci\u00f3n al ampliar el espacio para una f\u00e1cil conexi\u00f3n de cables&comma; lo que reduce significativamente el esfuerzo de los instaladores.<\/p>\n<\/p><\/div>\n<\/p><\/div>\n<\/p><\/div>\n<p> <!-- Secci\u00f3n con texto e imagen --> <\/p>\n<div style='display: flex; flex-wrap: wrap; gap: 20px; margin-bottom: 2rem;'>\n<div style='flex: 1 1 300px; min-width: 280px; display: flex; align-items: center;'>\n<div>\n<h2 style='font-size: 22px; margin: 0 0 1rem 0; color: inherit;'>Interfaces vers\u00e1tiles<\/h2>\n<p style='font-size: 15px; color: inherit;'>El cable de interfaz m\u00faltiple est\u00e1 disponible con interfaces enriquecidas que incluyen puerto PoE&comma; CC&comma; E\/S de alarma y salida de audio para ofrecer m\u00e1s opciones para una f\u00e1cil gesti\u00f3n de cables y diversas necesidades.<\/p>\n<\/p><\/div>\n<\/p><\/div>\n<div style='flex: 1 1 300px; min-width: 280px;'> <img style='width: 100%; height: auto; border: 1px solid rgba(150&comma;150&comma;150&comma;0.3); border-radius: 8px;' src='https:\/\/ftp3.syscom.mx\/usuarios\/fotos\/MSC4472RFPE\/240115-versatile-interfaces.png' alt='Interfaces vers\u00e1tiles'> <\/div>\n<\/p><\/div>\n<p> <!-- Secci\u00f3n con imagen y texto --> <\/p>\n<div style='display: flex; flex-wrap: wrap; gap: 20px; margin-bottom: 2rem;'>\n<div style='flex: 1 1 300px; min-width: 280px;'> <img style='width: 100%; height: auto; border: 1px solid rgba(150&comma;150&comma;150&comma;0.3); border-radius: 8px;' src='https:\/\/ftp3.syscom.mx\/usuarios\/fotos\/MSC4472RFPE\/240115-smoke-dome-cover.png' alt='Cubierta de c\u00fapula ahumada'> <\/div>\n<div style='flex: 1 1 300px; min-width: 280px; display: flex; align-items: center;'>\n<div>\n<h2 style='font-size: 22px; margin: 0 0 1rem 0; color: inherit;'>Cubierta de c\u00fapula ahumada<\/h2>\n<p style='font-size: 15px; color: inherit;'>Ocultar la direcci\u00f3n de la c\u00e1mara para no dejar que las personas vean hacia d\u00f3nde apunta la c\u00e1mara.<\/p>\n<\/p><\/div>\n<\/p><\/div>\n<\/p><\/div>\n<p> <!-- Secci\u00f3n con texto e imagen --> <\/p>\n<div style='display: flex; flex-wrap: wrap; gap: 20px; margin-bottom: 2rem;'>\n<div style='flex: 1 1 300px; min-width: 280px; display: flex; align-items: center;'>\n<div>\n<h2 style='font-size: 22px; margin: 0 0 1rem 0; color: inherit;'>Dise\u00f1o mec\u00e1nico de 3 ejes<\/h2>\n<p style='font-size: 15px; color: inherit;'>El ajuste r\u00e1pido y sencillo del \u00e1ngulo de visi\u00f3n de la c\u00e1mara le permite posicionarla con precisi\u00f3n.<\/p>\n<\/p><\/div>\n<\/p><\/div>\n<div style='flex: 1 1 300px; min-width: 280px;'> <img style='width: 100%; height: auto; border: 1px solid rgba(150&comma;150&comma;150&comma;0.3); border-radius: 8px;' src='https:\/\/ftp3.syscom.mx\/usuarios\/fotos\/MSC4472RFPE\/240115-3-axis.png' alt='Dise\u00f1o mec\u00e1nico de 3 ejes'> <\/div>\n<\/p><\/div>\n<p> <!-- Secci\u00f3n con imagen y texto --> <\/p>\n<div style='display: flex; flex-wrap: wrap; gap: 20px; margin-bottom: 2rem;'>\n<div style='flex: 1 1 300px; min-width: 280px;'> <img style='width: 100%; height: auto; border: 1px solid rgba(150&comma;150&comma;150&comma;0.3); border-radius: 8px;' src='https:\/\/ftp3.syscom.mx\/usuarios\/fotos\/MSC4472RFPE\/240115-sip.png' alt='Soporte SIP\/VoIP'> <\/div>\n<div style='flex: 1 1 300px; min-width: 280px; display: flex; align-items: center;'>\n<div>\n<h2 style='font-size: 22px; margin: 0 0 1rem 0; color: inherit;'>Soporte SIP\/VoIP<\/h2>\n<p style='font-size: 15px; color: inherit;'>La c\u00e1mara de red Milesight cuenta con funci\u00f3n SIP\/VoIP l\u00edder en la industria y transmisi\u00f3n de video para tel\u00e9fonos m\u00f3viles y videotel\u00e9fonos.<\/p>\n<\/p><\/div>\n<\/p><\/div>\n<\/p><\/div>\n<\/p><\/div>\n","protected":false},"excerpt":{"rendered":"<p>C\u00e1mara Bullet Motorizada AI de Red \/ Resoluci\u00f3n 4K \/ Compresi\u00f3n H.265+ \/ Tasa de Fotogramas Alta 100fps \/ WDR Pro 140dB \/ Almacenamiento hasta 256GB \/ Protecci\u00f3n IP67 IK10 \/ Lente Motorizada<\/p>\n","protected":false},"featured_media":100799,"comment_status":"open","ping_status":"closed","template":"","meta":[],"product_brand":[],"product_cat":[2056],"product_tag":[122,2057,1455],"class_list":{"0":"post-100800","1":"product","2":"type-product","3":"status-publish","4":"has-post-thumbnail","6":"product_cat-domo-eyeball-turret","7":"product_tag-camaras-ip-y-nvrs","8":"product_tag-domo-eyeball-turret","9":"product_tag-milesight","11":"first","12":"outofstock","13":"sale","14":"shipping-taxable","15":"purchasable","16":"product-type-simple"},"_links":{"self":[{"href":"https:\/\/soydeaqui.ddns.net\/pachuca\/index.php\/wp-json\/wp\/v2\/product\/100800","targetHints":{"allow":["GET"]}}],"collection":[{"href":"https:\/\/soydeaqui.ddns.net\/pachuca\/index.php\/wp-json\/wp\/v2\/product"}],"about":[{"href":"https:\/\/soydeaqui.ddns.net\/pachuca\/index.php\/wp-json\/wp\/v2\/types\/product"}],"replies":[{"embeddable":true,"href":"https:\/\/soydeaqui.ddns.net\/pachuca\/index.php\/wp-json\/wp\/v2\/comments?post=100800"}],"wp:featuredmedia":[{"embeddable":true,"href":"https:\/\/soydeaqui.ddns.net\/pachuca\/index.php\/wp-json\/wp\/v2\/media\/100799"}],"wp:attachment":[{"href":"https:\/\/soydeaqui.ddns.net\/pachuca\/index.php\/wp-json\/wp\/v2\/media?parent=100800"}],"wp:term":[{"taxonomy":"product_brand","embeddable":true,"href":"https:\/\/soydeaqui.ddns.net\/pachuca\/index.php\/wp-json\/wp\/v2\/product_brand?post=100800"},{"taxonomy":"product_cat","embeddable":true,"href":"https:\/\/soydeaqui.ddns.net\/pachuca\/index.php\/wp-json\/wp\/v2\/product_cat?post=100800"},{"taxonomy":"product_tag","embeddable":true,"href":"https:\/\/soydeaqui.ddns.net\/pachuca\/index.php\/wp-json\/wp\/v2\/product_tag?post=100800"}],"curies":[{"name":"wp","href":"https:\/\/api.w.org\/{rel}","templated":true}]}}