{"id":100762,"date":"2026-03-20T11:29:23","date_gmt":"2026-03-20T11:29:23","guid":{"rendered":"https:\/\/soydeaqui.ddns.net\/pachuca\/index.php\/producto\/licencia-para-camaras-serie-p-hanwha-para-plataforma-abierta-solucion-de-trafico-de-automoviles\/"},"modified":"2026-03-20T11:29:25","modified_gmt":"2026-03-20T11:29:25","slug":"licencia-para-camaras-serie-p-hanwha-para-plataforma-abierta-solucion-de-trafico-de-automoviles","status":"publish","type":"product","link":"https:\/\/soydeaqui.ddns.net\/pachuca\/index.php\/producto\/licencia-para-camaras-serie-p-hanwha-para-plataforma-abierta-solucion-de-trafico-de-automoviles\/","title":{"rendered":"Licencia para camaras serie P Hanwha para plataforma abierta, Solucion de trafico de automoviles"},"content":{"rendered":"<div style='width: 100%; max-width: 1200px; margin: 0 auto; font-family: sans-serif; line-height: 1.6; color: inherit; background-color: transparent;'> <!-- Secci\u00f3n de caracter\u00edsticas principales --> <\/p>\n<div style='display: flex; flex-wrap: wrap; gap: 30px; margin-bottom: 30px;'>\n<div style='flex: 1 1 300px; min-width: 280px;'>\n<h3 style='font-size: 22px; border-bottom: 2px solid currentColor; padding-bottom: 5px; margin-top: 0; color: inherit; opacity: 0.8;'>Caracter\u00edsticas Principales<\/h3>\n<ul style='padding-left: 20px; font-size: 15px; color: inherit;'>\n<li style='margin-bottom: 5px;'>Licencia vitalicia sin costos adicionales futuros<\/li>\n<li style='margin-bottom: 5px;'>Se instala en la c\u00e1mara para evitar cargas en el servidor<\/li>\n<li style='margin-bottom: 5px;'>Compatible con c\u00e1maras Serie &#8216;P&#8217; con funciones de IA<\/li>\n<\/ul><\/div>\n<\/p><\/div>\n<p> <!-- Secci\u00f3n de funciones --> <\/p>\n<div style='display: flex; flex-wrap: wrap; gap: 30px; margin-bottom: 30px;'>\n<div style='flex: 1 1 300px; min-width: 280px;'>\n<h3 style='font-size: 22px; border-bottom: 2px solid currentColor; padding-bottom: 5px; margin-top: 0; color: inherit; opacity: 0.8;'>Funciones<\/h3>\n<ul style='padding-left: 20px; font-size: 15px; color: inherit;'>\n<li style='margin-bottom: 5px;'>Detecci\u00f3n y clasificaci\u00f3n de veh\u00edculos<\/li>\n<li style='margin-bottom: 5px;'>Detecci\u00f3n de sentido contrario y vuelta ilegal &#8216;U&#8217;<\/li>\n<li style='margin-bottom: 5px;'>Detecci\u00f3n de velocidad<\/li>\n<li style='margin-bottom: 5px;'>Detecci\u00f3n de embotellamiento y veh\u00edculo detenido<\/li>\n<li style='margin-bottom: 5px;'>Detecci\u00f3n de peat\u00f3n<\/li>\n<li style='margin-bottom: 5px;'>Conteo de veh\u00edculos<\/li>\n<li style='margin-bottom: 5px;'>Conteo de movimientos de veh\u00edculo<\/li>\n<li style='margin-bottom: 5px;'>An\u00e1lisis de tr\u00e1fico<\/li>\n<li style='margin-bottom: 5px;'>Mapa t\u00e9rmico de veh\u00edculos<\/li>\n<\/ul><\/div>\n<\/p><\/div>\n<p> <!-- Secci\u00f3n de especificaciones --> <\/p>\n<div style='display: flex; flex-wrap: wrap; gap: 20px; margin-bottom: 30px;'>\n<div style='flex: 1 1 250px; border: 1px solid rgba(150&comma; 150&comma; 150&comma; 0.4); border-radius: 8px; overflow: hidden; display: flex; flex-direction: column;'>\n<div style='padding: 15px; border-bottom: 1px solid rgba(150&comma; 150&comma; 150&comma; 0.2); font-weight: bold; font-size: 18px; color: inherit;'>Especificaciones<\/div>\n<div style='padding: 15px; color: inherit;'>\n<ul style='padding-left: 20px; margin: 0; font-size: 14px; list-style-type: disc;'>\n<li style='margin-bottom: 5px;'><strong>Tipo:<\/strong> Licencia de aplicaci\u00f3n para c\u00e1mara<\/li>\n<li style='margin-bottom: 5px;'><strong>Instalaci\u00f3n:<\/strong> Plataforma abierta Hanwha Vision v5.x.x o superior<\/li>\n<li style='margin-bottom: 5px;'><strong>Soluci\u00f3n:<\/strong> Paquete de tr\u00e1fico (ITS)<\/li>\n<li style='margin-bottom: 5px;'><strong>Versi\u00f3n:<\/strong> v2.1<\/li>\n<\/ul><\/div>\n<\/p><\/div>\n<div style='flex: 1 1 250px; border: 1px solid rgba(150&comma; 150&comma; 150&comma; 0.4); border-radius: 8px; overflow: hidden; display: flex; flex-direction: column;'>\n<div style='padding: 15px; border-bottom: 1px solid rgba(150&comma; 150&comma; 150&comma; 0.2); font-weight: bold; font-size: 18px; color: inherit;'>Analytics<\/div>\n<div style='padding: 15px; color: inherit;'>\n<ul style='padding-left: 20px; margin: 0; font-size: 14px; list-style-type: disc;'>\n<li style='margin-bottom: 5px;'><strong>Objetos clasificados:<\/strong> Veh\u00edculo&comma; Placa de licencia<\/li>\n<li style='margin-bottom: 5px;'><strong>Ajustes:<\/strong> Sensibilidad&comma; Configuraci\u00f3n de tama\u00f1o m\u00ednimo\/m\u00e1ximo&comma; \u00c1rea de exclusi\u00f3n&comma; Programaci\u00f3n<\/li>\n<li style='margin-bottom: 5px;'><strong>Mejor captura:<\/strong> Soportado<\/li>\n<\/ul><\/div>\n<\/p><\/div>\n<div style='flex: 1 1 250px; border: 1px solid rgba(150&comma; 150&comma; 150&comma; 0.4); border-radius: 8px; overflow: hidden; display: flex; flex-direction: column;'>\n<div style='padding: 15px; border-bottom: 1px solid rgba(150&comma; 150&comma; 150&comma; 0.2); font-weight: bold; font-size: 18px; color: inherit;'>Eventos de Analytics<\/div>\n<div style='padding: 15px; color: inherit;'>\n<ul style='padding-left: 20px; margin: 0; font-size: 14px; list-style-type: disc;'>\n<li style='margin-bottom: 5px;'>Detecci\u00f3n de objeto<\/li>\n<li style='margin-bottom: 5px;'>Cruce de l\u00ednea (Direcci\u00f3n)<\/li>\n<li style='margin-bottom: 5px;'>\u00c1rea virtual (Permanencia\/Intrusi\u00f3n\/Entrada\/Salida)<\/li>\n<li style='margin-bottom: 5px;'>Detecci\u00f3n de veh\u00edculo detenido (Hasta 3 horas&comma; 8 \u00e1reas)<\/li>\n<li style='margin-bottom: 5px;'>Detecci\u00f3n de congesti\u00f3n vehicular (4 \u00e1reas)<\/li>\n<\/ul><\/div>\n<\/p><\/div>\n<div style='flex: 1 1 250px; border: 1px solid rgba(150&comma; 150&comma; 150&comma; 0.4); border-radius: 8px; overflow: hidden; display: flex; flex-direction: column;'>\n<div style='padding: 15px; border-bottom: 1px solid rgba(150&comma; 150&comma; 150&comma; 0.2); font-weight: bold; font-size: 18px; color: inherit;'>Acciones de evento<\/div>\n<div style='padding: 15px; color: inherit;'>\n<ul style='padding-left: 20px; margin: 0; font-size: 14px; list-style-type: disc;'>\n<li style='margin-bottom: 5px;'>Carga de archivo (imagen): Correo\/FTP<\/li>\n<li style='margin-bottom: 5px;'>Notificaci\u00f3n: Correo<\/li>\n<li style='margin-bottom: 5px;'>Grabaci\u00f3n: SD\/SDHC\/SDXC o NAS en eventos<\/li>\n<li style='margin-bottom: 5px;'>Salida de alarma<\/li>\n<li style='margin-bottom: 5px;'>Transferencia: Preset PTZ&comma; enviar mensaje por HTTP\/HTTPS\/TCP<\/li>\n<li style='margin-bottom: 5px;'>Reproducci\u00f3n de audio<\/li>\n<li style='margin-bottom: 5px;'>MQTT: Publicaci\u00f3n<\/li>\n<\/ul><\/div>\n<\/p><\/div>\n<div style='flex: 1 1 250px; border: 1px solid rgba(150&comma; 150&comma; 150&comma; 0.4); border-radius: 8px; overflow: hidden; display: flex; flex-direction: column;'>\n<div style='padding: 15px; border-bottom: 1px solid rgba(150&comma; 150&comma; 150&comma; 0.2); font-weight: bold; font-size: 18px; color: inherit;'>Estad\u00edsticas<\/div>\n<div style='padding: 15px; color: inherit;'>\n<ul style='padding-left: 20px; margin: 0; font-size: 14px; list-style-type: disc;'>\n<li style='margin-bottom: 5px;'>Conteo de movimientos de veh\u00edculos por carril (recto&comma; izquierda\/derecha&comma; giros &#8216;U&#8217;)<\/li>\n<li style='margin-bottom: 5px;'>Conteo de veh\u00edculos (dos l\u00edneas con direcci\u00f3n)<\/li>\n<li style='margin-bottom: 5px;'>Gesti\u00f3n de cola de veh\u00edculos (conteo en tiempo real&comma; eventos basados en umbrales)<\/li>\n<li style='margin-bottom: 5px;'>Mapa t\u00e9rmico de veh\u00edculos<\/li>\n<\/ul><\/div>\n<\/p><\/div>\n<div style='flex: 1 1 250px; border: 1px solid rgba(150&comma; 150&comma; 150&comma; 0.4); border-radius: 8px; overflow: hidden; display: flex; flex-direction: column;'>\n<div style='padding: 15px; border-bottom: 1px solid rgba(150&comma; 150&comma; 150&comma; 0.2); font-weight: bold; font-size: 18px; color: inherit;'>Metadatos adicionales<\/div>\n<div style='padding: 15px; color: inherit;'>\n<ul style='padding-left: 20px; margin: 0; font-size: 14px; list-style-type: disc;'>\n<li style='margin-bottom: 5px;'>Velocidad promedio del veh\u00edculo en la zona<\/li>\n<li style='margin-bottom: 5px;'>Velocidad por veh\u00edculo<\/li>\n<li style='margin-bottom: 5px;'>Conteo en tiempo real de ocupaci\u00f3n<\/li>\n<\/ul><\/div>\n<\/p><\/div>\n<\/p><\/div>\n<p> <!-- Secci\u00f3n de compatibilidad --> <\/p>\n<div style='display: flex; flex-wrap: wrap; gap: 30px; margin-bottom: 30px;'>\n<div style='flex: 1 1 300px; min-width: 280px;'>\n<h3 style='font-size: 22px; border-bottom: 2px solid currentColor; padding-bottom: 5px; margin-top: 0; color: inherit; opacity: 0.8;'>Modelos compatibles<\/h3>\n<ul style='padding-left: 20px; font-size: 15px; color: inherit;'>\n<li style='margin-bottom: 5px;'>PNV-A9081R<\/li>\n<li style='margin-bottom: 5px;'>PNO-A9081R<\/li>\n<li style='margin-bottom: 5px;'>PND-A9081RV<\/li>\n<li style='margin-bottom: 5px;'>PND-A9081RF<\/li>\n<li style='margin-bottom: 5px;'>PND-A9081RVX<\/li>\n<li style='margin-bottom: 5px;'>PNV-A9081RX<\/li>\n<li style='margin-bottom: 5px;'>PNB-A9001<\/li>\n<li style='margin-bottom: 5px;'>PNV-A6081R<\/li>\n<li style='margin-bottom: 5px;'>PNO-A6081R<\/li>\n<li style='margin-bottom: 5px;'>PND-A6081RV<\/li>\n<li style='margin-bottom: 5px;'>PND-A6081RF<\/li>\n<li style='margin-bottom: 5px;'>PNB-A6001<\/li>\n<\/ul><\/div>\n<div style='flex: 1 1 300px; min-width: 280px;'>\n<h3 style='font-size: 22px; border-bottom: 2px solid currentColor; padding-bottom: 5px; margin-top: 0; color: inherit; opacity: 0.8;'>Requisitos de firmware<\/h3>\n<ul style='padding-left: 20px; font-size: 15px; color: inherit;'>\n<li style='margin-bottom: 5px;'>PND-A9081RV\/A9081RF&comma; PNV-A9081R&comma; PNO-A9081R&comma; PND-A9081RVX&comma; PNV-A9081RX&comma; PNB-A9001: Versi\u00f3n 2.21.15 o superior<\/li>\n<li style='margin-bottom: 5px;'>PND-A6081RV\/A6081RF&comma; PNV-A6081R&comma; PNO-A6081R&comma; PNB-A6001: Versi\u00f3n 2.21.08 o superior<\/li>\n<\/ul><\/div>\n<\/p><\/div>\n<p> <!-- Secci\u00f3n de integraci\u00f3n --> <\/p>\n<div style='display: flex; flex-wrap: wrap; gap: 30px; margin-bottom: 30px;'>\n<div style='flex: 1 1 300px; min-width: 280px;'>\n<h3 style='font-size: 22px; border-bottom: 2px solid currentColor; padding-bottom: 5px; margin-top: 0; color: inherit; opacity: 0.8;'>Integraci\u00f3n<\/h3>\n<ul style='padding-left: 20px; font-size: 15px; color: inherit;'>\n<li style='margin-bottom: 5px;'><strong>AI Search Genetec Security Center:<\/strong> 5.10 + DP 10.14 o superior&comma; 5.11 + DP 11.3 o superior&comma; 5.12 o superior. Plugin Hanwha: v1.04.00 o superior<\/li>\n<li style='margin-bottom: 5px;'><strong>Milestone:<\/strong> DP 12.2a o superior. Plugin Hanwha: v1.05.00 o superior<\/li>\n<li style='margin-bottom: 5px;'><strong>API:<\/strong> Hanwha Vision OpenAPI<\/li>\n<\/ul><\/div>\n<\/p><\/div>\n<p> <!-- Secci\u00f3n de licencia --> <\/p>\n<div style='display: flex; flex-wrap: wrap; gap: 30px; margin-bottom: 30px;'>\n<div style='flex: 1 1 300px; min-width: 280px;'>\n<h3 style='font-size: 22px; border-bottom: 2px solid currentColor; padding-bottom: 5px; margin-top: 0; color: inherit; opacity: 0.8;'>Licencia<\/h3>\n<ul style='padding-left: 20px; font-size: 15px; color: inherit;'>\n<li style='margin-bottom: 5px;'>Versi\u00f3n de prueba: 60 d\u00edas<\/li>\n<li style='margin-bottom: 5px;'>C\u00f3digo de modelo: AIA-C01TRF-T60<\/li>\n<li style='margin-bottom: 5px;'>Versi\u00f3n comercial: AIA-C01TRF<\/li>\n<\/ul><\/div>\n<\/p><\/div>\n<p> <!-- Separador final --> <\/p>\n<hr style='border: 0; border-top: 1px solid rgba(150&comma; 150&comma; 150&comma; 0.3); margin: 30px 0;'> <\/div>\n","protected":false},"excerpt":{"rendered":"<p>Licencia para camaras serie P Hanwha para plataforma abierta, Solucion de trafico de automoviles<\/p>\n","protected":false},"featured_media":100761,"comment_status":"open","ping_status":"closed","template":"","meta":[],"product_brand":[],"product_cat":[2331],"product_tag":[1055,2263,2332],"class_list":{"0":"post-100762","1":"product","2":"type-product","3":"status-publish","4":"has-post-thumbnail","6":"product_cat-wisenet-wave","7":"product_tag-hanwha-vision","8":"product_tag-software-vms-y-analiticas","9":"product_tag-wisenet-wave","11":"first","12":"outofstock","13":"sale","14":"shipping-taxable","15":"purchasable","16":"product-type-simple"},"_links":{"self":[{"href":"https:\/\/soydeaqui.ddns.net\/pachuca\/index.php\/wp-json\/wp\/v2\/product\/100762","targetHints":{"allow":["GET"]}}],"collection":[{"href":"https:\/\/soydeaqui.ddns.net\/pachuca\/index.php\/wp-json\/wp\/v2\/product"}],"about":[{"href":"https:\/\/soydeaqui.ddns.net\/pachuca\/index.php\/wp-json\/wp\/v2\/types\/product"}],"replies":[{"embeddable":true,"href":"https:\/\/soydeaqui.ddns.net\/pachuca\/index.php\/wp-json\/wp\/v2\/comments?post=100762"}],"wp:featuredmedia":[{"embeddable":true,"href":"https:\/\/soydeaqui.ddns.net\/pachuca\/index.php\/wp-json\/wp\/v2\/media\/100761"}],"wp:attachment":[{"href":"https:\/\/soydeaqui.ddns.net\/pachuca\/index.php\/wp-json\/wp\/v2\/media?parent=100762"}],"wp:term":[{"taxonomy":"product_brand","embeddable":true,"href":"https:\/\/soydeaqui.ddns.net\/pachuca\/index.php\/wp-json\/wp\/v2\/product_brand?post=100762"},{"taxonomy":"product_cat","embeddable":true,"href":"https:\/\/soydeaqui.ddns.net\/pachuca\/index.php\/wp-json\/wp\/v2\/product_cat?post=100762"},{"taxonomy":"product_tag","embeddable":true,"href":"https:\/\/soydeaqui.ddns.net\/pachuca\/index.php\/wp-json\/wp\/v2\/product_tag?post=100762"}],"curies":[{"name":"wp","href":"https:\/\/api.w.org\/{rel}","templated":true}]}}