{"id":100755,"date":"2026-03-20T11:29:02","date_gmt":"2026-03-20T11:29:02","guid":{"rendered":"https:\/\/soydeaqui.ddns.net\/pachuca\/index.php\/producto\/camara-dome-de-red-motorizada-ai-compresion-h-265-resolucion-4k-30fps-lente-motorizada-proteccion-ip67-ik10-almacenamiento-256gb-microsd\/"},"modified":"2026-03-20T11:29:13","modified_gmt":"2026-03-20T11:29:13","slug":"camara-dome-de-red-motorizada-ai-compresion-h-265-resolucion-4k-30fps-lente-motorizada-proteccion-ip67-ik10-almacenamiento-256gb-microsd","status":"publish","type":"product","link":"https:\/\/soydeaqui.ddns.net\/pachuca\/index.php\/producto\/camara-dome-de-red-motorizada-ai-compresion-h-265-resolucion-4k-30fps-lente-motorizada-proteccion-ip67-ik10-almacenamiento-256gb-microsd\/","title":{"rendered":"C\u00e1mara Dome de Red Motorizada AI \/ Compresi\u00f3n H.265+ \/ Resoluci\u00f3n 4K 30fps \/ Lente Motorizada \/ Protecci\u00f3n IP67 IK10 \/ Almacenamiento 256GB MicroSD"},"content":{"rendered":"<div style='width: 100%; max-width: 1200px; margin: 0 auto; font-family: sans-serif; line-height: 1.6; color: inherit; background-color: transparent;'> <!-- Imagen principal --> <\/p>\n<div style='width: 100%; margin-bottom: 30px;'> <img style='width: 100%; height: auto; border: 1px solid rgba(150&comma;150&comma;150&comma;0.3); border-radius: 8px;' src='https:\/\/ftp3.syscom.mx\/usuarios\/fotos\/MSC4575PD\/240068-img1.png' alt='C\u00e1mara Dome de Red Motorizada AI'> <\/div>\n<p> <!-- T\u00edtulo compacto --> <\/p>\n<div style='width: 100%; margin-bottom: 30px; text-align: center;'>\n<h2 style='font-size: 24px; color: inherit; margin: 0;'>Tama\u00f1o compacto&comma; dise\u00f1o elegante y f\u00e1cil instalaci\u00f3n.<\/h2>\n<\/p><\/div>\n<p> <!-- Video de YouTube --> <\/p>\n<div style='width: 100%; margin-bottom: 30px;'>\n<div style='position: relative; padding-bottom: 56.25%; height: 0; overflow: hidden;'>   <\/div>\n<\/p><\/div>\n<p> <!-- Secci\u00f3n con imagen y texto --> <\/p>\n<div style='width: 100%; margin-bottom: 30px;'>\n<div style='display: flex; flex-wrap: wrap; gap: 30px; align-items: center;'>\n<div style='flex: 1 1 300px; min-width: 280px;'>\n<h3 style='font-size: 22px; border-bottom: 2px solid currentColor; padding-bottom: 5px; margin-top: 0; color: inherit; opacity: 0.8;'>An\u00e1lisis de v\u00eddeo con IA<\/h3>\n<p style='font-size: 15px; color: inherit; margin-top: 15px;'>La c\u00e1mara con inteligencia artificial Milesight puede filtrar objetos de forma inteligente para centrarse en la detecci\u00f3n de personas y veh\u00edculos en m\u00faltiples eventos&comma; como entrada a una regi\u00f3n&comma; salida de una regi\u00f3n&comma; merodeo&comma; detecci\u00f3n de movimiento avanzada&comma; etc.<\/p>\n<\/p><\/div>\n<div style='flex: 1 1 300px; min-width: 280px;'> <img style='width: 100%; height: auto; border: 1px solid rgba(150&comma;150&comma;150&comma;0.3); border-radius: 8px;' src='https:\/\/ftp3.syscom.mx\/usuarios\/fotos\/MSC4575PD\/240068-img2.png' alt='An\u00e1lisis de v\u00eddeo con IA'> <\/div>\n<\/p><\/div>\n<\/p><\/div>\n<p> <!-- Secci\u00f3n con imagen y texto --> <\/p>\n<div style='width: 100%; margin-bottom: 30px;'>\n<div style='display: flex; flex-wrap: wrap; gap: 30px; align-items: center;'>\n<div style='flex: 1 1 300px; min-width: 280px;'> <img style='width: 100%; height: auto; border: 1px solid rgba(150&comma;150&comma;150&comma;0.3); border-radius: 8px;' src='https:\/\/ftp3.syscom.mx\/usuarios\/fotos\/MSC4575PD\/240068-intento1.gif' alt='Calidad de imagen superior'> <\/div>\n<div style='flex: 1 1 300px; min-width: 280px;'>\n<h3 style='font-size: 22px; border-bottom: 2px solid currentColor; padding-bottom: 5px; margin-top: 0; color: inherit; opacity: 0.8;'>Calidad de imagen superior<\/h3>\n<p style='font-size: 15px; color: inherit; margin-top: 15px;'>Gracias a sus avanzados algoritmos de procesamiento de imagen y al sensor SONY STARVIS&comma; logra un excelente rendimiento de imagen&comma; incluso en condiciones de iluminaci\u00f3n dif\u00edciles. Su tecnolog\u00eda Smart IR II&comma; con 0&comma;005 lux de luz ultrabaja&comma; y su experiencia de visualizaci\u00f3n de v\u00eddeo hasta 4K&comma; la hacen ideal para diversas situaciones especiales.<\/p>\n<\/p><\/div>\n<\/p><\/div>\n<\/p><\/div>\n<p> <!-- Secci\u00f3n con imagen y texto --> <\/p>\n<div style='width: 100%; margin-bottom: 30px;'>\n<div style='display: flex; flex-wrap: wrap; gap: 30px; align-items: center;'>\n<div style='flex: 1 1 300px; min-width: 280px;'>\n<h3 style='font-size: 22px; border-bottom: 2px solid currentColor; padding-bottom: 5px; margin-top: 0; color: inherit; opacity: 0.8;'>Lente con zoom motorizado<\/h3>\n<p style='font-size: 15px; color: inherit; margin-top: 15px;'>Equipada con lente de enfoque y zoom motorizado&comma; la c\u00e1mara permite el control remoto de la distancia focal&comma; el iris y el enfoque a trav\u00e9s de un controlador de lente&comma; lo que es perfecto para vigilancia de larga distancia.<\/p>\n<\/p><\/div>\n<div style='flex: 1 1 300px; min-width: 280px;'> <img style='width: 100%; height: auto; border: 1px solid rgba(150&comma;150&comma;150&comma;0.3); border-radius: 8px;' src='https:\/\/ftp3.syscom.mx\/usuarios\/fotos\/MSC4575PD\/240068-img3.png' alt='Lente con zoom motorizado'> <\/div>\n<\/p><\/div>\n<\/p><\/div>\n<p> <!-- Secci\u00f3n con texto e imagen --> <\/p>\n<div style='width: 100%; margin-bottom: 30px; background-color: #ffffff; padding: 30px; border: 1px solid rgba(150&comma;150&comma;150&comma;0.3); border-radius: 8px;'>\n<div style='width: 100%; margin-bottom: 20px; text-align: center;'>\n<h2 style='font-size: 24px; color: inherit; margin: 0;'>Control del iris P<\/h2>\n<\/p><\/div>\n<div style='width: 100%; margin-bottom: 20px;'>\n<p style='font-size: 15px; color: inherit; margin: 0;'>Al adoptar la tecnolog\u00eda de control P-Iris&comma; la c\u00e1mara puede optimizar la apertura del iris en todas las condiciones de iluminaci\u00f3n&comma; ofreciendo im\u00e1genes con mejor contraste&comma; claridad&comma; resoluci\u00f3n y profundidad de campo.<\/p>\n<\/p><\/div>\n<div style='width: 100%;'> <img style='width: 100%; height: auto; border: 1px solid rgba(150&comma;150&comma;150&comma;0.3); border-radius: 8px;' src='https:\/\/ftp3.syscom.mx\/usuarios\/fotos\/MSC4575PD\/240068-img4.png' alt='Control del iris P'> <\/div>\n<\/p><\/div>\n<p> <!-- Secci\u00f3n con fondo oscuro --> <\/p>\n<div style='width: 100%; margin-bottom: 30px; background-color: #000000; padding: 30px; border-radius: 8px;'>\n<div style='width: 100%; margin-bottom: 20px; text-align: center;'>\n<h2 style='font-size: 24px; color: #ffffff; margin: 0;'>IP67 y IK10<\/h2>\n<\/p><\/div>\n<div style='width: 100%; margin-bottom: 20px;'>\n<p style='font-size: 15px; color: #ffffff; margin: 0;'>Equipada con resistencia a la intemperie con clasificaci\u00f3n IP67 l\u00edder en la industria y resistencia al vandalismo con clasificaci\u00f3n IK10&comma; la c\u00e1mara est\u00e1 bien protegida contra impactos adversos para garantizar un rendimiento s\u00f3lido.<\/p>\n<\/p><\/div>\n<div style='width: 100%;'> <img style='width: 90%; max-width: 800px; height: auto; border: 1px solid rgba(150&comma;150&comma;150&comma;0.3); border-radius: 8px;' src='https:\/\/ftp3.syscom.mx\/usuarios\/fotos\/MSC4575PD\/240068-img5.jpg' alt='IP67 y IK10'> <\/div>\n<\/p><\/div>\n<p> <!-- Secci\u00f3n con texto e imagen --> <\/p>\n<div style='width: 100%; margin-bottom: 30px; background-color: #ffffff; padding: 30px; border: 1px solid rgba(150&comma;150&comma;150&comma;0.3); border-radius: 8px;'>\n<div style='width: 100%; margin-bottom: 20px; text-align: center;'>\n<h2 style='font-size: 24px; color: inherit; margin: 0;'>Interfaces vers\u00e1tiles (opcional)<\/h2>\n<\/p><\/div>\n<div style='width: 100%;'>\n<p style='font-size: 15px; color: inherit; margin: 0;'>Varias interfaces como PoE&comma; DC&comma; E\/S de audio y E\/S de alarma est\u00e1n disponibles en la versi\u00f3n multiinterfaz&comma; lo que ofrece m\u00e1s opciones para una f\u00e1cil administraci\u00f3n y diversas necesidades.<\/p>\n<\/p><\/div>\n<div style='width: 100%; margin-top: 20px;'> <img style='width: 100%; height: auto; border: 1px solid rgba(150&comma;150&comma;150&comma;0.3); border-radius: 8px;' src='https:\/\/ftp3.syscom.mx\/usuarios\/fotos\/MSC4575PD\/240068-img6.png' alt='Interfaces vers\u00e1tiles'> <\/div>\n<\/p><\/div>\n<p> <!-- Secci\u00f3n con imagen y texto --> <\/p>\n<div style='width: 100%; margin-bottom: 30px;'>\n<div style='display: flex; flex-wrap: wrap; gap: 30px; align-items: center;'>\n<div style='flex: 1 1 300px; min-width: 280px;'>\n<h3 style='font-size: 22px; border-bottom: 2px solid currentColor; padding-bottom: 5px; margin-top: 0; color: inherit; opacity: 0.8;'>Caja de conexiones integrada<\/h3>\n<p style='font-size: 15px; color: inherit; margin-top: 15px;'>El dise\u00f1o creativo de concha minimiza los problemas de instalaci\u00f3n y ampl\u00eda el espacio para que la conexi\u00f3n de cables sea muy sencilla.<\/p>\n<\/p><\/div>\n<div style='flex: 1 1 300px; min-width: 280px;'> <img style='width: 100%; height: auto; border: 1px solid rgba(150&comma;150&comma;150&comma;0.3); border-radius: 8px;' src='https:\/\/ftp3.syscom.mx\/usuarios\/fotos\/MSC4575PD\/240068-img7.png' alt='Caja de conexiones integrada'> <\/div>\n<\/p><\/div>\n<\/p><\/div>\n<p> <!-- Secci\u00f3n con imagen y texto --> <\/p>\n<div style='width: 100%; margin-bottom: 30px;'>\n<div style='display: flex; flex-wrap: wrap; gap: 30px; align-items: center;'>\n<div style='flex: 1 1 300px; min-width: 280px;'> <img style='width: 100%; height: auto; border: 1px solid rgba(150&comma;150&comma;150&comma;0.3); border-radius: 8px;' src='https:\/\/ftp3.syscom.mx\/usuarios\/fotos\/MSC4575PD\/240068-img8.png' alt='Dos colores disponibles'> <\/div>\n<div style='flex: 1 1 300px; min-width: 280px;'>\n<h3 style='font-size: 22px; border-bottom: 2px solid currentColor; padding-bottom: 5px; margin-top: 0; color: inherit; opacity: 0.8;'>Dos colores disponibles<\/h3>\n<p style='font-size: 15px; color: inherit; margin-top: 15px;'>Disponible en blanco y negro&comma; la c\u00e1mara ofrece m\u00e1s opciones seg\u00fan sus preferencias.<\/p>\n<\/p><\/div>\n<\/p><\/div>\n<\/p><\/div>\n<p> <!-- Secci\u00f3n con imagen y texto --> <\/p>\n<div style='width: 100%; margin-bottom: 30px;'>\n<div style='display: flex; flex-wrap: wrap; gap: 30px; align-items: center;'>\n<div style='flex: 1 1 300px; min-width: 280px;'>\n<h3 style='font-size: 22px; border-bottom: 2px solid currentColor; padding-bottom: 5px; margin-top: 0; color: inherit; opacity: 0.8;'>Soporte SIP\/VoIP<\/h3>\n<p style='font-size: 15px; color: inherit; margin-top: 15px;'>La c\u00e1mara Milesight AI cuenta con una funci\u00f3n SIP\/VoIP l\u00edder en la industria y transmisi\u00f3n de video para tel\u00e9fonos m\u00f3viles y videotel\u00e9fonos.<\/p>\n<\/p><\/div>\n<div style='flex: 1 1 300px; min-width: 280px;'> <img style='width: 100%; height: auto; border: 1px solid rgba(150&comma;150&comma;150&comma;0.3); border-radius: 8px;' src='https:\/\/ftp3.syscom.mx\/usuarios\/fotos\/MSC4575PD\/240068-img9.png' alt='Soporte SIP\/VoIP'> <\/div>\n<\/p><\/div>\n<\/p><\/div>\n<\/p><\/div>\n","protected":false},"excerpt":{"rendered":"<p>C\u00e1mara Dome de Red Motorizada AI \/ Compresi\u00f3n H.265+ \/ Resoluci\u00f3n 4K 30fps \/ Lente Motorizada \/ Protecci\u00f3n IP67 IK10 \/ Almacenamiento 256GB MicroSD<\/p>\n","protected":false},"featured_media":100754,"comment_status":"open","ping_status":"closed","template":"","meta":[],"product_brand":[],"product_cat":[2056],"product_tag":[122,2057,1455],"class_list":{"0":"post-100755","1":"product","2":"type-product","3":"status-publish","4":"has-post-thumbnail","6":"product_cat-domo-eyeball-turret","7":"product_tag-camaras-ip-y-nvrs","8":"product_tag-domo-eyeball-turret","9":"product_tag-milesight","11":"first","12":"outofstock","13":"sale","14":"shipping-taxable","15":"purchasable","16":"product-type-simple"},"_links":{"self":[{"href":"https:\/\/soydeaqui.ddns.net\/pachuca\/index.php\/wp-json\/wp\/v2\/product\/100755","targetHints":{"allow":["GET"]}}],"collection":[{"href":"https:\/\/soydeaqui.ddns.net\/pachuca\/index.php\/wp-json\/wp\/v2\/product"}],"about":[{"href":"https:\/\/soydeaqui.ddns.net\/pachuca\/index.php\/wp-json\/wp\/v2\/types\/product"}],"replies":[{"embeddable":true,"href":"https:\/\/soydeaqui.ddns.net\/pachuca\/index.php\/wp-json\/wp\/v2\/comments?post=100755"}],"wp:featuredmedia":[{"embeddable":true,"href":"https:\/\/soydeaqui.ddns.net\/pachuca\/index.php\/wp-json\/wp\/v2\/media\/100754"}],"wp:attachment":[{"href":"https:\/\/soydeaqui.ddns.net\/pachuca\/index.php\/wp-json\/wp\/v2\/media?parent=100755"}],"wp:term":[{"taxonomy":"product_brand","embeddable":true,"href":"https:\/\/soydeaqui.ddns.net\/pachuca\/index.php\/wp-json\/wp\/v2\/product_brand?post=100755"},{"taxonomy":"product_cat","embeddable":true,"href":"https:\/\/soydeaqui.ddns.net\/pachuca\/index.php\/wp-json\/wp\/v2\/product_cat?post=100755"},{"taxonomy":"product_tag","embeddable":true,"href":"https:\/\/soydeaqui.ddns.net\/pachuca\/index.php\/wp-json\/wp\/v2\/product_tag?post=100755"}],"curies":[{"name":"wp","href":"https:\/\/api.w.org\/{rel}","templated":true}]}}