{"id":100734,"date":"2026-03-20T11:28:12","date_gmt":"2026-03-20T11:28:12","guid":{"rendered":"https:\/\/soydeaqui.ddns.net\/pachuca\/index.php\/producto\/pantalla-profesional-led-46-para-exterior-con-vidrio-templado-de-proteccion-5t-full-hd-1080p-hdmi-brillo-3500-cd-m2-compatible-vesa-995-x-500mm\/"},"modified":"2026-03-20T11:28:22","modified_gmt":"2026-03-20T11:28:22","slug":"pantalla-profesional-led-46-para-exterior-con-vidrio-templado-de-proteccion-5t-full-hd-1080p-hdmi-brillo-3500-cd-m2-compatible-vesa-995-x-500mm","status":"publish","type":"product","link":"https:\/\/soydeaqui.ddns.net\/pachuca\/index.php\/producto\/pantalla-profesional-led-46-para-exterior-con-vidrio-templado-de-proteccion-5t-full-hd-1080p-hdmi-brillo-3500-cd-m2-compatible-vesa-995-x-500mm\/","title":{"rendered":"Pantalla Profesional LED 46&#8243; para Exterior con Vidrio Templado de Protecci\u00f3n 5T, Full HD (1080p), HDMI, Brillo 3500 cd\/m2. Compatible VESA 995 x 500mm"},"content":{"rendered":"<div style='width: 100%; max-width: 1200px; margin: 0 auto; font-family: sans-serif; line-height: 1.6; color: inherit; background-color: transparent;'> <!-- Secci\u00f3n de caracter\u00edsticas en tres columnas --> <\/p>\n<div style='display: flex; flex-wrap: wrap; gap: 30px; margin-bottom: 30px;'> <!-- Caracter\u00edsticas principales --> <\/p>\n<div style='flex: 1 1 300px; min-width: 280px;'>\n<div style='border-left: 5px solid #0411FA; border-radius: 5px; padding: 5px; box-shadow: 2px 2px 10px rgba(243&comma; 121&comma; 52&comma; 0.3);'> <span style='font-family: Arial&comma;Helvetica&comma;sans-serif;'><strong>Caracter\u00edsticas principales:<\/strong><\/span> <\/p>\n<ul style='padding-left: 20px; font-size: 15px; color: inherit; list-style-type: disc;'>\n<li style='margin-bottom: 5px;'><span style='font-family: Arial&comma;Helvetica&comma;sans-serif;'>Tama\u00f1o diagonal 46&#8242;<\/span><\/li>\n<li style='margin-bottom: 5px;'><span style='font-family: Arial&comma;Helvetica&comma;sans-serif;'>Resoluci\u00f3n 1920 x 1080 pix.<\/span><\/li>\n<li style='margin-bottom: 5px;'><span style='font-family: Arial&comma;Helvetica&comma;sans-serif;'>Relaci\u00f3n de aspecto 16:9<\/span><\/li>\n<li style='margin-bottom: 5px;'><span style='font-family: Arial&comma;Helvetica&comma;sans-serif;'>Brillo 3&comma;500 nit.<\/span><\/li>\n<li style='margin-bottom: 5px;'><span style='font-family: Arial&comma;Helvetica&comma;sans-serif;'>Bisel 24.9 (arriba&comma; lados&comma; abajo) mm<\/span><\/li>\n<li style='margin-bottom: 5px;'><span style='font-family: Arial&comma;Helvetica&comma;sans-serif;'>Relaci\u00f3n de contraste 6000:1<\/span><\/li>\n<li style='margin-bottom: 5px;'><span style='font-family: Arial&comma;Helvetica&comma;sans-serif;'>Compatible con Magicinfo<\/span><\/li>\n<li style='margin-bottom: 5px;'><span style='font-family: Arial&comma;Helvetica&comma;sans-serif;'>Operaci\u00f3n 24\/7<\/span><\/li>\n<\/ul><\/div>\n<\/p><\/div>\n<p> <!-- Conectividad --> <\/p>\n<div style='flex: 1 1 300px; min-width: 280px;'>\n<div style='border-left: 5px solid #0411FA; border-radius: 5px; padding: 5px; box-shadow: 2px 2px 10px rgba(243&comma; 121&comma; 52&comma; 0.3);'> <span style='font-family: Arial&comma;Helvetica&comma;sans-serif;'><strong>Conectividad:<\/strong><\/span> <\/p>\n<ul style='padding-left: 20px; font-size: 15px; color: inherit; list-style-type: disc;'>\n<li style='margin-bottom: 5px;'><span style='font-family: Arial&comma; Helvetica&comma; sans-serif;'>Entradas de Video 2x HDMI&comma; HDBaseT<\/span><\/li>\n<li style='margin-bottom: 5px;'><span style='font-family: Arial&comma; Helvetica&comma; sans-serif;'>Puerto USB 2.0<\/span><\/li>\n<li style='margin-bottom: 5px;'><span style='font-family: Arial&comma; Helvetica&comma; sans-serif;'>Salidas de Audio mini Jack Estereo<\/span><\/li>\n<\/ul>\n<p style='margin: 0;'><span style='font-family: Arial&comma;Helvetica&comma;sans-serif;'><strong>Control externo:<\/strong><\/span><\/p>\n<ul style='padding-left: 20px; font-size: 15px; color: inherit; list-style-type: disc;'>\n<li style='margin-bottom: 5px;'><span style='font-family: Arial&comma; Helvetica&comma; sans-serif;'>Puerto RJ45<\/span><\/li>\n<\/ul><\/div>\n<\/p><\/div>\n<p> <!-- Caracter\u00edsticas f\u00edsicas y el\u00e9ctricas --> <\/p>\n<div style='flex: 1 1 300px; min-width: 280px;'>\n<div style='border-left: 5px solid #0411FA; border-radius: 5px; padding: 5px; box-shadow: 2px 2px 10px rgba(216&comma; 216&comma; 216&comma; 0.3);'> <span style='font-family: Arial&comma;Helvetica&comma;sans-serif;'><strong>Caracter\u00edsticas f\u00edsicas y el\u00e9ctricas:<\/strong><\/span> <\/p>\n<ul style='padding-left: 20px; font-size: 15px; color: inherit; list-style-type: disc;'>\n<li style='margin-bottom: 5px;'><span style='font-family: Arial&comma;Helvetica&comma;sans-serif;'>Proteccion IP56 para exterior<\/span><\/li>\n<li style='margin-bottom: 5px;'><span style='font-family: Arial&comma;Helvetica&comma;sans-serif;'>Vidrio de protecci\u00f3n templado 5T (IK10)<\/span><\/li>\n<li style='margin-bottom: 5px;'><span style='font-family: Arial&comma;Helvetica&comma;sans-serif;'>Temperatura de operaci\u00f3n: -30 a 50 \u00b0C<\/span><\/li>\n<li style='margin-bottom: 5px;'><span style='font-family: Arial&comma;Helvetica&comma;sans-serif;'>Alimentaci\u00f3n: 100-240 Vca&comma; 430 W.<\/span><\/li>\n<li style='margin-bottom: 5px;'><span style='font-family: Arial&comma;Helvetica&comma;sans-serif;'>Compatible con VESA 995 x 500 mm.<\/span><\/li>\n<li style='margin-bottom: 5px;'><span style='font-family: Arial&comma;Helvetica&comma;sans-serif;'>Dimensiones: 1069 x 623.6 x 85 mm.<\/span><\/li>\n<li style='margin-bottom: 5px;'><span style='font-family: Arial&comma;Helvetica&comma;sans-serif;'>Dimensiones del paquete: 1156 x 713 x 200 mm.<\/span><\/li>\n<li style='margin-bottom: 5px;'><span style='font-family: Arial&comma;Helvetica&comma;sans-serif;'>Peso del equipo: 36 Kg.<\/span><\/li>\n<li style='margin-bottom: 5px;'><span style='font-family: Arial&comma;Helvetica&comma;sans-serif;'>Peso del Empaque: 40.5Kg<\/span><\/li>\n<li style='margin-bottom: 5px;'><span style='font-family: Arial&comma;Helvetica&comma;sans-serif;'>No incluye montajes<\/span><\/li>\n<\/ul><\/div>\n<\/p><\/div>\n<\/p><\/div>\n<p> <!-- Secci\u00f3n de im\u00e1genes --> <\/p>\n<div style='display: flex; flex-direction: column; gap: 20px; margin-bottom: 30px;'>\n<div style='text-align: center;'> <strong style='color: inherit;'>Excelente Brillo 3&comma;500 cd\/m2<\/strong> <img style='width: 100%; height: auto; border: 1px solid rgba(150&comma;150&comma;150&comma;0.3); border-radius: 8px; margin-top: 10px;' src='https:\/\/ftp3.syscom.mx\/usuarios\/fotos\/OH55F\/161306-ae-feature-ohf-93886990.jpeg' alt=''> <\/div>\n<div style='text-align: center;'> <img style='width: 100%; height: auto; border: 1px solid rgba(150&comma;150&comma;150&comma;0.3); border-radius: 8px;' src='https:\/\/ftp3.syscom.mx\/usuarios\/fotos\/OH55AS\/205504-oh55a_kv_pc.jpg' alt=''> <\/div>\n<div style='text-align: center;'> <strong style='color: inherit;'>Protecci\u00f3n IP56 e IK10 para exterior y Vidrio Templado<\/strong> <img style='width: 100%; height: auto; border: 1px solid rgba(150&comma;150&comma;150&comma;0.3); border-radius: 8px; margin-top: 10px;' src='https:\/\/ftp3.syscom.mx\/usuarios\/fotos\/OH55F\/161306-ae-feature-ohf-93886994.jpeg' alt=''> <\/div>\n<div style='text-align: center;'> <strong style='color: inherit;'>Excelente imagen con antirreflejo<\/strong> <img style='width: 100%; height: auto; border: 1px solid rgba(150&comma;150&comma;150&comma;0.3); border-radius: 8px; margin-top: 10px;' src='https:\/\/ftp3.syscom.mx\/usuarios\/fotos\/OH55F\/161306-ae-feature-ohf-93886992.jpeg' alt=''> <\/div>\n<\/p><\/div>\n<\/p><\/div>\n","protected":false},"excerpt":{"rendered":"<p>Pantalla Profesional LED 46&#8243; para Exterior con Vidrio Templado de Protecci\u00f3n 5T, Full HD (1080p), HDMI, Brillo 3500 cd\/m2. Compatible VESA 995 x 500mm<\/p>\n","protected":false},"featured_media":100733,"comment_status":"open","ping_status":"closed","template":"","meta":[],"product_brand":[],"product_cat":[2191],"product_tag":[2089,2192,2193],"class_list":{"0":"post-100734","1":"product","2":"type-product","3":"status-publish","4":"has-post-thumbnail","6":"product_cat-pantallas-monitores-monitores-pantallas-y-mobiliario","7":"product_tag-monitores-pantallas-y-mobiliario","8":"product_tag-pantallas-monitores-2","9":"product_tag-samsung-electronics","11":"first","12":"outofstock","13":"sale","14":"shipping-taxable","15":"purchasable","16":"product-type-simple"},"_links":{"self":[{"href":"https:\/\/soydeaqui.ddns.net\/pachuca\/index.php\/wp-json\/wp\/v2\/product\/100734","targetHints":{"allow":["GET"]}}],"collection":[{"href":"https:\/\/soydeaqui.ddns.net\/pachuca\/index.php\/wp-json\/wp\/v2\/product"}],"about":[{"href":"https:\/\/soydeaqui.ddns.net\/pachuca\/index.php\/wp-json\/wp\/v2\/types\/product"}],"replies":[{"embeddable":true,"href":"https:\/\/soydeaqui.ddns.net\/pachuca\/index.php\/wp-json\/wp\/v2\/comments?post=100734"}],"wp:featuredmedia":[{"embeddable":true,"href":"https:\/\/soydeaqui.ddns.net\/pachuca\/index.php\/wp-json\/wp\/v2\/media\/100733"}],"wp:attachment":[{"href":"https:\/\/soydeaqui.ddns.net\/pachuca\/index.php\/wp-json\/wp\/v2\/media?parent=100734"}],"wp:term":[{"taxonomy":"product_brand","embeddable":true,"href":"https:\/\/soydeaqui.ddns.net\/pachuca\/index.php\/wp-json\/wp\/v2\/product_brand?post=100734"},{"taxonomy":"product_cat","embeddable":true,"href":"https:\/\/soydeaqui.ddns.net\/pachuca\/index.php\/wp-json\/wp\/v2\/product_cat?post=100734"},{"taxonomy":"product_tag","embeddable":true,"href":"https:\/\/soydeaqui.ddns.net\/pachuca\/index.php\/wp-json\/wp\/v2\/product_tag?post=100734"}],"curies":[{"name":"wp","href":"https:\/\/api.w.org\/{rel}","templated":true}]}}