{"id":100698,"date":"2026-03-20T11:26:33","date_gmt":"2026-03-20T11:26:33","guid":{"rendered":"https:\/\/soydeaqui.ddns.net\/pachuca\/index.php\/producto\/camara-trinocular-de-5-mp-anpr-sensor-lidar-ip65-microsd-ideal-para-puntos-de-control\/"},"modified":"2026-03-20T11:26:35","modified_gmt":"2026-03-20T11:26:35","slug":"camara-trinocular-de-5-mp-anpr-sensor-lidar-ip65-microsd-ideal-para-puntos-de-control","status":"publish","type":"product","link":"https:\/\/soydeaqui.ddns.net\/pachuca\/index.php\/producto\/camara-trinocular-de-5-mp-anpr-sensor-lidar-ip65-microsd-ideal-para-puntos-de-control\/","title":{"rendered":"C\u00e1mara tr\u00ednocular de 5 MP\/ ANPR \/Sensor Lidar\/ IP65 \/ MicroSD\/ Ideal para puntos de control"},"content":{"rendered":"<div style='width: 100%; max-width: 1200px; margin: 0 auto; font-family: sans-serif; line-height: 1.6; color: inherit; background-color: transparent;'> <!-- Logo --> <\/p>\n<div style='display: flex; justify-content: center; align-items: center; margin: 20px 0;'> <img style='width: 100%; max-width: 45%; height: auto; border: 1px solid rgba(150&comma;150&comma;150&comma;0.3); border-radius: 8px;' src='https:\/\/ftp3.syscom.mx\/usuarios\/fotos\/HMTP2310VF\/WM30\/200759-logo-hikmicro.png' alt='Logo HikMicro'> <\/div>\n<p> <!-- Caracter\u00edsticas principales --> <\/p>\n<div style='display: flex; flex-wrap: wrap; gap: 30px; margin-bottom: 30px;'> <!-- Caracter\u00edsticas Generales --> <\/p>\n<div style='flex: 1 1 500px; min-width: 280px;'>\n<div style='border: 1px solid rgba(150&comma; 150&comma; 150&comma; 0.4); border-radius: 8px; overflow: hidden; display: flex; flex-direction: column;'>\n<div style='padding: 15px; background: #df001e; border-bottom: 1px solid #a80000; font-weight: bold; font-size: 18px; color: white;'>Caracter\u00edsticas del Producto:<\/div>\n<div style='padding: 15px; color: inherit;'>\n<ul style='padding-left: 20px; margin: 0; font-size: 14px; list-style-type: disc;'>\n<li style='margin-bottom: 10px;'><strong>Configuraci\u00f3n de C\u00e1maras:<\/strong> <br \/><strong>C\u00e1mara Central:<\/strong> 5MP (2688 \u00d7 1944)&comma; Sensor 1\/2.7&#8242; CMOS <br \/><strong>C\u00e1maras Laterales (Izq\/Der):<\/strong> 5MP (2944 \u00d7 1728)&comma; Sensor 1\/1.8&#8242; CMOS <br \/><strong>Tipo de Lentes:<\/strong> C\u00e1maras laterales con lentes motorizados zoom variable <br \/><strong>Iluminaci\u00f3n M\u00ednima:<\/strong> <br \/> &#8211; Central: Color 0.04Lux @ F2.2 <br \/> &#8211; Laterales: Color 0.0005Lux @ F1.6 (Muy baja luminosidad) <\/li>\n<li style='margin-bottom: 10px;'><strong>Especificaciones de Lentes:<\/strong> <br \/><strong>C\u00e1mara Central:<\/strong> 1.16mm&comma; FOV 164\u00b0 (Super Gran Angular) <br \/><strong>C\u00e1maras Laterales:<\/strong> 5mm&comma; FOV 89.2\u00b0\u00d750.9\u00b0 (\u00c1ngulo est\u00e1ndar) <\/li>\n<li style='margin-bottom: 10px;'><strong>Funciones :<\/strong> <br \/><strong>Reconocimiento de Ejes:<\/strong> N\u00famero total de ejes&comma; tipo de eje&comma; ejes flotantes <br \/><strong>Reconocimiento de Neum\u00e1ticos:<\/strong> N\u00famero total de neum\u00e1ticos <br \/><strong>Captura de Im\u00e1genes:<\/strong> Vista lateral completa de veh\u00edculos extra largos&comma; cabeza y cola del veh\u00edculo <br \/><strong>Reconocimiento de Placas (LPR):<\/strong> Compatible con m\u00faltiples pa\u00edses\/regiones <\/li>\n<li style='margin-bottom: 10px;'><strong>Precisi\u00f3n (condiciones recomendadas):<\/strong> <br \/><strong>Tasa de Captura:<\/strong> > 99% <br \/><strong>Precisi\u00f3n LPR:<\/strong> > 98% <br \/><strong>Tasa de Captura Err\u00f3nea:<\/strong> < 2% <\/li>\n<\/ul><\/div>\n<\/p><\/div>\n<\/p><\/div>\n<p> <!-- Ac\u00fastica y General --> <\/p>\n<div style='flex: 1 1 500px; min-width: 280px;'>\n<div style='border: 1px solid rgba(150&comma; 150&comma; 150&comma; 0.4); border-radius: 8px; overflow: hidden; display: flex; flex-direction: column;'>\n<div style='padding: 15px; background: #df001e; border-bottom: 1px solid #a80000; font-weight: bold; font-size: 18px; color: white;'>Caracter\u00edsticas Generales:<\/div>\n<div style='padding: 15px; color: inherit;'>\n<ul style='padding-left: 20px; margin: 0; font-size: 14px; list-style-type: disc;'>\n<li style='margin-bottom: 10px;'><strong>Iluminador Integrado:<\/strong> <br \/><strong>Tipo:<\/strong> Luz IR y Luz Blanca <br \/><strong>Alcance:<\/strong> Laterales hasta 20m&comma; Central hasta 4m <br \/><strong>Longitud de Onda IR:<\/strong> 850 nm <\/li>\n<li style='margin-bottom: 10px;'><strong>L\u00e1ser (Solo modelo HL):<\/strong> <br \/><strong>Longitud de Onda:<\/strong> 905nm <br \/><strong>Distancia de Detecci\u00f3n:<\/strong> 10m <br \/><strong>\u00c1ngulo de Detecci\u00f3n Vertical:<\/strong> 135\u00b0 <\/li>\n<li style='margin-bottom: 10px;'><strong>Video y Red:<\/strong> <br \/><strong>Compresi\u00f3n:<\/strong> H.264\/H.265\/MJPEG <br \/><strong>M\u00e1x. Usuarios Simult\u00e1neos:<\/strong> Hasta 6 canales <br \/><strong>Interfaz Ethernet:<\/strong> 2x RJ45 10\/100\/1000 Mbps <\/li>\n<li style='margin-bottom: 10px;'><strong>Interfaces:<\/strong> <br \/><strong>Almacenamiento:<\/strong> Ranura para SD\/SDHC\/SDXC (hasta 512 GB) <br \/><strong>Comunicaci\u00f3n:<\/strong> 1x RS-485&comma; 1x RS-232 <br \/><strong>Entradas de Alarma:<\/strong> 110 entradas <\/li>\n<li style='margin-bottom: 10px;'><strong>Procesamiento de Imagen:<\/strong> <br \/>WDR (Wide Dynamic Range)&comma; BLC&comma; HLC&comma; 3D DNR <br \/>Conmutaci\u00f3n D\u00eda\/Noche: D\u00eda&comma; Noche&comma; Auto&comma; Programable <\/li>\n<\/ul><\/div>\n<\/p><\/div>\n<\/p><\/div>\n<\/p><\/div>\n<p> <!-- Caracter\u00edsticas F\u00edsicas y El\u00e9ctricas --> <\/p>\n<div style='display: flex; flex-wrap: wrap; gap: 30px; margin-bottom: 30px;'>\n<div style='flex: 1 1 100%; min-width: 280px;'>\n<div style='border: 1px solid rgba(150&comma; 150&comma; 150&comma; 0.4); border-radius: 8px; overflow: hidden; display: flex; flex-direction: column;'>\n<div style='padding: 15px; background: #df001e; border-bottom: 1px solid #a80000; font-weight: bold; font-size: 18px; color: white;'>Caracter\u00edsticas F\u00edsicas y El\u00e9ctricas:<\/div>\n<div style='padding: 15px; color: inherit;'>\n<ul style='padding-left: 20px; margin: 0; font-size: 14px; list-style-type: disc;'>\n<li style='margin-bottom: 10px;'><strong>Alimentaci\u00f3n:<\/strong> AC 100 V to 240 V&comma; 2.0 A&comma; consumo m\u00e1ximo 60 W (terminal block 2 n\u00facleos) <br \/><strong>Sistema Operativo:<\/strong> Linux <br \/><strong>Material:<\/strong> SGCC <br \/><strong>Temperatura de Operaci\u00f3n:<\/strong> -30 \u00b0C to 70 \u00b0C (-22 \u00b0F to 158\u00b0F) \/ Humedad 5% to 95% (no condensaci\u00f3n) <br \/><strong>Nivel de Protecci\u00f3n:<\/strong> IP54 <\/li>\n<li style='margin-bottom: 10px;'><strong>Dimensiones y Peso:<\/strong> <br \/><strong>Modelo -HL:<\/strong> 1839.8 mm \u00d7 503.3 mm \u00d7 357.5 mm &#8211; Peso: ~25.65 kg <br \/><em>* Modelo HL incluye sistema l\u00e1ser<\/em> <\/li>\n<\/ul><\/div>\n<\/p><\/div>\n<\/p><\/div>\n<\/p><\/div>\n<p> <!-- Aplicaciones y Compatibilidad --> <\/p>\n<div style='display: flex; flex-wrap: wrap; gap: 30px; margin-bottom: 30px;'>\n<div style='flex: 1 1 100%; min-width: 280px;'>\n<div style='border: 1px solid rgba(150&comma; 150&comma; 150&comma; 0.4); border-radius: 8px; overflow: hidden; display: flex; flex-direction: column;'>\n<div style='padding: 15px; background: #df001e; border-bottom: 1px solid #a80000; font-weight: bold; font-size: 18px; color: white;'>Aplicaciones<\/div>\n<div style='padding: 15px; color: inherit;'>\n<ul style='padding-left: 20px; margin: 0; font-size: 14px; list-style-type: disc;'>\n<li style='margin-bottom: 10px;'><strong>Aplicaciones T\u00edpicas:<\/strong> <br \/>\u2022 Pesaje vehicular (B\u00e1sculas) <br \/>\u2022 Control de acceso por dimensiones y ejes <br \/>\u2022 Cobro de peajes por categor\u00eda vehicular <br \/>\u2022 Fiscalizaci\u00f3n de transporte de carga <br \/>\u2022 Monitoreo de puentes y l\u00edmites de peso <br \/>\u2022 Gesti\u00f3n de flotas y log\u00edstica <\/li>\n<\/ul><\/div>\n<\/p><\/div>\n<\/p><\/div>\n<\/p><\/div>\n<p> <!-- Banner final --> <\/p>\n<div style='display: flex; justify-content: center; align-items: center; margin: 30px 0;'> <img style='width: 100%; height: auto; border: 1px solid rgba(150&comma;150&comma;150&comma;0.3); border-radius: 8px;' src='https:\/\/ftp3.syscom.mx\/usuarios\/emendoza\/elesbanmch\/HikMicro\/HIKMICRO.png' alt='Banner final HikMicro'> <\/div>\n<\/p><\/div>\n","protected":false},"excerpt":{"rendered":"<p>C\u00e1mara tr\u00ednocular de 5 MP\/ ANPR \/Sensor Lidar\/ IP65 \/ MicroSD\/ Ideal para puntos de control<\/p>\n","protected":false},"featured_media":100697,"comment_status":"open","ping_status":"closed","template":"","meta":[],"product_brand":[],"product_cat":[438],"product_tag":[439,122,54],"class_list":{"0":"post-100698","1":"product","2":"type-product","3":"status-publish","4":"has-post-thumbnail","6":"product_cat-bala","7":"product_tag-bala","8":"product_tag-camaras-ip-y-nvrs","9":"product_tag-hikvision","11":"first","12":"outofstock","13":"sale","14":"shipping-taxable","15":"purchasable","16":"product-type-simple"},"_links":{"self":[{"href":"https:\/\/soydeaqui.ddns.net\/pachuca\/index.php\/wp-json\/wp\/v2\/product\/100698","targetHints":{"allow":["GET"]}}],"collection":[{"href":"https:\/\/soydeaqui.ddns.net\/pachuca\/index.php\/wp-json\/wp\/v2\/product"}],"about":[{"href":"https:\/\/soydeaqui.ddns.net\/pachuca\/index.php\/wp-json\/wp\/v2\/types\/product"}],"replies":[{"embeddable":true,"href":"https:\/\/soydeaqui.ddns.net\/pachuca\/index.php\/wp-json\/wp\/v2\/comments?post=100698"}],"wp:featuredmedia":[{"embeddable":true,"href":"https:\/\/soydeaqui.ddns.net\/pachuca\/index.php\/wp-json\/wp\/v2\/media\/100697"}],"wp:attachment":[{"href":"https:\/\/soydeaqui.ddns.net\/pachuca\/index.php\/wp-json\/wp\/v2\/media?parent=100698"}],"wp:term":[{"taxonomy":"product_brand","embeddable":true,"href":"https:\/\/soydeaqui.ddns.net\/pachuca\/index.php\/wp-json\/wp\/v2\/product_brand?post=100698"},{"taxonomy":"product_cat","embeddable":true,"href":"https:\/\/soydeaqui.ddns.net\/pachuca\/index.php\/wp-json\/wp\/v2\/product_cat?post=100698"},{"taxonomy":"product_tag","embeddable":true,"href":"https:\/\/soydeaqui.ddns.net\/pachuca\/index.php\/wp-json\/wp\/v2\/product_tag?post=100698"}],"curies":[{"name":"wp","href":"https:\/\/api.w.org\/{rel}","templated":true}]}}