{"id":100475,"date":"2026-03-20T11:15:36","date_gmt":"2026-03-20T11:15:36","guid":{"rendered":"https:\/\/soydeaqui.ddns.net\/pachuca\/index.php\/producto\/camara-de-imagen-acustica-64-microfonos-localizacion-de-fuente-de-sonido-alta-precision-frecuencia-ultra-amplia-deteccion-de-fuga-de-gas\/"},"modified":"2026-03-20T11:15:43","modified_gmt":"2026-03-20T11:15:43","slug":"camara-de-imagen-acustica-64-microfonos-localizacion-de-fuente-de-sonido-alta-precision-frecuencia-ultra-amplia-deteccion-de-fuga-de-gas","status":"publish","type":"product","link":"https:\/\/soydeaqui.ddns.net\/pachuca\/index.php\/producto\/camara-de-imagen-acustica-64-microfonos-localizacion-de-fuente-de-sonido-alta-precision-frecuencia-ultra-amplia-deteccion-de-fuga-de-gas\/","title":{"rendered":"C\u00e1mara de Imagen Ac\u00fastica \/ 64 Micr\u00f3fonos \/ Localizaci\u00f3n de Fuente de Sonido Alta Precisi\u00f3n \/ Frecuencia Ultra Amplia \/ Detecci\u00f3n de Fuga de Gas"},"content":{"rendered":"<div style='width: 100%; max-width: 1200px; margin: 0 auto; font-family: sans-serif; line-height: 1.6; color: inherit; background-color: transparent;'> <!-- Banner inicio --> <\/p>\n<div style='text-align: center; margin: 20px 0;'> <img style='width: 45%; height: auto; border: 1px solid rgba(150&comma;150&comma;150&comma;0.3); border-radius: 8px;' src='https:\/\/ftp3.syscom.mx\/usuarios\/jsosa\/HIKVISION\/imagenes\/logo\/hikvision%20see%20far.png' alt='Banner Hikvision'> <\/div>\n<p> <!-- Video YouTube --> <\/p>\n<div style='position: relative; padding-bottom: 56.25%; height: 0; overflow: hidden; margin: 30px 0;'>   <\/div>\n<p> <!-- Secci\u00f3n de caracter\u00edsticas --> <\/p>\n<div style='display: flex; flex-wrap: wrap; gap: 30px; margin-bottom: 30px;'>\n<div style='flex: 1 1 300px; min-width: 280px;'>\n<h3 style='font-size: 22px; border-bottom: 2px solid currentColor; padding-bottom: 5px; margin-top: 0; color: inherit; opacity: 0.8;'>Caracter\u00edsticas Generales:<\/h3>\n<ul style='padding-left: 20px; font-size: 15px; color: inherit;'>\n<li style='margin-bottom: 5px;'>Localizaci\u00f3n de fuente de sonido con precisi\u00f3n dentro de 1\u00b0<\/li>\n<li style='margin-bottom: 5px;'>C\u00e1mara con sensor CMOS de 1\/2.8&comma; 2 MP<\/li>\n<li style='margin-bottom: 5px;'>Resoluci\u00f3n m\u00e1xima de 1920 \u00d7 1080<\/li>\n<li style='margin-bottom: 5px;'>Iluminaci\u00f3n m\u00ednima 0.001 Lux con F1.0 y AGC activado<\/li>\n<li style='margin-bottom: 5px;'>Protecci\u00f3n IP67 para uso en exteriores e interiores<\/li>\n<li style='margin-bottom: 5px;'>Soporta m\u00faltiples modos de paleta ac\u00fastica<\/li>\n<\/ul><\/div>\n<div style='flex: 1 1 300px; min-width: 280px;'>\n<h3 style='font-size: 22px; border-bottom: 2px solid currentColor; padding-bottom: 5px; margin-top: 0; color: inherit; opacity: 0.8;'>Caracter\u00edsticas F\u00edsicas y El\u00e9ctricas:<\/h3>\n<ul style='padding-left: 20px; font-size: 15px; color: inherit;'>\n<li style='margin-bottom: 5px;'>Protecci\u00f3n IP67<\/li>\n<li style='margin-bottom: 5px;'>Alimentaci\u00f3n: 12 VDC o PoE<\/li>\n<li style='margin-bottom: 5px;'>Compatibilidad con tarjetas microSD de hasta 2 TB<\/li>\n<li style='margin-bottom: 5px;'>Conector Ethernet RJ45 de 10\/100\/1000 Mbps<\/li>\n<li style='margin-bottom: 5px;'>Soporta protocolos TCP\/IP&comma; HTTP&comma; HTTPS&comma; RTSP<\/li>\n<\/ul><\/div>\n<\/p><\/div>\n<p> <!-- Secci\u00f3n de cards con especificaciones --> <\/p>\n<div style='display: flex; flex-wrap: wrap; gap: 20px; margin-bottom: 30px;'>\n<div style='flex: 1 1 250px; border: 1px solid rgba(150&comma; 150&comma; 150&comma; 0.4); border-radius: 8px; overflow: hidden; display: flex; flex-direction: column;'>\n<div style='padding: 15px; border-bottom: 1px solid rgba(150&comma; 150&comma; 150&comma; 0.2); font-weight: bold; font-size: 18px; color: inherit;'>Caracter\u00edsticas destacadas:<\/div>\n<div style='padding: 15px; color: inherit;'>\n<ul style='padding-left: 20px; margin: 0; font-size: 14px; list-style-type: disc;'>\n<li style='margin-bottom: 5px;'>Dispositivo capaz de localizar fuentes de sonido con alta precisi\u00f3n y proporcionar im\u00e1genes visuales de posiciones de fuga de gas o descarga.<\/li>\n<li style='margin-bottom: 5px;'>Utiliza un sensor CMOS de 2 Megapixel para ofrecer im\u00e1genes en alta resoluci\u00f3n y funciona eficientemente en rangos de frecuencia desde 5 KHz hasta 72 KHz.<\/li>\n<li style='margin-bottom: 5px;'>Incorpora algoritmos de reconocimiento de tipo de descarga para diferenciar efectivamente entre descargas flotantes&comma; corona o superficiales.<\/li>\n<\/ul><\/div>\n<\/p><\/div>\n<\/p><\/div>\n<p> <!-- Banner final --> <\/p>\n<div style='margin: 40px 0;'> <img style='width: 100%; height: auto; border: 1px solid rgba(150&comma;150&comma;150&comma;0.3); border-radius: 8px;' src='https:\/\/ftp3.syscom.mx\/usuarios\/jsosa\/HIKVISION\/imagenes\/banners\/solution%20complete.png' alt='Banner final'> <\/div>\n<p> <!-- Separador --> <\/p>\n<hr style='border: 0; border-top: 1px solid rgba(150&comma; 150&comma; 150&comma; 0.3); margin: 30px 0;'> <\/div>\n","protected":false},"excerpt":{"rendered":"<p>C\u00e1mara de Imagen Ac\u00fastica \/ 64 Micr\u00f3fonos \/ Localizaci\u00f3n de Fuente de Sonido Alta Precisi\u00f3n \/ Frecuencia Ultra Amplia \/ Detecci\u00f3n de Fuga de Gas<\/p>\n","protected":false},"featured_media":100474,"comment_status":"open","ping_status":"closed","template":"","meta":[],"product_brand":[],"product_cat":[1049],"product_tag":[122,54,1050],"class_list":{"0":"post-100475","1":"product","2":"type-product","3":"status-publish","4":"has-post-thumbnail","6":"product_cat-termicas","7":"product_tag-camaras-ip-y-nvrs","8":"product_tag-hikvision","9":"product_tag-termicas","11":"first","12":"instock","13":"sale","14":"shipping-taxable","15":"purchasable","16":"product-type-simple"},"_links":{"self":[{"href":"https:\/\/soydeaqui.ddns.net\/pachuca\/index.php\/wp-json\/wp\/v2\/product\/100475","targetHints":{"allow":["GET"]}}],"collection":[{"href":"https:\/\/soydeaqui.ddns.net\/pachuca\/index.php\/wp-json\/wp\/v2\/product"}],"about":[{"href":"https:\/\/soydeaqui.ddns.net\/pachuca\/index.php\/wp-json\/wp\/v2\/types\/product"}],"replies":[{"embeddable":true,"href":"https:\/\/soydeaqui.ddns.net\/pachuca\/index.php\/wp-json\/wp\/v2\/comments?post=100475"}],"wp:featuredmedia":[{"embeddable":true,"href":"https:\/\/soydeaqui.ddns.net\/pachuca\/index.php\/wp-json\/wp\/v2\/media\/100474"}],"wp:attachment":[{"href":"https:\/\/soydeaqui.ddns.net\/pachuca\/index.php\/wp-json\/wp\/v2\/media?parent=100475"}],"wp:term":[{"taxonomy":"product_brand","embeddable":true,"href":"https:\/\/soydeaqui.ddns.net\/pachuca\/index.php\/wp-json\/wp\/v2\/product_brand?post=100475"},{"taxonomy":"product_cat","embeddable":true,"href":"https:\/\/soydeaqui.ddns.net\/pachuca\/index.php\/wp-json\/wp\/v2\/product_cat?post=100475"},{"taxonomy":"product_tag","embeddable":true,"href":"https:\/\/soydeaqui.ddns.net\/pachuca\/index.php\/wp-json\/wp\/v2\/product_tag?post=100475"}],"curies":[{"name":"wp","href":"https:\/\/api.w.org\/{rel}","templated":true}]}}