{"id":100435,"date":"2026-03-20T11:13:33","date_gmt":"2026-03-20T11:13:33","guid":{"rendered":"https:\/\/soydeaqui.ddns.net\/pachuca\/index.php\/producto\/television-para-negocios-de-98-resolucion-uhd-4k-3840x2160p-tizen-entradas-de-video-hdmi-bocinas-integradas-wifi-5-earc\/"},"modified":"2026-03-20T11:13:40","modified_gmt":"2026-03-20T11:13:40","slug":"television-para-negocios-de-98-resolucion-uhd-4k-3840x2160p-tizen-entradas-de-video-hdmi-bocinas-integradas-wifi-5-earc","status":"publish","type":"product","link":"https:\/\/soydeaqui.ddns.net\/pachuca\/index.php\/producto\/television-para-negocios-de-98-resolucion-uhd-4k-3840x2160p-tizen-entradas-de-video-hdmi-bocinas-integradas-wifi-5-earc\/","title":{"rendered":"Television para negocios de 98&#8243; \/ Resolucion UHD 4K (3840x2160p) \/ Tizen \/ Entradas de Video HDMI \/ Bocinas Integradas \/ WIFI 5 \/ eARC."},"content":{"rendered":"<div style='width: 100%; max-width: 1200px; margin: 0 auto; font-family: sans-serif; line-height: 1.6; color: inherit; background-color: transparent;'> <!-- T\u00edtulo principal --> <\/p>\n<div style='text-align: center; margin-bottom: 30px;'>\n<h2 style='font-size: 32px; margin: 0; color: inherit; font-weight: bold;'>Televisor de gran tama\u00f1o para negocios<\/h2>\n<\/p><\/div>\n<p> <!-- Secci\u00f3n de im\u00e1genes y descripciones --> <\/p>\n<div style='display: flex; flex-direction: column; gap: 20px; margin-bottom: 30px;'> <!-- Imagen 1 --> <\/p>\n<div style='display: flex; flex-direction: column; align-items: center; gap: 15px;'> <img style='width: 100%; height: auto; border: 1px solid rgba(150&comma;150&comma;150&comma;0.3); border-radius: 8px; max-width: 900px;' src='https:\/\/images.samsung.com\/is\/image\/samsung\/p6pim\/latin\/feature\/null\/latin-feature-a-supersized-tv-built-for-your-business-544941695?$FB_TYPE_A_JPG$' alt=''> <\/p>\n<p style='font-size: 24px; margin: 0; color: inherit; font-weight: bold; text-align: center;'>Dise\u00f1o delgado para maximizar espacios.<\/p>\n<\/p><\/div>\n<p> <!-- Imagen 2 --> <\/p>\n<div style='display: flex; flex-direction: column; align-items: center; gap: 15px;'> <img style='width: 100%; height: auto; border: 1px solid rgba(150&comma;150&comma;150&comma;0.3); border-radius: 8px; max-width: 900px;' src='https:\/\/images.samsung.com\/is\/image\/samsung\/p6pim\/mx\/feature\/165408029\/mx-feature-sleek-design-that-maximizes-space-542309843?$FB_TYPE_A_JPG$' alt=''> <\/div>\n<p> <!-- Imagen 3 --> <\/p>\n<div style='display: flex; flex-direction: column; align-items: center; gap: 15px;'>\n<p style='font-size: 24px; margin: 0; color: inherit; font-weight: bold; text-align: center;'>Mejor contraste con HDR<\/p>\n<p> <img style='width: 100%; height: auto; border: 1px solid rgba(150&comma;150&comma;150&comma;0.3); border-radius: 8px; max-width: 900px;' src='https:\/\/images.samsung.com\/is\/image\/samsung\/p6pim\/mx\/feature\/165408030\/mx-feature-better-contrast-with-rich-darks-and-bright-lights-542309847?$FB_TYPE_A_JPG$' alt=''> <\/div>\n<\/p><\/div>\n<p> <!-- Secci\u00f3n de caracter\u00edsticas --> <\/p>\n<div style='display: flex; flex-wrap: wrap; gap: 30px; margin-bottom: 30px;'>\n<div style='flex: 1 1 300px; min-width: 280px;'>\n<h3 style='font-size: 22px; border-bottom: 2px solid currentColor; padding-bottom: 5px; margin-top: 0; color: inherit; opacity: 0.8;'>Caracter\u00edsticas principales<\/h3>\n<ul style='padding-left: 20px; font-size: 15px; color: inherit;'>\n<li style='margin-bottom: 5px;'><strong>Tama\u00f1o diagonal:<\/strong> 98&#8242;<\/li>\n<li style='margin-bottom: 5px;'><strong>Resoluci\u00f3n:<\/strong> 4K (3840 x 2160p)<\/li>\n<li style='margin-bottom: 5px;'><strong>Relaci\u00f3n de aspecto:<\/strong> 16:9<\/li>\n<li style='margin-bottom: 5px;'><strong>Brillo:<\/strong> 250 nit<\/li>\n<li style='margin-bottom: 5px;'><strong>Bocinas integradas:<\/strong> S\u00ed<\/li>\n<li style='margin-bottom: 5px;'><strong>Potencia de salida de audio:<\/strong> 20W<\/li>\n<li style='margin-bottom: 5px;'><strong>Audio Bluetooth:<\/strong> Soportado<\/li>\n<li style='margin-bottom: 5px;'><strong>Operaci\u00f3n:<\/strong> 16\/7<\/li>\n<\/ul><\/div>\n<div style='flex: 1 1 300px; min-width: 280px;'>\n<h3 style='font-size: 22px; border-bottom: 2px solid currentColor; padding-bottom: 5px; margin-top: 0; color: inherit; opacity: 0.8;'>Conectividad<\/h3>\n<ul style='padding-left: 20px; font-size: 15px; color: inherit;'>\n<li style='margin-bottom: 5px;'><strong>Sintonizador de TV RF IN:<\/strong> S\u00ed<\/li>\n<li style='margin-bottom: 5px;'><strong>Entradas HDMI:<\/strong> 3<\/li>\n<li style='margin-bottom: 5px;'><strong>Wi-Fi:<\/strong> 5<\/li>\n<li style='margin-bottom: 5px;'><strong>Puerto USB-A:<\/strong> 1<\/li>\n<li style='margin-bottom: 5px;'><strong>Audio Bluetooth:<\/strong> S\u00ed<\/li>\n<li style='margin-bottom: 5px;'><strong>Puerto LAN:<\/strong> RJ45 10\/100 Mbps<\/li>\n<\/ul>\n<h4 style='font-size: 18px; margin-top: 20px; margin-bottom: 10px; color: inherit;'><strong>Accesorios recomendados<\/strong><\/h4>\n<ul style='padding-left: 20px; font-size: 15px; color: inherit;'>\n<li style='margin-bottom: 5px;'><a href='https:\/\/www.syscom.mx\/producto\/SP5-NB-EPCOM-220768.html' style='color: inherit; text-decoration: underline;'>Montaje de pared telesc\u00f3pico SP5-NB<\/a><\/li>\n<li style='margin-bottom: 5px;'><a href='https:\/\/www.syscom.mx\/producto\/AVA1800-70-1PNB-EPCOM-228570.html' style='color: inherit; text-decoration: underline;'>Montaje de piso m\u00f3vil AVA1800-70-1PNB<\/a><\/li>\n<li style='margin-bottom: 5px;'><a href='https:\/\/www.syscom.mx\/principal\/searchcont?route=DS-D5ABKY2-M-HIKVISION-232555&#038;autodetect=DS-D5ABKY2-M' style='color: inherit; text-decoration: underline;'>Montaje de piso m\u00f3vil DS-D5ABKY2-M<\/a><\/li>\n<\/ul><\/div>\n<div style='flex: 1 1 300px; min-width: 280px;'>\n<h3 style='font-size: 22px; border-bottom: 2px solid currentColor; padding-bottom: 5px; margin-top: 0; color: inherit; opacity: 0.8;'>Caracter\u00edsticas f\u00edsicas y el\u00e9ctricas<\/h3>\n<ul style='padding-left: 20px; font-size: 15px; color: inherit;'>\n<li style='margin-bottom: 5px;'><strong>Temperatura de operaci\u00f3n:<\/strong> 0 a 40 \u00b0C<\/li>\n<li style='margin-bottom: 5px;'><strong>Alimentaci\u00f3n:<\/strong> 100-240 Vca&comma; 495 W<\/li>\n<li style='margin-bottom: 5px;'><strong>Dimensiones del equipo:<\/strong> 2181.1 x 1244.1 x 63.5 mm<\/li>\n<li style='margin-bottom: 5px;'><strong>Dimensiones del paquete:<\/strong> 2369 x 1404 x 275 mm<\/li>\n<li style='margin-bottom: 5px;'><strong>Peso del equipo:<\/strong> 51.8 Kg<\/li>\n<li style='margin-bottom: 5px;'><strong>Peso del paquete:<\/strong> 76.0 Kg<\/li>\n<li style='margin-bottom: 5px;'><strong>Incluye:<\/strong> No incluye montajes de pared<\/li>\n<\/ul>\n<div style='margin-top: 25px;'>\n<p style='font-weight: bold; font-size: 16px; margin: 5px 0; color: inherit;'>3 A\u00f1os de garant\u00eda con fabricante<\/p>\n<p style='font-weight: bold; font-size: 16px; margin: 5px 0; color: inherit;'> Informaci\u00f3n de soporte y garant\u00eda: <a href='https:\/\/www.samsung.com\/mx\/support\/warranty\/' style='color: inherit; text-decoration: underline; font-weight: bold;'>GARANTIA<\/a> <\/p>\n<\/p><\/div>\n<\/p><\/div>\n<\/p><\/div>\n<p> <!-- Separador --> <\/p>\n<hr style='border: 0; border-top: 1px solid rgba(150&comma; 150&comma; 150&comma; 0.3); margin: 30px 0;'> <\/div>\n","protected":false},"excerpt":{"rendered":"<p>Television para negocios de 98&#8243; \/ Resolucion UHD 4K (3840x2160p) \/ Tizen \/ Entradas de Video HDMI \/ Bocinas Integradas \/ WIFI 5 \/ eARC.<\/p>\n","protected":false},"featured_media":100434,"comment_status":"open","ping_status":"closed","template":"","meta":[],"product_brand":[],"product_cat":[2191],"product_tag":[2089,2192,2193],"class_list":{"0":"post-100435","1":"product","2":"type-product","3":"status-publish","4":"has-post-thumbnail","6":"product_cat-pantallas-monitores-monitores-pantallas-y-mobiliario","7":"product_tag-monitores-pantallas-y-mobiliario","8":"product_tag-pantallas-monitores-2","9":"product_tag-samsung-electronics","11":"first","12":"instock","13":"sale","14":"shipping-taxable","15":"purchasable","16":"product-type-simple"},"_links":{"self":[{"href":"https:\/\/soydeaqui.ddns.net\/pachuca\/index.php\/wp-json\/wp\/v2\/product\/100435","targetHints":{"allow":["GET"]}}],"collection":[{"href":"https:\/\/soydeaqui.ddns.net\/pachuca\/index.php\/wp-json\/wp\/v2\/product"}],"about":[{"href":"https:\/\/soydeaqui.ddns.net\/pachuca\/index.php\/wp-json\/wp\/v2\/types\/product"}],"replies":[{"embeddable":true,"href":"https:\/\/soydeaqui.ddns.net\/pachuca\/index.php\/wp-json\/wp\/v2\/comments?post=100435"}],"wp:featuredmedia":[{"embeddable":true,"href":"https:\/\/soydeaqui.ddns.net\/pachuca\/index.php\/wp-json\/wp\/v2\/media\/100434"}],"wp:attachment":[{"href":"https:\/\/soydeaqui.ddns.net\/pachuca\/index.php\/wp-json\/wp\/v2\/media?parent=100435"}],"wp:term":[{"taxonomy":"product_brand","embeddable":true,"href":"https:\/\/soydeaqui.ddns.net\/pachuca\/index.php\/wp-json\/wp\/v2\/product_brand?post=100435"},{"taxonomy":"product_cat","embeddable":true,"href":"https:\/\/soydeaqui.ddns.net\/pachuca\/index.php\/wp-json\/wp\/v2\/product_cat?post=100435"},{"taxonomy":"product_tag","embeddable":true,"href":"https:\/\/soydeaqui.ddns.net\/pachuca\/index.php\/wp-json\/wp\/v2\/product_tag?post=100435"}],"curies":[{"name":"wp","href":"https:\/\/api.w.org\/{rel}","templated":true}]}}