{"id":100389,"date":"2026-03-20T11:11:27","date_gmt":"2026-03-20T11:11:27","guid":{"rendered":"https:\/\/soydeaqui.ddns.net\/pachuca\/index.php\/producto\/bala-ip-termica-dual-termico-9-7-mm-384-x-288-optico-4-mm-4-mp-termometrica-deteccion-de-temperatura-ip68-30-mts-ir-antiexplosion-anticorrosion\/"},"modified":"2026-03-20T11:11:28","modified_gmt":"2026-03-20T11:11:28","slug":"bala-ip-termica-dual-termico-9-7-mm-384-x-288-optico-4-mm-4-mp-termometrica-deteccion-de-temperatura-ip68-30-mts-ir-antiexplosion-anticorrosion","status":"publish","type":"product","link":"https:\/\/soydeaqui.ddns.net\/pachuca\/index.php\/producto\/bala-ip-termica-dual-termico-9-7-mm-384-x-288-optico-4-mm-4-mp-termometrica-deteccion-de-temperatura-ip68-30-mts-ir-antiexplosion-anticorrosion\/","title":{"rendered":"Bala IP T\u00e9rmica Dual \/ Termico 9.7 mm (384 X 288) + \u00d3ptico 4 mm (4 MP) \/ Termom\u00e9trica \/ Detecci\u00f3n de Temperatura \/ IP68 \/ 30 mts IR \/ Antiexplosi\u00f3n \/ Anticorrosi\u00f3n"},"content":{"rendered":"<div style='width: 100%; max-width: 1200px; margin: 0 auto; font-family: sans-serif; line-height: 1.6; color: inherit; background-color: transparent;'>\n<p style='text-align: center; margin: 20px 0;'><img style='width: 100%; max-width: 450px; height: auto; border: 1px solid rgba(150&comma;150&comma;150&comma;0.3); border-radius: 8px;' src='https:\/\/ftp3.syscom.mx\/usuarios\/jsosa\/HIKVISION\/imagenes\/logo\/hikvision%20see%20far.png' alt='Logo Hikvision'><\/p>\n<div style='display: flex; flex-wrap: wrap; gap: 30px; margin: 30px 0;'>\n<div style='flex: 1 1 300px; min-width: 280px;'>\n<div style='position: relative; padding-bottom: 56.25%; height: 0; overflow: hidden;'>   <\/div>\n<\/p><\/div>\n<div style='flex: 1 1 300px; min-width: 280px;'>\n<div style='position: relative; padding-bottom: 56.25%; height: 0; overflow: hidden;'>   <\/div>\n<\/p><\/div>\n<\/p><\/div>\n<div style='display: flex; flex-wrap: wrap; gap: 30px; margin: 30px 0;'>\n<div style='flex: 1 1 300px; min-width: 280px;'>\n<div style='border-left: 5px solid #ff0000; border-radius: 8px; padding: 15px; box-shadow: 2px 2px 10px rgba(216&comma; 216&comma; 216&comma; 0.4);'>\n<h3 style='font-size: 18px; margin-top: 0; margin-bottom: 15px; color: inherit; font-family: sans-serif;'><strong>Caracter\u00edsticas de la c\u00e1mara t\u00e9rmica:<\/strong><\/h3>\n<ul style='padding-left: 20px; font-size: 15px; color: inherit; list-style-type: disc;'>\n<li style='margin-bottom: 8px;'><span style='font-family: sans-serif;'>Lente fijo: 9.7 mm.<\/span><\/li>\n<li style='margin-bottom: 8px;'><span style='font-family: sans-serif;'>Resoluci\u00f3n: 384 X 288.<\/span><\/li>\n<li style='margin-bottom: 8px;'><span style='font-family: sans-serif;'>Sensor de imagen: oxido de vanadio&comma; detector de plano focal no refrigerado.<\/span><\/li>\n<li style='margin-bottom: 8px;'><span style='font-family: sans-serif;'>Identificaci\u00f3n de personas: 36 mts aproximado.<\/span><\/li>\n<li style='margin-bottom: 8px;'><span style='font-family: sans-serif;'>Identificaci\u00f3n de veh\u00edculos: 109 mts aproximado.<\/span><\/li>\n<\/ul>\n<h4 style='font-size: 16px; margin-top: 20px; margin-bottom: 10px; color: inherit; font-family: sans-serif;'><strong>Funciones avanzadas:<\/strong><\/h4>\n<ul style='padding-left: 20px; font-size: 15px; color: inherit; list-style-type: disc;'>\n<li style='margin-bottom: 8px;'><span style='font-family: sans-serif;'>4 Videoanaliticos integrados (Cruce de linea&comma; Intrusi\u00f3n de \u00e1rea&comma; Regi\u00f3n de entrada \/ Regi\u00f3n de salida).<\/span><\/li>\n<li style='margin-bottom: 8px;'><span style='font-family: sans-serif;'>Rango de temperatura: -20\u00baC a 150\u00baC (-4\u00baF a 302\u00baF).<\/span><\/li>\n<li style='margin-bottom: 8px;'><span style='font-family: sans-serif;'>Eficiencia de rango: 2\u00baC.<\/span><\/li>\n<li style='margin-bottom: 8px;'><span style='font-family: sans-serif;'>Detecci\u00f3n de fuego: Detecci\u00f3n din\u00e1mico de incendio&comma; hasta 10 puntos de incendio detectables.<\/span><\/li>\n<li style='margin-bottom: 8px;'><span style='font-family: sans-serif;'>Muestra la temperatura del escenario a visualizar.<\/span><\/li>\n<\/ul><\/div>\n<\/p><\/div>\n<div style='flex: 1 1 300px; min-width: 280px;'>\n<div style='border-left: 5px solid #ff0000; border-radius: 8px; padding: 15px; box-shadow: 2px 2px 10px rgba(216&comma; 216&comma; 216&comma; 0.4);'>\n<h3 style='font-size: 18px; margin-top: 0; margin-bottom: 15px; color: inherit; font-family: sans-serif;'><strong>Caracter\u00edsticas F\u00edsicas y El\u00e9ctricas:<\/strong><\/h3>\n<ul style='padding-left: 20px; font-size: 15px; color: inherit; list-style-type: disc;'>\n<li style='margin-bottom: 8px;'><span style='font-family: sans-serif;'>Alimentaci\u00f3n: 24 Vca \/ 12 Vcc \/ PoE+ (802.3 at) \/ 24 watts.<\/span><\/li>\n<li style='margin-bottom: 8px;'><span style='font-family: sans-serif;'>Temperatura de operaci\u00f3n: -40\u00baC a 65\u00baC.<\/span><\/li>\n<li style='margin-bottom: 8px;'><span style='font-family: sans-serif;'>Dimensiones: 310 X 25 X 263 mm.<\/span><\/li>\n<li style='margin-bottom: 8px;'><span style='font-family: sans-serif;'>Protecci\u00f3n: IP68.<\/span><\/li>\n<li style='margin-bottom: 8px;'><span style='font-family: sans-serif;'>Fabricado en material de acero inoxidable (316L) para cumplir con la norma antiexplosi\u00f3n.<\/span><\/li>\n<li style='margin-bottom: 8px;'><span style='font-family: sans-serif;'>Peso: 19.11 Kg.<\/span><\/li>\n<li style='margin-bottom: 8px;'><span style='font-family: sans-serif;'>Incluye brazo de pared (DS-1707ZJ-Y).<\/span><\/li>\n<\/ul><\/div>\n<\/p><\/div>\n<div style='flex: 1 1 300px; min-width: 280px;'>\n<div style='border-left: 5px solid #ff0000; border-radius: 8px; padding: 15px; box-shadow: 2px 2px 10px rgba(216&comma; 216&comma; 216&comma; 0.4);'>\n<h3 style='font-size: 18px; margin-top: 0; margin-bottom: 15px; color: inherit; font-family: sans-serif;'><strong>Imagen y compresi\u00f3n:<\/strong><\/h3>\n<ul style='padding-left: 20px; font-size: 15px; color: inherit; list-style-type: disc;'>\n<li style='margin-bottom: 8px;'><span style='font-family: sans-serif;'>Imagen t\u00e9rmica: 50 fps (1280 X 720 \/ 704 X 576 \/ 640 \u00d7 512 \/ 352 X 288).<\/span><\/li>\n<li style='margin-bottom: 8px;'><span style='font-family: sans-serif;'>Compresi\u00f3n: H.265+ \/ H.265 \/ H.264+ \/ H.264.<\/span><\/li>\n<li style='margin-bottom: 8px;'><span style='font-family: sans-serif;'>Soporta hasta 20 usuarios simult\u00e1neos.<\/span><\/li>\n<\/ul>\n<h4 style='font-size: 16px; margin-top: 20px; margin-bottom: 10px; color: inherit; font-family: sans-serif;'><strong>Integraci\u00f3n:<\/strong><\/h4>\n<ul style='padding-left: 20px; font-size: 15px; color: inherit; list-style-type: disc;'>\n<li style='margin-bottom: 8px;'><span style='font-family: sans-serif;'>2 entradas de alarma (0 &#8211; 5 Vcc).<\/span><\/li>\n<li style='margin-bottom: 8px;'><span style='font-family: sans-serif;'>2 salidas de alarma.<\/span><\/li>\n<li style='margin-bottom: 8px;'><span style='font-family: sans-serif;'>1 entrada de audio.<\/span><\/li>\n<li style='margin-bottom: 8px;'><span style='font-family: sans-serif;'>1 salidas de audio.<\/span><\/li>\n<li style='margin-bottom: 8px;'><span style='font-family: sans-serif;'>1 puerto de red (10 \/ 100 Mbps).<\/span><\/li>\n<li style='margin-bottom: 8px;'><span style='font-family: sans-serif;'>Soporta salida de video anal\u00f3gica \/ 75 \u03a9.<\/span><\/li>\n<\/ul><\/div>\n<\/p><\/div>\n<\/p><\/div>\n<div style='margin: 30px 0;'> <img style='width: 100%; height: auto; border: 1px solid rgba(150&comma;150&comma;150&comma;0.3); border-radius: 8px;' src='https:\/\/ftp3.syscom.mx\/usuarios\/jsosa\/banners\/solucion-termica.jpg' alt='Soluci\u00f3n t\u00e9rmica'> <\/div>\n<\/p><\/div>\n","protected":false},"excerpt":{"rendered":"<p>Bala IP T\u00e9rmica Dual \/ Termico 9.7 mm (384 X 288) + \u00d3ptico 4 mm (4 MP) \/ Termom\u00e9trica \/ Detecci\u00f3n de Temperatura \/ IP68 \/ 30 mts IR \/ Antiexplosi\u00f3n \/ Anticorrosi\u00f3n<\/p>\n","protected":false},"featured_media":100388,"comment_status":"open","ping_status":"closed","template":"","meta":[],"product_brand":[],"product_cat":[1049],"product_tag":[122,54,1050],"class_list":{"0":"post-100389","1":"product","2":"type-product","3":"status-publish","4":"has-post-thumbnail","6":"product_cat-termicas","7":"product_tag-camaras-ip-y-nvrs","8":"product_tag-hikvision","9":"product_tag-termicas","11":"first","12":"outofstock","13":"sale","14":"shipping-taxable","15":"purchasable","16":"product-type-simple"},"_links":{"self":[{"href":"https:\/\/soydeaqui.ddns.net\/pachuca\/index.php\/wp-json\/wp\/v2\/product\/100389","targetHints":{"allow":["GET"]}}],"collection":[{"href":"https:\/\/soydeaqui.ddns.net\/pachuca\/index.php\/wp-json\/wp\/v2\/product"}],"about":[{"href":"https:\/\/soydeaqui.ddns.net\/pachuca\/index.php\/wp-json\/wp\/v2\/types\/product"}],"replies":[{"embeddable":true,"href":"https:\/\/soydeaqui.ddns.net\/pachuca\/index.php\/wp-json\/wp\/v2\/comments?post=100389"}],"wp:featuredmedia":[{"embeddable":true,"href":"https:\/\/soydeaqui.ddns.net\/pachuca\/index.php\/wp-json\/wp\/v2\/media\/100388"}],"wp:attachment":[{"href":"https:\/\/soydeaqui.ddns.net\/pachuca\/index.php\/wp-json\/wp\/v2\/media?parent=100389"}],"wp:term":[{"taxonomy":"product_brand","embeddable":true,"href":"https:\/\/soydeaqui.ddns.net\/pachuca\/index.php\/wp-json\/wp\/v2\/product_brand?post=100389"},{"taxonomy":"product_cat","embeddable":true,"href":"https:\/\/soydeaqui.ddns.net\/pachuca\/index.php\/wp-json\/wp\/v2\/product_cat?post=100389"},{"taxonomy":"product_tag","embeddable":true,"href":"https:\/\/soydeaqui.ddns.net\/pachuca\/index.php\/wp-json\/wp\/v2\/product_tag?post=100389"}],"curies":[{"name":"wp","href":"https:\/\/api.w.org\/{rel}","templated":true}]}}